{"id":22741,"date":"2025-01-06T16:34:33","date_gmt":"2025-01-06T13:34:33","guid":{"rendered":"https:\/\/www.makitamarket.com.tr\/site\/urun\/makita-plm4620n2-benzinli-cim-bicme-makinasi\/"},"modified":"2025-07-11T18:51:01","modified_gmt":"2025-07-11T15:51:01","slug":"makita-plm4620n2-benzinli-cim-bicme-makinasi","status":"publish","type":"product","link":"https:\/\/www.makitamarket.com.tr\/site\/urun\/makita-plm4620n2-benzinli-cim-bicme-makinasi\/","title":{"rendered":"Makita PLM4620N2 BENZ\u0130NL\u0130 \u00c7\u0130M B\u0130\u00c7ME MAK\u0130NASI"},"content":{"rendered":"<table>\n<tr>\n<td>\u015ease<\/td>\n<td>\u00c7elik<\/td>\n<\/tr>\n<tr>\n<td>Motor tipi<\/td>\n<td>B&#038;S 625E R\/S, 150mL<\/td>\n<\/tr>\n<tr>\n<td>Kesme Geni\u015fli\u011fi<\/td>\n<td>46cm<\/td>\n<\/tr>\n<tr>\n<td>Y\u00fckseklik Ayar\u0131<\/td>\n<td>5 Kademe 25\/31\/43\/56\/70mm<\/td>\n<\/tr>\n<tr>\n<td>\u00c7im Haznesi<\/td>\n<td>60lt Plastik+kanvas<\/td>\n<\/tr>\n<tr>\n<td>Kullan\u0131labilir Alan<\/td>\n<td>1200m2<\/td>\n<\/tr>\n<tr>\n<td>A\u011f\u0131rl\u0131k<\/td>\n<td>27.6 kg<\/td>\n<\/tr>\n<tr>\n<td>\u00d6l\u00e7\u00fcler (LxWxH)<\/td>\n<td>800x540x400mm<\/td>\n<\/tr>\n<\/table>\n","protected":false},"excerpt":{"rendered":"<p>\u015ease \u00c7elik Motor tipi B&#038;S 625E R\/S, 150mL Kesme Geni\u015fli\u011fi 46cm Y\u00fckseklik Ayar\u0131 5 Kademe 25\/31\/43\/56\/70mm \u00c7im Haznesi 60lt Plastik+kanvas Kullan\u0131labilir Alan 1200m2 A\u011f\u0131rl\u0131k 27.6 kg \u00d6l\u00e7\u00fcler (LxWxH) 800x540x400mm<\/p>\n","protected":false},"featured_media":8708,"comment_status":"open","ping_status":"closed","template":"","meta":{"_acf_changed":false},"product_brand":[],"product_cat":[838],"product_tag":[],"class_list":{"0":"post-22741","1":"product","2":"type-product","3":"status-publish","4":"has-post-thumbnail","6":"product_cat-benzinli-cim-bicme-makinalari","8":"first","9":"outofstock","10":"taxable","11":"shipping-taxable","12":"purchasable","13":"product-type-simple","14":"add-to-wishlist-after_add_to_cart"},"acf":[],"_links":{"self":[{"href":"https:\/\/www.makitamarket.com.tr\/site\/wp-json\/wp\/v2\/product\/22741","targetHints":{"allow":["GET"]}}],"collection":[{"href":"https:\/\/www.makitamarket.com.tr\/site\/wp-json\/wp\/v2\/product"}],"about":[{"href":"https:\/\/www.makitamarket.com.tr\/site\/wp-json\/wp\/v2\/types\/product"}],"replies":[{"embeddable":true,"href":"https:\/\/www.makitamarket.com.tr\/site\/wp-json\/wp\/v2\/comments?post=22741"}],"wp:featuredmedia":[{"embeddable":true,"href":"https:\/\/www.makitamarket.com.tr\/site\/wp-json\/wp\/v2\/media\/8708"}],"wp:attachment":[{"href":"https:\/\/www.makitamarket.com.tr\/site\/wp-json\/wp\/v2\/media?parent=22741"}],"wp:term":[{"taxonomy":"product_brand","embeddable":true,"href":"https:\/\/www.makitamarket.com.tr\/site\/wp-json\/wp\/v2\/product_brand?post=22741"},{"taxonomy":"product_cat","embeddable":true,"href":"https:\/\/www.makitamarket.com.tr\/site\/wp-json\/wp\/v2\/product_cat?post=22741"},{"taxonomy":"product_tag","embeddable":true,"href":"https:\/\/www.makitamarket.com.tr\/site\/wp-json\/wp\/v2\/product_tag?post=22741"}],"curies":[{"name":"wp","href":"https:\/\/api.w.org\/{rel}","templated":true}]}}