{"id":22773,"date":"2025-01-06T16:34:48","date_gmt":"2025-01-06T13:34:48","guid":{"rendered":"https:\/\/www.makitamarket.com.tr\/site\/urun\/makita-dvc660z-akulu-sirt-supurgesi-18v\/"},"modified":"2026-04-28T05:54:11","modified_gmt":"2026-04-28T02:54:11","slug":"makita-dvc660z-akulu-sirt-supurgesi-18v","status":"publish","type":"product","link":"https:\/\/www.makitamarket.com.tr\/site\/urun\/makita-dvc660z-akulu-sirt-supurgesi-18v\/","title":{"rendered":"Makita DVC660Z AK\u00dcL\u00dc SIRT S\u00dcP\u00dcRGES\u0130"},"content":{"rendered":"<p><strong class=\"red-title\" style=\"font-size: 16px;\">A\u00e7\u0131klama:<\/strong> <span><\/p>\n<p><strong>DVC660Z<\/strong> <strong>Ak\u00fcl\u00fc S\u0131rt S\u00fcp\u00fcrgesi<\/strong><\/p>\n<p><strong>18V X2 (36V) LXT \u2022 6 Litre \u2022 BL Motor \u2022 HEPA Filtre<\/strong><\/p>\n<p><strong style=\"color: rgb(0, 112, 192);\">Y\u00fcksek Emi\u015f G\u00fcc\u00fcne Sahip Profesyonel Ak\u00fcl\u00fc S\u0131rt S\u00fcp\u00fcrgesi<\/strong><\/p>\n<p>Profesyonel temizlik uygulamalar\u0131 i\u00e7in DVC660Z modeli , 18V X2 (36V) LXT Li-Ion \u00e7ift ak\u00fc sistemi ve k\u00f6m\u00fcrs\u00fcz BL motor teknolojisi ile y\u00fcksek emi\u015f g\u00fcc\u00fc, uzun \u00e7al\u0131\u015fma s\u00fcresi ve sessiz \u00e7al\u0131\u015fma avantaj\u0131 sunar. 6 litrelik geni\u015f toz torbas\u0131 kapasitesi, uzun s\u00fcreli ve kesintisiz temizlik sa\u011flar.<\/p>\n<p><\/span><strong class=\"red-title\" style=\"font-size: 16px;\">Kullan\u0131m Amac\u0131:<\/strong> <span><\/p>\n<p><\/p>\n<p><strong>Kullan\u0131m amac\u0131:<\/strong><\/p>\n<p>Bu cihaz kuru tozlar\u0131 toplamak amac\u0131yla kullan\u0131l\u0131r. Cihaz; oteller, okullar, hastaneler, fabrikalar, d\u00fckkanlar, ofisler ve kiralama hizmetleri gibi ticari kullan\u0131mlar i\u00e7in uygundur.<\/p>\n<p>\u00d6zellikler:<\/p>\n<p><\/span><strong class=\"red-title\" style=\"font-size: 16px;\">\u00d6zellikler:<\/strong> <span><\/p>\n<p>Ak\u00fcl\u00fc yap\u0131s\u0131 kullan\u0131c\u0131ya kablosuz kullan\u0131m imkan\u0131 sunar ve bu sayede kullan\u0131c\u0131lar geni\u015f alanlarda kablo s\u0131n\u0131rlamalar\u0131 olmadan rahat\u00e7a \u00e7al\u0131\u015fabilirler.<\/p>\n<p>Li-ion; Bataryan\u0131n daha verimli \u00e7al\u0131\u015fmas\u0131n\u0131 sa\u011flayan teknolojidir.<\/p>\n<p>LXT(Lithium-ion Xtreme Technology; LXT serisi, geleneksel ak\u00fclere k\u0131yasla daha uzun ak\u00fc \u00f6mr\u00fc, daha h\u0131zl\u0131 \u015farj s\u00fcreleri ve genel olarak geli\u015fmi\u015f performans sa\u011flamas\u0131yla bilinir.<\/p>\n<p>BL Motor\/K\u00f6m\u00fcrs\u00fcz Motor mevcuttur. K\u00f6m\u00fcrs\u00fcz motor sayesinde \u00e7al\u0131\u015fma esnas\u0131nda olu\u015fan \u0131s\u0131 enerjisi kaybolmaz ve makinenin g\u00fcc\u00fcne iletilir.<\/p>\n<ol>\n<li data-list=\"bullet\"><span class=\"ql-ui\" contenteditable=\"false\"><\/span>Otomatik 3 h\u0131z mevcuttur.<\/li>\n<li data-list=\"bullet\"><span class=\"ql-ui\" contenteditable=\"false\"><\/span>D\u00f6ner Hortum vard\u0131r.<\/li>\n<li data-list=\"bullet\"><span class=\"ql-ui\" contenteditable=\"false\"><\/span>Statik Serbest Hortum mevcuttur.<\/li>\n<li data-list=\"bullet\"><span class=\"ql-ui\" contenteditable=\"false\"><\/span>Led \u0131\u015f\u0131\u011f\u0131<\/li>\n<li data-list=\"bullet\"><span class=\"ql-ui\" contenteditable=\"false\"><\/span>Hepa Filtre vard\u0131r.<\/li>\n<\/ol>\n<p><\/span><strong class=\"red-title\" style=\"font-size: 16px;\">Paket \u0130\u00e7eri\u011fi:<\/strong> <span><\/p>\n<p><span style=\"color: red; background-color: white;\">Ak\u00fc ve \u015farj cihaz\u0131 dahil de\u011fildir. <\/span><\/p>\n<p><span style=\"color: rgb(33, 37, 41);\">Ambalaj i\u00e7eri\u011fi: Hortum, uzatma \u00e7ubu\u011fu, hal\u0131 a\u011fz\u0131, raf f\u0131r\u00e7as\u0131, yuvarlak f\u0131r\u00e7as\u0131, filtre torbas\u0131, toz torbas\u0131 <\/span><\/p>\n<p><\/p>\n<p><\/p>\n<\/p>\n<p><\/span><\/p>\n<div class=\"product-logos\">\n<div class=\"product-logos-item\">\n<div class=\"product-logos-item-image\">\n<p>            <a href=\"https:\/\/www.makita.com.tr\/makita\/teknolojileri\" target=\"_blank\"><br \/>\n                <img decoding=\"async\" src=\"https:\/\/fi.makitamedia.com\/images\/3_Makita\/305_logos\/3052_jpg\/LXT.jpg\" alt=\"LITHIUM-ION\" style=\"width: 80px; height: 50px; margin-right: 25px;\"><br \/>\n            <\/a><\/p>\n<p>            <a href=\"https:\/\/www.makita.com.tr\/makita\/teknolojileri\/bl\" target=\"_blank\"><br \/>\n                <img decoding=\"async\" src=\"https:\/\/fi.makitamedia.com\/images\/3_Makita\/305_logos\/3052_jpg\/Brushless%20Motor.jpg\" alt=\"Brushless Motor Technology\" style=\"width: 80px; height: 50px; margin-right: 25px;\"><br \/>\n            <\/a><\/p><\/div><\/div><\/div>\n<table>\n<tr>\n<td>Maksimum Hava Hacmi<\/td>\n<td>2.0 m\u00b3\/ min<\/td>\n<\/tr>\n<tr>\n<td>Emi\u015f Bas\u0131nc\u0131\/ G\u00fc\u00e7<\/td>\n<td>11kPa \/ 25-45W<\/td>\n<\/tr>\n<tr>\n<td>Kapasite<\/td>\n<td>6.0L<\/td>\n<\/tr>\n<tr>\n<td>Nominal Voltaj<\/td>\n<td>DC36V<\/td>\n<\/tr>\n<tr>\n<td>Batarya \u00f6mr\u00fc \/ \u015earz dolum (dk)<\/td>\n<td>60-45<\/td>\n<\/tr>\n<tr>\n<td>Ses<\/td>\n<td>70 db<\/td>\n<\/tr>\n<tr>\n<td>\u00d6l\u00e7\u00fcler (LxWxH)<\/td>\n<td>297x174x523 mm<\/td>\n<\/tr>\n<tr>\n<td>A\u011f\u0131rl\u0131k<\/td>\n<td>6.7kg (13.5lbs)<\/td>\n<\/tr>\n<tr>\n<td>Ak\u00fc<\/td>\n<td>BL1830B\/1840\/1850B\/1860B<\/td>\n<\/tr>\n<tr>\n<td>\u015earj Cihaz\u0131<\/td>\n<td>DC18RD (\u00c7iftli) DC18RC<\/td>\n<\/tr>\n<\/table>\n","protected":false},"excerpt":{"rendered":"<p><strong class=\"red-title\" style=\"font-size: 16px;\">A\u00e7\u0131klama:<\/strong> <span><\/p>\n<p><strong>DVC660Z<\/strong> <strong>Ak\u00fcl\u00fc S\u0131rt S\u00fcp\u00fcrgesi<\/strong><\/p>\n<p><strong>18V X2 (36V) LXT \u2022 6 Litre \u2022 BL Motor \u2022 HEPA Filtre<\/strong><\/p>\n<p><strong style=\"color: rgb(0, 112, 192);\">Y\u00fcksek Emi\u015f G\u00fcc\u00fcne Sahip Profesyonel Ak\u00fcl\u00fc S\u0131rt S\u00fcp\u00fcrgesi<\/strong><\/p>\n<p>Profesyonel temizlik uygulamalar\u0131 i\u00e7in DVC660Z modeli , 18V X2 (36V) LXT Li-Ion \u00e7ift ak\u00fc sistemi ve k\u00f6m\u00fcrs\u00fcz BL motor teknolojisi ile y\u00fcksek emi\u015f g\u00fcc\u00fc, uzun \u00e7al\u0131\u015fma s\u00fcresi ve sessiz \u00e7al\u0131\u015fma avantaj\u0131 sunar. 6 litrelik geni\u015f toz torbas\u0131 kapasitesi, uzun s\u00fcreli ve kesintisiz temizlik sa\u011flar.<\/p>\n<p><\/span><strong class=\"red-title\" style=\"font-size: 16px;\">Kullan\u0131m Amac\u0131:<\/strong> <span><\/p>\n<p><\/p>\n<p><strong>Kullan\u0131m amac\u0131:<\/strong><\/p>\n<p>Bu cihaz kuru tozlar\u0131 toplamak amac\u0131yla kullan\u0131l\u0131r. Cihaz; oteller, okullar, hastaneler, fabrikalar, d\u00fckkanlar, ofisler ve kiralama hizmetleri gibi ticari kullan\u0131mlar i\u00e7in uygundur.<\/p>\n<p>\u00d6zellikler:<\/p>\n<p><\/span><strong class=\"red-title\" style=\"font-size: 16px;\">\u00d6zellikler:<\/strong> <span><\/p>\n<p>Ak\u00fcl\u00fc yap\u0131s\u0131 kullan\u0131c\u0131ya kablosuz kullan\u0131m imkan\u0131 sunar ve bu sayede kullan\u0131c\u0131lar geni\u015f alanlarda kablo s\u0131n\u0131rlamalar\u0131 olmadan rahat\u00e7a \u00e7al\u0131\u015fabilirler.<\/p>\n<p>Li-ion; Bataryan\u0131n daha verimli \u00e7al\u0131\u015fmas\u0131n\u0131 sa\u011flayan teknolojidir.<\/p>\n<p>LXT(Lithium-ion Xtreme Technology; LXT serisi, geleneksel ak\u00fclere k\u0131yasla daha uzun ak\u00fc \u00f6mr\u00fc, daha h\u0131zl\u0131 \u015farj s\u00fcreleri ve genel olarak geli\u015fmi\u015f performans sa\u011flamas\u0131yla bilinir.<\/p>\n<p>BL Motor\/K\u00f6m\u00fcrs\u00fcz Motor mevcuttur. K\u00f6m\u00fcrs\u00fcz motor sayesinde \u00e7al\u0131\u015fma esnas\u0131nda olu\u015fan \u0131s\u0131 enerjisi kaybolmaz ve makinenin g\u00fcc\u00fcne iletilir.<\/p>\n<ol>\n<li data-list=\"bullet\"><span class=\"ql-ui\" contenteditable=\"false\"><\/span>Otomatik 3 h\u0131z mevcuttur.<\/li>\n<li data-list=\"bullet\"><span class=\"ql-ui\" contenteditable=\"false\"><\/span>D\u00f6ner Hortum vard\u0131r.<\/li>\n<li data-list=\"bullet\"><span class=\"ql-ui\" contenteditable=\"false\"><\/span>Statik Serbest Hortum mevcuttur.<\/li>\n<li data-list=\"bullet\"><span class=\"ql-ui\" contenteditable=\"false\"><\/span>Led \u0131\u015f\u0131\u011f\u0131<\/li>\n<li data-list=\"bullet\"><span class=\"ql-ui\" contenteditable=\"false\"><\/span>Hepa Filtre vard\u0131r.<\/li>\n<\/ol>\n<p><\/span><strong class=\"red-title\" style=\"font-size: 16px;\">Paket \u0130\u00e7eri\u011fi:<\/strong> <span><\/p>\n<p><span style=\"color: red; background-color: white;\">Ak\u00fc ve \u015farj cihaz\u0131 dahil de\u011fildir. <\/span><\/p>\n<p><span style=\"color: rgb(33, 37, 41);\">Ambalaj i\u00e7eri\u011fi: Hortum, uzatma \u00e7ubu\u011fu, hal\u0131 a\u011fz\u0131, raf f\u0131r\u00e7as\u0131, yuvarlak f\u0131r\u00e7as\u0131, filtre torbas\u0131, toz torbas\u0131 <\/span><\/p>\n<p><\/p>\n<p><\/p>\n<\/p>\n<p><\/span><\/p>\n<div class=\"product-logos\">\n<div class=\"product-logos-item\">\n<div class=\"product-logos-item-image\">\n<p>            <a href=\"https:\/\/www.makita.com.tr\/makita\/teknolojileri\" target=\"_blank\"><br \/>\n                <img decoding=\"async\" src=\"https:\/\/fi.makitamedia.com\/images\/3_Makita\/305_logos\/3052_jpg\/LXT.jpg\" alt=\"LITHIUM-ION\" style=\"width: 80px; height: 50px; margin-right: 25px;\"><br \/>\n            <\/a><\/p>\n<p>            <a href=\"https:\/\/www.makita.com.tr\/makita\/teknolojileri\/bl\" target=\"_blank\"><br \/>\n                <img decoding=\"async\" src=\"https:\/\/fi.makitamedia.com\/images\/3_Makita\/305_logos\/3052_jpg\/Brushless%20Motor.jpg\" alt=\"Brushless Motor Technology\" style=\"width: 80px; height: 50px; margin-right: 25px;\"><br \/>\n            <\/a><\/p><\/div>\n<\/p><\/div>\n<\/p><\/div>\n","protected":false},"featured_media":8914,"comment_status":"open","ping_status":"closed","template":"","meta":{"_acf_changed":false},"product_brand":[1485],"product_cat":[1565],"product_tag":[],"class_list":{"0":"post-22773","1":"product","2":"type-product","3":"status-publish","4":"has-post-thumbnail","6":"product_brand-makita","7":"product_cat-yok-yok","9":"first","10":"instock","11":"taxable","12":"shipping-taxable","13":"purchasable","14":"product-type-simple","15":"add-to-wishlist-after_add_to_cart"},"acf":[],"_links":{"self":[{"href":"https:\/\/www.makitamarket.com.tr\/site\/wp-json\/wp\/v2\/product\/22773","targetHints":{"allow":["GET"]}}],"collection":[{"href":"https:\/\/www.makitamarket.com.tr\/site\/wp-json\/wp\/v2\/product"}],"about":[{"href":"https:\/\/www.makitamarket.com.tr\/site\/wp-json\/wp\/v2\/types\/product"}],"replies":[{"embeddable":true,"href":"https:\/\/www.makitamarket.com.tr\/site\/wp-json\/wp\/v2\/comments?post=22773"}],"wp:featuredmedia":[{"embeddable":true,"href":"https:\/\/www.makitamarket.com.tr\/site\/wp-json\/wp\/v2\/media\/8914"}],"wp:attachment":[{"href":"https:\/\/www.makitamarket.com.tr\/site\/wp-json\/wp\/v2\/media?parent=22773"}],"wp:term":[{"taxonomy":"product_brand","embeddable":true,"href":"https:\/\/www.makitamarket.com.tr\/site\/wp-json\/wp\/v2\/product_brand?post=22773"},{"taxonomy":"product_cat","embeddable":true,"href":"https:\/\/www.makitamarket.com.tr\/site\/wp-json\/wp\/v2\/product_cat?post=22773"},{"taxonomy":"product_tag","embeddable":true,"href":"https:\/\/www.makitamarket.com.tr\/site\/wp-json\/wp\/v2\/product_tag?post=22773"}],"curies":[{"name":"wp","href":"https:\/\/api.w.org\/{rel}","templated":true}]}}