{"id":22802,"date":"2025-01-06T16:34:55","date_gmt":"2025-01-06T13:34:55","guid":{"rendered":"https:\/\/www.makitamarket.com.tr\/site\/urun\/knipex-9536320-circir-mekanizmali-kablo-makasi-320-mm\/"},"modified":"2026-03-30T07:21:41","modified_gmt":"2026-03-30T04:21:41","slug":"knipex-9536320-circir-mekanizmali-kablo-makasi-320-mm","status":"publish","type":"product","link":"https:\/\/www.makitamarket.com.tr\/site\/urun\/knipex-9536320-circir-mekanizmali-kablo-makasi-320-mm\/","title":{"rendered":"Knipex 9536320 CIRCIR MEKAN\u0130ZMALI KABLO MAKASI 320 mm"},"content":{"rendered":"<p><b>95 36 320 Kablo kesici<\/b><br \/>Sa\u011flam. Kullan\u0131\u015fl\u0131. Dayan\u0131kl\u0131 Yenilik\u00e7i di\u015fli tahrik sistemi \u00c7ap\u0131 60 mm&#8217;ye kadar olan kablolar i\u00e7in Sabit kol k\u0131l\u0131f\u0131nda, kesim i\u015flemi esnas\u0131nda aletin yere konmas\u0131n\u0131 sa\u011flayan oturma y\u00fczeyi. D\u00fc\u015f\u00fck a\u011f\u0131rl\u0131k (825 gram) ve kompakt yap\u0131 \u015fekli (320 mm uzunluk) sayesinde kolay kullan\u0131m \u2013 Dar alanlarda da kullan\u0131labilir. Tek ve iki elli kullan\u0131mda \u00e7ap\u0131 60 mm&#8217;ye kadar olan bak\u0131r ve al\u00fcminyum kablolar\u0131 keser. Hassas ta\u015flanm\u0131\u015f sertle\u015ftirilmi\u015f kesiciler malzemeyi ezmeden d\u00fcz ve temiz \u015fekilde keser. Tek ve \u00e7ok telli bak\u0131r ve al\u00fcminyum kablolar\u0131n kesilmesi i\u00e7in. Tek ve iki elle kullan\u0131mda kolay kesim yapabilmek i\u00e7in y\u00fcksek aktar\u0131m oran\u0131na sahip \u00fc\u00e7 kademeli yenilik\u00e7i di\u015fli tahrik sistemi. \u00c7elik kablo, tel halatlar ve ince telli (olduk\u00e7a esnek) iletkenler i\u00e7in uygun de\u011fildir. <\/p>\n<li><b>Bak\u0131r kablo kesim de\u011feri, \u00e7ok telli: <\/b>600 mm\u00b2<\/li>\n<li><b>Bak\u0131r kablo kesim de\u011feri, \u00e7ok telli: <\/b>\u00d8 60 mm<\/li>\n<li><b>MCM: <\/b>1.200<\/li>\n<li><b>VDE onayl\u0131: <\/b>evet \u00a0<\/li>\n<table>\n<tr>\n<td>Uzunluk<\/td>\n<td>320<\/td>\n<\/tr>\n<tr>\n<td>Kafa<\/td>\n<td>Boyal\u0131<\/td>\n<\/tr>\n<tr>\n<td>Sap<\/td>\n<td>Kal\u0131n izole<\/td>\n<\/tr>\n<tr>\n<td>\u00c7ok \u0130letkenli Kablo<\/td>\n<td>60\u00f8mm, 600mm\u00b2<\/td>\n<\/tr>\n<tr>\n<td>A\u011f\u0131rl\u0131k<\/td>\n<td>830 gr<\/td>\n<\/tr>\n<\/table>\n","protected":false},"excerpt":{"rendered":"<p><b>95 36 320 Kablo kesici<\/b><br \/>Sa\u011flam. Kullan\u0131\u015fl\u0131. Dayan\u0131kl\u0131 Yenilik\u00e7i di\u015fli tahrik sistemi \u00c7ap\u0131 60 mm&#8217;ye kadar olan kablolar i\u00e7in Sabit kol k\u0131l\u0131f\u0131nda, kesim i\u015flemi esnas\u0131nda aletin yere konmas\u0131n\u0131 sa\u011flayan oturma y\u00fczeyi. D\u00fc\u015f\u00fck a\u011f\u0131rl\u0131k (825 gram) ve kompakt yap\u0131 \u015fekli (320 mm uzunluk) sayesinde kolay kullan\u0131m \u2013 Dar alanlarda da kullan\u0131labilir. Tek ve iki elli kullan\u0131mda \u00e7ap\u0131 60 mm&#8217;ye kadar olan bak\u0131r ve al\u00fcminyum kablolar\u0131 keser. Hassas ta\u015flanm\u0131\u015f sertle\u015ftirilmi\u015f kesiciler malzemeyi ezmeden d\u00fcz ve temiz \u015fekilde keser. Tek ve \u00e7ok telli bak\u0131r ve al\u00fcminyum kablolar\u0131n kesilmesi i\u00e7in. Tek ve iki elle kullan\u0131mda kolay kesim yapabilmek i\u00e7in y\u00fcksek aktar\u0131m oran\u0131na sahip \u00fc\u00e7 kademeli yenilik\u00e7i di\u015fli tahrik sistemi. \u00c7elik kablo, tel halatlar ve ince telli (olduk\u00e7a esnek) iletkenler i\u00e7in uygun de\u011fildir. <\/p>\n<li><b>Bak\u0131r kablo kesim de\u011feri, \u00e7ok telli: <\/b>600 mm\u00b2<\/li>\n<li><b>Bak\u0131r kablo kesim de\u011feri, \u00e7ok telli: <\/b>\u00d8 60 mm<\/li>\n<li><b>MCM: <\/b>1.200<\/li>\n<li><b>VDE onayl\u0131: <\/b>evet \u00a0<\/li>\n","protected":false},"featured_media":8969,"comment_status":"open","ping_status":"closed","template":"","meta":{"_acf_changed":false},"product_brand":[1486],"product_cat":[834],"product_tag":[],"class_list":{"0":"post-22802","1":"product","2":"type-product","3":"status-publish","4":"has-post-thumbnail","6":"product_brand-knipex","7":"product_cat-kablo-kesme-makaslari","9":"first","10":"instock","11":"taxable","12":"shipping-taxable","13":"purchasable","14":"product-type-simple","15":"add-to-wishlist-after_add_to_cart"},"acf":[],"_links":{"self":[{"href":"https:\/\/www.makitamarket.com.tr\/site\/wp-json\/wp\/v2\/product\/22802","targetHints":{"allow":["GET"]}}],"collection":[{"href":"https:\/\/www.makitamarket.com.tr\/site\/wp-json\/wp\/v2\/product"}],"about":[{"href":"https:\/\/www.makitamarket.com.tr\/site\/wp-json\/wp\/v2\/types\/product"}],"replies":[{"embeddable":true,"href":"https:\/\/www.makitamarket.com.tr\/site\/wp-json\/wp\/v2\/comments?post=22802"}],"wp:featuredmedia":[{"embeddable":true,"href":"https:\/\/www.makitamarket.com.tr\/site\/wp-json\/wp\/v2\/media\/8969"}],"wp:attachment":[{"href":"https:\/\/www.makitamarket.com.tr\/site\/wp-json\/wp\/v2\/media?parent=22802"}],"wp:term":[{"taxonomy":"product_brand","embeddable":true,"href":"https:\/\/www.makitamarket.com.tr\/site\/wp-json\/wp\/v2\/product_brand?post=22802"},{"taxonomy":"product_cat","embeddable":true,"href":"https:\/\/www.makitamarket.com.tr\/site\/wp-json\/wp\/v2\/product_cat?post=22802"},{"taxonomy":"product_tag","embeddable":true,"href":"https:\/\/www.makitamarket.com.tr\/site\/wp-json\/wp\/v2\/product_tag?post=22802"}],"curies":[{"name":"wp","href":"https:\/\/api.w.org\/{rel}","templated":true}]}}