{"id":22808,"date":"2025-01-06T16:34:59","date_gmt":"2025-01-06T13:34:59","guid":{"rendered":"https:\/\/www.makitamarket.com.tr\/site\/urun\/rapid-compacta-mekanik-zimba-tabancasi\/"},"modified":"2026-04-06T12:32:59","modified_gmt":"2026-04-06T09:32:59","slug":"rapid-compacta-mekanik-zimba-tabancasi","status":"publish","type":"product","link":"https:\/\/www.makitamarket.com.tr\/site\/urun\/rapid-compacta-mekanik-zimba-tabancasi\/","title":{"rendered":"Rapid COMPACTA MEKAN\u0130K ZIMBA TABANCASI"},"content":{"rendered":"<div>\n\tHem ev i\u00e7i hem ev d\u0131\u015f\u0131 kullan\u0131m imkan\u0131 verir. Titiz, profesyonel uygulamalar i\u00e7in ideal, hafif, kolay tutulan metal z\u0131mba \u00e7akma tabancas\u0131. Mobilya kuma\u015f\u0131 d\u00f6\u015feme ya da k\u00e2\u011f\u0131t, etiketler i\u00e7in kullan\u0131m.<\/div>\n<div>\n\t\u2022 T\u00fcm\u00fcyle \u00e7elik a\u015f\u0131nan par\u00e7alar i\u00e7 taraftad\u0131r<\/div>\n<div>\n\t\u2022 Yumu\u015fak i\u015fleyen y\u00fckleme sistemi ve geri tepmesiz mekanizma<\/div>\n<div>\n\t\u2022 Kolay saklama i\u00e7in kilit i\u015flevi ile birlikte ergonomik sap<\/div>\n<div>\n\t\u2022 Kutu ambalaj<\/div>\n<div>\n\t\u2022 3 y\u0131l garanti\u00a0<\/div>\n<div>\n\tZ\u0131mba 16mm<\/div>\n<table><\/table>\n","protected":false},"excerpt":{"rendered":"<div>\n\tHem ev i\u00e7i hem ev d\u0131\u015f\u0131 kullan\u0131m imkan\u0131 verir. Titiz, profesyonel uygulamalar i\u00e7in ideal, hafif, kolay tutulan metal z\u0131mba \u00e7akma tabancas\u0131. Mobilya kuma\u015f\u0131 d\u00f6\u015feme ya da k\u00e2\u011f\u0131t, etiketler i\u00e7in kullan\u0131m.<\/div>\n<div>\n\t\u2022 T\u00fcm\u00fcyle \u00e7elik a\u015f\u0131nan par\u00e7alar i\u00e7 taraftad\u0131r<\/div>\n<div>\n\t\u2022 Yumu\u015fak i\u015fleyen y\u00fckleme sistemi ve geri tepmesiz mekanizma<\/div>\n<div>\n\t\u2022 Kolay saklama i\u00e7in kilit i\u015flevi ile birlikte ergonomik sap<\/div>\n<div>\n\t\u2022 Kutu ambalaj<\/div>\n<div>\n\t\u2022 3 y\u0131l garanti\u00a0<\/div>\n<div>\n\tZ\u0131mba 16mm<\/div>\n","protected":false},"featured_media":0,"comment_status":"open","ping_status":"closed","template":"","meta":{"_acf_changed":false},"product_brand":[1491],"product_cat":[1565],"product_tag":[],"class_list":{"0":"post-22808","1":"product","2":"type-product","3":"status-publish","5":"product_brand-rapid","6":"product_cat-yok-yok","8":"first","9":"instock","10":"taxable","11":"shipping-taxable","12":"purchasable","13":"product-type-simple","14":"add-to-wishlist-after_add_to_cart"},"acf":[],"_links":{"self":[{"href":"https:\/\/www.makitamarket.com.tr\/site\/wp-json\/wp\/v2\/product\/22808","targetHints":{"allow":["GET"]}}],"collection":[{"href":"https:\/\/www.makitamarket.com.tr\/site\/wp-json\/wp\/v2\/product"}],"about":[{"href":"https:\/\/www.makitamarket.com.tr\/site\/wp-json\/wp\/v2\/types\/product"}],"replies":[{"embeddable":true,"href":"https:\/\/www.makitamarket.com.tr\/site\/wp-json\/wp\/v2\/comments?post=22808"}],"wp:attachment":[{"href":"https:\/\/www.makitamarket.com.tr\/site\/wp-json\/wp\/v2\/media?parent=22808"}],"wp:term":[{"taxonomy":"product_brand","embeddable":true,"href":"https:\/\/www.makitamarket.com.tr\/site\/wp-json\/wp\/v2\/product_brand?post=22808"},{"taxonomy":"product_cat","embeddable":true,"href":"https:\/\/www.makitamarket.com.tr\/site\/wp-json\/wp\/v2\/product_cat?post=22808"},{"taxonomy":"product_tag","embeddable":true,"href":"https:\/\/www.makitamarket.com.tr\/site\/wp-json\/wp\/v2\/product_tag?post=22808"}],"curies":[{"name":"wp","href":"https:\/\/api.w.org\/{rel}","templated":true}]}}