{"id":22833,"date":"2025-01-06T16:35:08","date_gmt":"2025-01-06T13:35:08","guid":{"rendered":"https:\/\/www.makitamarket.com.tr\/site\/urun\/rapid-r53e-mekanik-zimba-tabancasi\/"},"modified":"2026-04-06T12:35:00","modified_gmt":"2026-04-06T09:35:00","slug":"rapid-r53e-mekanik-zimba-tabancasi","status":"publish","type":"product","link":"https:\/\/www.makitamarket.com.tr\/site\/urun\/rapid-r53e-mekanik-zimba-tabancasi\/","title":{"rendered":"Rapid R53E MEKAN\u0130K ZIMBA TABANCASI"},"content":{"rendered":"<div>\n\tDIY [Kendin Yap] ve ev projeleri ya da daha kolay profesyonel i\u015fler i\u00e7in hafi f, kolay tutulan z\u0131mba \u00e7akma tabancas\u0131. Mobilya kuma\u015f\u0131 d\u00f6\u015feme, \u00e7e\u015fitli tekstiller ile dekoratif \u00e7al\u0131\u015fma ya da etekler, posterler ve derilerin sabitlenmesi i\u00e7in ideal.<\/div>\n<div>\n\t\u2022 T\u00fcm\u00fcyle \u00e7elik a\u015f\u0131nan par\u00e7alar i\u00e7 taraftad\u0131r<\/div>\n<div>\n\t\u2022 Kolay saklama i\u00e7in kilit i\u015flevi ile birlikte ergonomik sap<\/div>\n<div>\n\t\u2022 Made in Sweden<\/div>\n<div>\n\t\u2022 Blister ambalaj<\/div>\n<div>\n\t\u2022 3 y\u0131l garanti\u00a0<\/div>\n<div>\n\tZ\u0131mba 4-10mm<\/div>\n<div>\n\t53\u00a0serisi z\u0131mba teli\u00a0<\/div>\n<table><\/table>\n","protected":false},"excerpt":{"rendered":"<div>\n\tDIY [Kendin Yap] ve ev projeleri ya da daha kolay profesyonel i\u015fler i\u00e7in hafi f, kolay tutulan z\u0131mba \u00e7akma tabancas\u0131. Mobilya kuma\u015f\u0131 d\u00f6\u015feme, \u00e7e\u015fitli tekstiller ile dekoratif \u00e7al\u0131\u015fma ya da etekler, posterler ve derilerin sabitlenmesi i\u00e7in ideal.<\/div>\n<div>\n\t\u2022 T\u00fcm\u00fcyle \u00e7elik a\u015f\u0131nan par\u00e7alar i\u00e7 taraftad\u0131r<\/div>\n<div>\n\t\u2022 Kolay saklama i\u00e7in kilit i\u015flevi ile birlikte ergonomik sap<\/div>\n<div>\n\t\u2022 Made in Sweden<\/div>\n<div>\n\t\u2022 Blister ambalaj<\/div>\n<div>\n\t\u2022 3 y\u0131l garanti\u00a0<\/div>\n<div>\n\tZ\u0131mba 4-10mm<\/div>\n<div>\n\t53\u00a0serisi z\u0131mba teli\u00a0<\/div>\n","protected":false},"featured_media":0,"comment_status":"open","ping_status":"closed","template":"","meta":{"_acf_changed":false},"product_brand":[1491],"product_cat":[712],"product_tag":[],"class_list":{"0":"post-22833","1":"product","2":"type-product","3":"status-publish","5":"product_brand-rapid","6":"product_cat-zimba-tabancalari","8":"first","9":"instock","10":"taxable","11":"shipping-taxable","12":"purchasable","13":"product-type-simple","14":"add-to-wishlist-after_add_to_cart"},"acf":[],"_links":{"self":[{"href":"https:\/\/www.makitamarket.com.tr\/site\/wp-json\/wp\/v2\/product\/22833","targetHints":{"allow":["GET"]}}],"collection":[{"href":"https:\/\/www.makitamarket.com.tr\/site\/wp-json\/wp\/v2\/product"}],"about":[{"href":"https:\/\/www.makitamarket.com.tr\/site\/wp-json\/wp\/v2\/types\/product"}],"replies":[{"embeddable":true,"href":"https:\/\/www.makitamarket.com.tr\/site\/wp-json\/wp\/v2\/comments?post=22833"}],"wp:attachment":[{"href":"https:\/\/www.makitamarket.com.tr\/site\/wp-json\/wp\/v2\/media?parent=22833"}],"wp:term":[{"taxonomy":"product_brand","embeddable":true,"href":"https:\/\/www.makitamarket.com.tr\/site\/wp-json\/wp\/v2\/product_brand?post=22833"},{"taxonomy":"product_cat","embeddable":true,"href":"https:\/\/www.makitamarket.com.tr\/site\/wp-json\/wp\/v2\/product_cat?post=22833"},{"taxonomy":"product_tag","embeddable":true,"href":"https:\/\/www.makitamarket.com.tr\/site\/wp-json\/wp\/v2\/product_tag?post=22833"}],"curies":[{"name":"wp","href":"https:\/\/api.w.org\/{rel}","templated":true}]}}