{"id":22928,"date":"2025-01-06T16:35:40","date_gmt":"2025-01-06T13:35:40","guid":{"rendered":"https:\/\/www.makitamarket.com.tr\/site\/urun\/scheppach-hbs261-serit-testere\/"},"modified":"2026-01-23T12:23:55","modified_gmt":"2026-01-23T09:23:55","slug":"scheppach-hbs261-serit-testere","status":"publish","type":"product","link":"https:\/\/www.makitamarket.com.tr\/site\/urun\/scheppach-hbs261-serit-testere\/","title":{"rendered":"Scheppach HBS261 \u015eER\u0130T TESTERE"},"content":{"rendered":"<table>\n<tr>\n<td>Ebatlar (UxGxY)<\/td>\n<td>580x430x860 mm<\/td>\n<\/tr>\n<tr>\n<td>Tabla \u00d6l\u00e7\u00fcleri<\/td>\n<td>300&#215;380-535 mm<\/td>\n<\/tr>\n<tr>\n<td>Tabla Ayar\u0131<\/td>\n<td>-0\/+45 \u00ba<\/td>\n<\/tr>\n<tr>\n<td>Kasnak \u00c7ap\u0131<\/td>\n<td>250 mm<\/td>\n<\/tr>\n<tr>\n<td>Testere Uzunlu\u011fu<\/td>\n<td>1790 mm<\/td>\n<\/tr>\n<tr>\n<td>Kesim H\u0131z\u0131<\/td>\n<td>660-960 m\/dak.<\/td>\n<\/tr>\n<tr>\n<td>H\u0131z Ayar\u0131<\/td>\n<td>2 kademeli<\/td>\n<\/tr>\n<tr>\n<td>Kesme Kapasitesi<\/td>\n<td>120 x 245 mm<\/td>\n<\/tr>\n<tr>\n<td>Motor<\/td>\n<td>220-240V ~\/50 Hz<\/td>\n<\/tr>\n<tr>\n<td>G\u00fc\u00e7<\/td>\n<td>500 W<\/td>\n<\/tr>\n<tr>\n<td>A\u011f\u0131rl\u0131k<\/td>\n<td>20,5 kg<\/td>\n<\/tr>\n<tr>\n<td>D\u0131\u015fa \u00c7ekilebilir Al\u00fcminyum Tabla<\/td>\n<td>\u221a<\/td>\n<\/tr>\n<\/table>\n","protected":false},"excerpt":{"rendered":"<p>Ebatlar (UxGxY) 580x430x860 mm Tabla \u00d6l\u00e7\u00fcleri 300&#215;380-535 mm Tabla Ayar\u0131 -0\/+45 \u00ba Kasnak \u00c7ap\u0131 250 mm Testere Uzunlu\u011fu 1790 mm Kesim H\u0131z\u0131 660-960 m\/dak. H\u0131z Ayar\u0131 2 kademeli Kesme Kapasitesi<\/p>\n","protected":false},"featured_media":9397,"comment_status":"open","ping_status":"closed","template":"","meta":{"_acf_changed":false},"product_brand":[1514],"product_cat":[828],"product_tag":[],"class_list":{"0":"post-22928","1":"product","2":"type-product","3":"status-publish","4":"has-post-thumbnail","6":"product_brand-scheppach","7":"product_cat-serit-testere-makinalari","9":"first","10":"outofstock","11":"taxable","12":"shipping-taxable","13":"purchasable","14":"product-type-simple","15":"add-to-wishlist-after_add_to_cart"},"acf":[],"_links":{"self":[{"href":"https:\/\/www.makitamarket.com.tr\/site\/wp-json\/wp\/v2\/product\/22928","targetHints":{"allow":["GET"]}}],"collection":[{"href":"https:\/\/www.makitamarket.com.tr\/site\/wp-json\/wp\/v2\/product"}],"about":[{"href":"https:\/\/www.makitamarket.com.tr\/site\/wp-json\/wp\/v2\/types\/product"}],"replies":[{"embeddable":true,"href":"https:\/\/www.makitamarket.com.tr\/site\/wp-json\/wp\/v2\/comments?post=22928"}],"wp:featuredmedia":[{"embeddable":true,"href":"https:\/\/www.makitamarket.com.tr\/site\/wp-json\/wp\/v2\/media\/9397"}],"wp:attachment":[{"href":"https:\/\/www.makitamarket.com.tr\/site\/wp-json\/wp\/v2\/media?parent=22928"}],"wp:term":[{"taxonomy":"product_brand","embeddable":true,"href":"https:\/\/www.makitamarket.com.tr\/site\/wp-json\/wp\/v2\/product_brand?post=22928"},{"taxonomy":"product_cat","embeddable":true,"href":"https:\/\/www.makitamarket.com.tr\/site\/wp-json\/wp\/v2\/product_cat?post=22928"},{"taxonomy":"product_tag","embeddable":true,"href":"https:\/\/www.makitamarket.com.tr\/site\/wp-json\/wp\/v2\/product_tag?post=22928"}],"curies":[{"name":"wp","href":"https:\/\/api.w.org\/{rel}","templated":true}]}}