{"id":22943,"date":"2025-01-06T16:35:50","date_gmt":"2025-01-06T13:35:50","guid":{"rendered":"https:\/\/www.makitamarket.com.tr\/site\/urun\/optimum-3384311-seri-takilabilir-kalemlik-swh-aa\/"},"modified":"2025-11-16T05:05:56","modified_gmt":"2025-11-16T02:05:56","slug":"optimum-3384311-seri-takilabilir-kalemlik-swh-aa","status":"publish","type":"product","link":"https:\/\/www.makitamarket.com.tr\/site\/urun\/optimum-3384311-seri-takilabilir-kalemlik-swh-aa\/","title":{"rendered":"Optimum 3384311 SER\u0130 TAKILAB\u0130L\u0130R KALEML\u0130K SWH AA"},"content":{"rendered":"<table border=\"1\" cellpadding=\"1\" cellspacing=\"1\" style=\"width: 600px;\">\n<tbody>\n<tr>\n<td>\n\t\t\t\t<strong>Kalemlik Kafalar\u0131<\/strong><\/td>\n<td style=\"text-align: center;\">\n\t\t\t\t\u00a0<\/td>\n<td style=\"text-align: center;\">\n\t\t\t\t<strong>KOD<\/strong><\/td>\n<td style=\"text-align: center;\">\n\t\t\t\t<strong>AA<\/strong><\/td>\n<td style=\"text-align: center;\">\n\t\t\t\t<strong>A<\/strong><\/td>\n<td style=\"text-align: center;\">\n\t\t\t\t<strong>E<\/strong><\/td>\n<td style=\"text-align: center;\">\n\t\t\t\t<strong>B<\/strong><\/td>\n<\/tr>\n<tr>\n<td>\n\t\t\t\tTornalama \u00e7ap\u0131\u00a0<\/td>\n<td>\n\t\t\t\t\u00a0<\/td>\n<td style=\"text-align: center;\">\n\t\t\t\t\u00a0<\/td>\n<td style=\"text-align: center;\">\n\t\t\t\t<strong>120-220 mm<\/strong><\/td>\n<td style=\"text-align: center;\">\n\t\t\t\t<strong>150-300 mm<\/strong><\/td>\n<td style=\"text-align: center;\">\n\t\t\t\t<strong>200-400 mm<\/strong><\/td>\n<td style=\"text-align: center;\">\n\t\t\t\t<strong>300-500 mm<\/strong><\/td>\n<\/tr>\n<tr>\n<td>\n\t\t\t\tMaks. Torna motor g\u00fcc\u00fc<\/td>\n<td>\n\t\t\t\t\u00a0<\/td>\n<td style=\"text-align: center;\">\n\t\t\t\t\u00a0<\/td>\n<td style=\"text-align: center;\">\n\t\t\t\t<strong>1 kw<\/strong><\/td>\n<td style=\"text-align: center;\">\n\t\t\t\t<strong>2,2 kw<\/strong><\/td>\n<td style=\"text-align: center;\">\n\t\t\t\t<strong>4,4 kw<\/strong><\/td>\n<td style=\"text-align: center;\">\n\t\t\t\t<strong>6,6 kw<\/strong><\/td>\n<\/tr>\n<tr>\n<td>\n\t\t\t\tMaks. Yan geni\u015flik<\/td>\n<td>\n\t\t\t\t\u00a0<\/td>\n<td style=\"text-align: center;\">\n\t\t\t\t<strong>mm<\/strong><\/td>\n<td style=\"text-align: center;\">\n\t\t\t\t<strong>80<\/strong><\/td>\n<td style=\"text-align: center;\">\n\t\t\t\t<strong>100<\/strong><\/td>\n<td style=\"text-align: center;\">\n\t\t\t\t<strong>120<\/strong><\/td>\n<td style=\"text-align: center;\">\n\t\t\t\t<strong>150<\/strong><\/td>\n<\/tr>\n<tr>\n<td>\n\t\t\t\tKalemlik geni\u015fli\u011fi<\/td>\n<td>\n\t\t\t\t<strong>d<\/strong><\/td>\n<td style=\"text-align: center;\">\n\t\t\t\t<strong>mm<\/strong><\/td>\n<td style=\"text-align: center;\">\n\t\t\t\t<strong>10<\/strong><\/td>\n<td style=\"text-align: center;\">\n\t\t\t\t<strong>14<\/strong><\/td>\n<td style=\"text-align: center;\">\n\t\t\t\t<strong>15<\/strong><\/td>\n<td style=\"text-align: center;\">\n\t\t\t\t<strong>20<\/strong><\/td>\n<\/tr>\n<tr>\n<td>\n\t\t\t\tKalemlik y\u00fcksekli\u011fi<\/td>\n<td>\n\t\t\t\t<strong>h<\/strong><\/td>\n<td style=\"text-align: center;\">\n\t\t\t\t<strong>mm<\/strong><\/td>\n<td style=\"text-align: center;\">\n\t\t\t\t<strong>12<\/strong><\/td>\n<td style=\"text-align: center;\">\n\t\t\t\t<strong>20<\/strong><\/td>\n<td style=\"text-align: center;\">\n\t\t\t\t<strong>20<\/strong><\/td>\n<td style=\"text-align: center;\">\n\t\t\t\t<strong>25<\/strong><\/td>\n<\/tr>\n<tr>\n<td>\n\t\t\t\tYuva \u00e7ap\u0131<\/td>\n<td>\n\t\t\t\t<strong>v<\/strong><\/td>\n<td style=\"text-align: center;\">\n\t\t\t\t<strong>mm<\/strong><\/td>\n<td style=\"text-align: center;\">\n\t\t\t\t<strong>12<\/strong><\/td>\n<td style=\"text-align: center;\">\n\t\t\t\t<strong>20<\/strong><\/td>\n<td style=\"text-align: center;\">\n\t\t\t\t<strong>20<\/strong><\/td>\n<td style=\"text-align: center;\">\n\t\t\t\t<strong>32<\/strong><\/td>\n<\/tr>\n<tr>\n<td>\n\t\t\t\tMaks. Delik \u00e7ap\u0131<\/td>\n<td>\n\t\t\t\t\u00a0<\/td>\n<td style=\"text-align: center;\">\n\t\t\t\t<strong>mm<\/strong><\/td>\n<td style=\"text-align: center;\">\n\t\t\t\t<strong>12<\/strong><\/td>\n<td style=\"text-align: center;\">\n\t\t\t\t<strong>31<\/strong><\/td>\n<td style=\"text-align: center;\">\n\t\t\t\t<strong>31<\/strong><\/td>\n<td style=\"text-align: center;\">\n\t\t\t\t<strong>51<\/strong><\/td>\n<\/tr>\n<tr>\n<td>\n\t\t\t\tKomple geni\u015flik<\/td>\n<td>\n\t\t\t\t<strong>u<\/strong><\/td>\n<td style=\"text-align: center;\">\n\t\t\t\t<strong>mm<\/strong><\/td>\n<td style=\"text-align: center;\">\n\t\t\t\t<strong>74<\/strong><\/td>\n<td style=\"text-align: center;\">\n\t\t\t\t<strong>106<\/strong><\/td>\n<td style=\"text-align: center;\">\n\t\t\t\t<strong>132\/142<\/strong><\/td>\n<td style=\"text-align: center;\">\n\t\t\t\t<strong>150\/155<\/strong><\/td>\n<\/tr>\n<tr>\n<td>\n\t\t\t\tKomple y\u00fckseklik<\/td>\n<td>\n\t\t\t\t<strong>t<\/strong><\/td>\n<td style=\"text-align: center;\">\n\t\t\t\t<strong>mm<\/strong><\/td>\n<td style=\"text-align: center;\">\n\t\t\t\t<strong>37<\/strong><\/td>\n<td style=\"text-align: center;\">\n\t\t\t\t<strong>55<\/strong><\/td>\n<td style=\"text-align: center;\">\n\t\t\t\t<strong>68<\/strong><\/td>\n<td style=\"text-align: center;\">\n\t\t\t\t<strong>78<\/strong><\/td>\n<\/tr>\n<tr>\n<td>\n\t\t\t\tMaks. Mil yuva derinli\u011fi<\/td>\n<td>\n\t\t\t\t<strong>t.max<\/strong><\/td>\n<td style=\"text-align: center;\">\n\t\t\t\t<strong>mm<\/strong><\/td>\n<td style=\"text-align: center;\">\n\t\t\t\t<strong>30<\/strong><\/td>\n<td style=\"text-align: center;\">\n\t\t\t\t<strong>35<\/strong><\/td>\n<td style=\"text-align: center;\">\n\t\t\t\t<strong>35<\/strong><\/td>\n<td style=\"text-align: center;\">\n\t\t\t\t<strong>45<\/strong><\/td>\n<\/tr>\n<\/tbody>\n<\/table>\n<table><\/table>\n","protected":false},"excerpt":{"rendered":"<table border=\"1\" cellpadding=\"1\" cellspacing=\"1\" style=\"width: 600px;\">\n<tbody>\n<tr>\n<td>\n\t\t\t\t<strong>Kalemlik Kafalar\u0131<\/strong><\/td>\n<td style=\"text-align: center;\">\n\t\t\t\t\u00a0<\/td>\n<td style=\"text-align: center;\">\n\t\t\t\t<strong>KOD<\/strong><\/td>\n<td style=\"text-align: center;\">\n\t\t\t\t<strong>AA<\/strong><\/td>\n<td style=\"text-align: center;\">\n\t\t\t\t<strong>A<\/strong><\/td>\n<td style=\"text-align: center;\">\n\t\t\t\t<strong>E<\/strong><\/td>\n<td style=\"text-align: center;\">\n\t\t\t\t<strong>B<\/strong><\/td>\n<\/tr>\n<tr>\n<td>\n\t\t\t\tTornalama \u00e7ap\u0131\u00a0<\/td>\n<td>\n\t\t\t\t\u00a0<\/td>\n<td style=\"text-align: center;\">\n\t\t\t\t\u00a0<\/td>\n<td style=\"text-align: center;\">\n\t\t\t\t<strong>120-220 mm<\/strong><\/td>\n<td style=\"text-align: center;\">\n\t\t\t\t<strong>150-300 mm<\/strong><\/td>\n<td style=\"text-align: center;\">\n\t\t\t\t<strong>200-400 mm<\/strong><\/td>\n<td style=\"text-align: center;\">\n\t\t\t\t<strong>300-500 mm<\/strong><\/td>\n<\/tr>\n<tr>\n<td>\n\t\t\t\tMaks. Torna motor g\u00fcc\u00fc<\/td>\n<td>\n\t\t\t\t\u00a0<\/td>\n<td style=\"text-align: center;\">\n\t\t\t\t\u00a0<\/td>\n<td style=\"text-align: center;\">\n\t\t\t\t<strong>1 kw<\/strong><\/td>\n<td style=\"text-align: center;\">\n\t\t\t\t<strong>2,2 kw<\/strong><\/td>\n<td style=\"text-align: center;\">\n\t\t\t\t<strong>4,4 kw<\/strong><\/td>\n<td style=\"text-align: center;\">\n\t\t\t\t<strong>6,6 kw<\/strong><\/td>\n<\/tr>\n<tr>\n<td>\n\t\t\t\tMaks. Yan geni\u015flik<\/td>\n<td>\n\t\t\t\t\u00a0<\/td>\n<td style=\"text-align: center;\">\n\t\t\t\t<strong>mm<\/strong><\/td>\n<td style=\"text-align: center;\">\n\t\t\t\t<strong>80<\/strong><\/td>\n<td style=\"text-align: center;\">\n\t\t\t\t<strong>100<\/strong><\/td>\n<td style=\"text-align: center;\">\n\t\t\t\t<strong>120<\/strong><\/td>\n<td style=\"text-align: center;\">\n\t\t\t\t<strong>150<\/strong><\/td>\n<\/tr>\n<tr>\n<td>\n\t\t\t\tKalemlik geni\u015fli\u011fi<\/td>\n<td>\n\t\t\t\t<strong>d<\/strong><\/td>\n<td style=\"text-align: center;\">\n\t\t\t\t<strong>mm<\/strong><\/td>\n<td style=\"text-align: center;\">\n\t\t\t\t<strong>10<\/strong><\/td>\n<td style=\"text-align: center;\">\n\t\t\t\t<strong>14<\/strong><\/td>\n<td style=\"text-align: center;\">\n\t\t\t\t<strong>15<\/strong><\/td>\n<td style=\"text-align: center;\">\n\t\t\t\t<strong>20<\/strong><\/td>\n<\/tr>\n<tr>\n<td>\n\t\t\t\tKalemlik y\u00fcksekli\u011fi<\/td>\n<td>\n\t\t\t\t<strong>h<\/strong><\/td>\n<td style=\"text-align: center;\">\n\t\t\t\t<strong>mm<\/strong><\/td>\n<td style=\"text-align: center;\">\n\t\t\t\t<strong>12<\/strong><\/td>\n<td style=\"text-align: center;\">\n\t\t\t\t<strong>20<\/strong><\/td>\n<td style=\"text-align: center;\">\n\t\t\t\t<strong>20<\/strong><\/td>\n<td style=\"text-align: center;\">\n\t\t\t\t<strong>25<\/strong><\/td>\n<\/tr>\n<tr>\n<td>\n\t\t\t\tYuva \u00e7ap\u0131<\/td>\n<td>\n\t\t\t\t<strong>v<\/strong><\/td>\n<td style=\"text-align: center;\">\n\t\t\t\t<strong>mm<\/strong><\/td>\n<td style=\"text-align: center;\">\n\t\t\t\t<strong>12<\/strong><\/td>\n<td style=\"text-align: center;\">\n\t\t\t\t<strong>20<\/strong><\/td>\n<td style=\"text-align: center;\">\n\t\t\t\t<strong>20<\/strong><\/td>\n<td style=\"text-align: center;\">\n\t\t\t\t<strong>32<\/strong><\/td>\n<\/tr>\n<tr>\n<td>\n\t\t\t\tMaks. Delik \u00e7ap\u0131<\/td>\n<td>\n\t\t\t\t\u00a0<\/td>\n<td style=\"text-align: center;\">\n\t\t\t\t<strong>mm<\/strong><\/td>\n<td style=\"text-align: center;\">\n\t\t\t\t<strong>12<\/strong><\/td>\n<td style=\"text-align: center;\">\n\t\t\t\t<strong>31<\/strong><\/td>\n<td style=\"text-align: center;\">\n\t\t\t\t<strong>31<\/strong><\/td>\n<td style=\"text-align: center;\">\n\t\t\t\t<strong>51<\/strong><\/td>\n<\/tr>\n<tr>\n<td>\n\t\t\t\tKomple geni\u015flik<\/td>\n<td>\n\t\t\t\t<strong>u<\/strong><\/td>\n<td style=\"text-align: center;\">\n\t\t\t\t<strong>mm<\/strong><\/td>\n<td style=\"text-align: center;\">\n\t\t\t\t<strong>74<\/strong><\/td>\n<td style=\"text-align: center;\">\n\t\t\t\t<strong>106<\/strong><\/td>\n<td style=\"text-align: center;\">\n\t\t\t\t<strong>132\/142<\/strong><\/td>\n<td style=\"text-align: center;\">\n\t\t\t\t<strong>150\/155<\/strong><\/td>\n<\/tr>\n<tr>\n<td>\n\t\t\t\tKomple y\u00fckseklik<\/td>\n<td>\n\t\t\t\t<strong>t<\/strong><\/td>\n<td style=\"text-align: center;\">\n\t\t\t\t<strong>mm<\/strong><\/td>\n<td style=\"text-align: center;\">\n\t\t\t\t<strong>37<\/strong><\/td>\n<td style=\"text-align: center;\">\n\t\t\t\t<strong>55<\/strong><\/td>\n<td style=\"text-align: center;\">\n\t\t\t\t<strong>68<\/strong><\/td>\n<td style=\"text-align: center;\">\n\t\t\t\t<strong>78<\/strong><\/td>\n<\/tr>\n<tr>\n<td>\n\t\t\t\tMaks. Mil yuva derinli\u011fi<\/td>\n<td>\n\t\t\t\t<strong>t.max<\/strong><\/td>\n<td style=\"text-align: center;\">\n\t\t\t\t<strong>mm<\/strong><\/td>\n<td style=\"text-align: center;\">\n\t\t\t\t<strong>30<\/strong><\/td>\n<td style=\"text-align: center;\">\n\t\t\t\t<strong>35<\/strong><\/td>\n<td style=\"text-align: center;\">\n\t\t\t\t<strong>35<\/strong><\/td>\n<td style=\"text-align: center;\">\n\t\t\t\t<strong>45<\/strong><\/td>\n<\/tr>\n<\/tbody>\n<\/table>\n","protected":false},"featured_media":0,"comment_status":"open","ping_status":"closed","template":"","meta":{"_acf_changed":false},"product_brand":[1511],"product_cat":[824],"product_tag":[],"class_list":{"0":"post-22943","1":"product","2":"type-product","3":"status-publish","5":"product_brand-optimum","6":"product_cat-aksesuarlar-metal-isleme-makinalari-2","8":"first","9":"outofstock","10":"taxable","11":"shipping-taxable","12":"purchasable","13":"product-type-simple","14":"add-to-wishlist-after_add_to_cart"},"acf":[],"_links":{"self":[{"href":"https:\/\/www.makitamarket.com.tr\/site\/wp-json\/wp\/v2\/product\/22943","targetHints":{"allow":["GET"]}}],"collection":[{"href":"https:\/\/www.makitamarket.com.tr\/site\/wp-json\/wp\/v2\/product"}],"about":[{"href":"https:\/\/www.makitamarket.com.tr\/site\/wp-json\/wp\/v2\/types\/product"}],"replies":[{"embeddable":true,"href":"https:\/\/www.makitamarket.com.tr\/site\/wp-json\/wp\/v2\/comments?post=22943"}],"wp:attachment":[{"href":"https:\/\/www.makitamarket.com.tr\/site\/wp-json\/wp\/v2\/media?parent=22943"}],"wp:term":[{"taxonomy":"product_brand","embeddable":true,"href":"https:\/\/www.makitamarket.com.tr\/site\/wp-json\/wp\/v2\/product_brand?post=22943"},{"taxonomy":"product_cat","embeddable":true,"href":"https:\/\/www.makitamarket.com.tr\/site\/wp-json\/wp\/v2\/product_cat?post=22943"},{"taxonomy":"product_tag","embeddable":true,"href":"https:\/\/www.makitamarket.com.tr\/site\/wp-json\/wp\/v2\/product_tag?post=22943"}],"curies":[{"name":"wp","href":"https:\/\/api.w.org\/{rel}","templated":true}]}}