{"id":22974,"date":"2025-01-06T16:36:03","date_gmt":"2025-01-06T13:36:03","guid":{"rendered":"https:\/\/www.makitamarket.com.tr\/site\/urun\/knipex-974915-97-43-200a-icin-cene\/"},"modified":"2026-04-06T12:50:45","modified_gmt":"2026-04-06T09:50:45","slug":"knipex-974915-97-43-200a-icin-cene","status":"publish","type":"product","link":"https:\/\/www.makitamarket.com.tr\/site\/urun\/knipex-974915-97-43-200a-icin-cene\/","title":{"rendered":"Knipex 974915 97 43 200A \u0130\u00c7\u0130N \u00c7ENE"},"content":{"rendered":"<p><b>97 49 15 S\u0131kma profili<\/b><br \/>. Uygulama: Bayrak terminalleri ve yal\u0131t\u0131ms\u0131z, a\u00e7\u0131k fi\u015fli tip konekt\u00f6rler (6,3 mm konekt\u00f6r geni\u015fli\u011fi) 1,25-2,5 + 3,0-6,0 mm\u00b2. <\/p>\n<li><b>Kapasite milimetrekare: <\/b>1,5 \u2014 6 mm\u00b2<\/li>\n<li><b>Yuva say\u0131s\u0131: <\/b>2<\/li>\n<li><b>AWG: <\/b>16 \u2014 10 <\/li>\n<table>\n<tr>\n<td>A\u00e7\u0131klama<\/td>\n<td>4.8mm:1-6 mm2 6.8mm:1-2.5 mm<\/td>\n<\/tr>\n<tr>\n<td>AWG<\/td>\n<td>17-13 12-9<\/td>\n<\/tr>\n<\/table>\n","protected":false},"excerpt":{"rendered":"<p><b>97 49 15 S\u0131kma profili<\/b><br \/>. Uygulama: Bayrak terminalleri ve yal\u0131t\u0131ms\u0131z, a\u00e7\u0131k fi\u015fli tip konekt\u00f6rler (6,3 mm konekt\u00f6r geni\u015fli\u011fi) 1,25-2,5 + 3,0-6,0 mm\u00b2. <\/p>\n<li><b>Kapasite milimetrekare: <\/b>1,5 \u2014 6 mm\u00b2<\/li>\n<li><b>Yuva say\u0131s\u0131: <\/b>2<\/li>\n<li><b>AWG: <\/b>16 \u2014 10 <\/li>\n","protected":false},"featured_media":9666,"comment_status":"open","ping_status":"closed","template":"","meta":{"_acf_changed":false},"product_brand":[1486],"product_cat":[852],"product_tag":[],"class_list":{"0":"post-22974","1":"product","2":"type-product","3":"status-publish","4":"has-post-thumbnail","6":"product_brand-knipex","7":"product_cat-kablo-yuksuk-ve-pabuc-sikmalar","9":"first","10":"instock","11":"taxable","12":"shipping-taxable","13":"purchasable","14":"product-type-simple","15":"add-to-wishlist-after_add_to_cart"},"acf":[],"_links":{"self":[{"href":"https:\/\/www.makitamarket.com.tr\/site\/wp-json\/wp\/v2\/product\/22974","targetHints":{"allow":["GET"]}}],"collection":[{"href":"https:\/\/www.makitamarket.com.tr\/site\/wp-json\/wp\/v2\/product"}],"about":[{"href":"https:\/\/www.makitamarket.com.tr\/site\/wp-json\/wp\/v2\/types\/product"}],"replies":[{"embeddable":true,"href":"https:\/\/www.makitamarket.com.tr\/site\/wp-json\/wp\/v2\/comments?post=22974"}],"wp:featuredmedia":[{"embeddable":true,"href":"https:\/\/www.makitamarket.com.tr\/site\/wp-json\/wp\/v2\/media\/9666"}],"wp:attachment":[{"href":"https:\/\/www.makitamarket.com.tr\/site\/wp-json\/wp\/v2\/media?parent=22974"}],"wp:term":[{"taxonomy":"product_brand","embeddable":true,"href":"https:\/\/www.makitamarket.com.tr\/site\/wp-json\/wp\/v2\/product_brand?post=22974"},{"taxonomy":"product_cat","embeddable":true,"href":"https:\/\/www.makitamarket.com.tr\/site\/wp-json\/wp\/v2\/product_cat?post=22974"},{"taxonomy":"product_tag","embeddable":true,"href":"https:\/\/www.makitamarket.com.tr\/site\/wp-json\/wp\/v2\/product_tag?post=22974"}],"curies":[{"name":"wp","href":"https:\/\/api.w.org\/{rel}","templated":true}]}}