{"id":23051,"date":"2025-01-06T16:36:41","date_gmt":"2025-01-06T13:36:41","guid":{"rendered":"https:\/\/www.makitamarket.com.tr\/site\/urun\/rainpump-jet1100g1-paslanmaz-celik-govdeli-seri-jet-pompa\/"},"modified":"2025-11-16T05:25:32","modified_gmt":"2025-11-16T02:25:32","slug":"rainpump-jet1100g1-paslanmaz-celik-govdeli-seri-jet-pompa","status":"publish","type":"product","link":"https:\/\/www.makitamarket.com.tr\/site\/urun\/rainpump-jet1100g1-paslanmaz-celik-govdeli-seri-jet-pompa\/","title":{"rendered":"Rainpump JET1100G1 PASLANMAZ \u00c7EL\u0130K G\u00d6VDEL\u0130 SER\u0130 JET POMPA"},"content":{"rendered":"<table>\n<tr>\n<td>G\u00fc\u00e7 (Kw-Hp)<\/td>\n<td>1,1kw-1,5hp<\/td>\n<\/tr>\n<tr>\n<td>Giri\u015f \u00c7ap\u0131  (\u0130nch)<\/td>\n<td>1&#8243;<\/td>\n<\/tr>\n<tr>\n<td>\u00c7\u0131k\u0131\u015f \u00e7ap\u0131<\/td>\n<td>1&#8243;<\/td>\n<\/tr>\n<tr>\n<td>Emme Derinli\u011fi<\/td>\n<td>9<\/td>\n<\/tr>\n<tr>\n<td>Maksimum Basma Y\u00fcksekli\u011fi (m)<\/td>\n<td>48<\/td>\n<\/tr>\n<tr>\n<td>Y\u00fckseklik (m)<\/td>\n<td>48<\/td>\n<\/tr>\n<tr>\n<td>A\u011f\u0131rl\u0131k (Kg)<\/td>\n<td>14.5<\/td>\n<\/tr>\n<tr>\n<td>Voltaj<\/td>\n<td>220V (Monofaze)<\/td>\n<\/tr>\n<tr>\n<td>Basma Y\u00fcksekli\u011fi<\/td>\n<td>0,3-44\/0,6-42-0,9-39,5\/1,2-38-1,5-35,5\/1,8-32-2,1-30\/2,4-29-2,7-20\/3-14-3,3-7\/3,6-2<\/td>\n<\/tr>\n<tr>\n<td>Max. Bas\u0131n\u00e7<\/td>\n<td>6 bar<\/td>\n<\/tr>\n<tr>\n<td>\u00d6l\u00e7\u00fc (mm)<\/td>\n<td>485x245x270<\/td>\n<\/tr>\n<\/table>\n","protected":false},"excerpt":{"rendered":"<p>G\u00fc\u00e7 (Kw-Hp) 1,1kw-1,5hp Giri\u015f \u00c7ap\u0131 (\u0130nch) 1&#8243; \u00c7\u0131k\u0131\u015f \u00e7ap\u0131 1&#8243; Emme Derinli\u011fi 9 Maksimum Basma Y\u00fcksekli\u011fi (m) 48 Y\u00fckseklik (m) 48 A\u011f\u0131rl\u0131k (Kg) 14.5 Voltaj 220V (Monofaze) Basma Y\u00fcksekli\u011fi 0,3-44\/0,6-42-0,9-39,5\/1,2-38-1,5-35,5\/1,8-32-2,1-30\/2,4-29-2,7-20\/3-14-3,3-7\/3,6-2<\/p>\n","protected":false},"featured_media":10157,"comment_status":"open","ping_status":"closed","template":"","meta":{"_acf_changed":false},"product_brand":[1517],"product_cat":[1039],"product_tag":[],"class_list":{"0":"post-23051","1":"product","2":"type-product","3":"status-publish","4":"has-post-thumbnail","6":"product_brand-rainpump","7":"product_cat-jet-pompalar","9":"first","10":"outofstock","11":"taxable","12":"shipping-taxable","13":"purchasable","14":"product-type-simple","15":"add-to-wishlist-after_add_to_cart"},"acf":[],"_links":{"self":[{"href":"https:\/\/www.makitamarket.com.tr\/site\/wp-json\/wp\/v2\/product\/23051","targetHints":{"allow":["GET"]}}],"collection":[{"href":"https:\/\/www.makitamarket.com.tr\/site\/wp-json\/wp\/v2\/product"}],"about":[{"href":"https:\/\/www.makitamarket.com.tr\/site\/wp-json\/wp\/v2\/types\/product"}],"replies":[{"embeddable":true,"href":"https:\/\/www.makitamarket.com.tr\/site\/wp-json\/wp\/v2\/comments?post=23051"}],"wp:featuredmedia":[{"embeddable":true,"href":"https:\/\/www.makitamarket.com.tr\/site\/wp-json\/wp\/v2\/media\/10157"}],"wp:attachment":[{"href":"https:\/\/www.makitamarket.com.tr\/site\/wp-json\/wp\/v2\/media?parent=23051"}],"wp:term":[{"taxonomy":"product_brand","embeddable":true,"href":"https:\/\/www.makitamarket.com.tr\/site\/wp-json\/wp\/v2\/product_brand?post=23051"},{"taxonomy":"product_cat","embeddable":true,"href":"https:\/\/www.makitamarket.com.tr\/site\/wp-json\/wp\/v2\/product_cat?post=23051"},{"taxonomy":"product_tag","embeddable":true,"href":"https:\/\/www.makitamarket.com.tr\/site\/wp-json\/wp\/v2\/product_tag?post=23051"}],"curies":[{"name":"wp","href":"https:\/\/api.w.org\/{rel}","templated":true}]}}