{"id":23060,"date":"2025-01-06T16:36:47","date_gmt":"2025-01-06T13:36:47","guid":{"rendered":"https:\/\/www.makitamarket.com.tr\/site\/urun\/makita-hg6531ck-isitici\/"},"modified":"2026-04-13T19:33:51","modified_gmt":"2026-04-13T16:33:51","slug":"makita-hg6531ck-isitici","status":"publish","type":"product","link":"https:\/\/www.makitamarket.com.tr\/site\/urun\/makita-hg6531ck-isitici\/","title":{"rendered":"Makita HG6531CK ISITICI"},"content":{"rendered":"<p><span style=\"background-color: white; color: rgb(33, 37, 41);\">Model HG6531CK<\/span><\/p>\n<p><span style=\"background-color: white; color: rgb(33, 37, 41);\">Is\u0131t\u0131c\u0131lar<\/span><\/p>\n<p><strong style=\"background-color: white; color: rgb(0, 112, 192);\">\u00c7e\u015fitli \u0131s\u0131 uygulamalar\u0131 i\u00e7in dijital kontroll\u00fc profesyonel \u0131s\u0131 tabancas\u0131 modeli<\/strong><\/p>\n<p><span style=\"background-color: white; color: rgb(33, 37, 41);\">Boya s\u00f6kme, plastik \u015fekillendirme, yap\u0131\u015ft\u0131r\u0131c\u0131 kurutma ve hassas \u0131s\u0131 uygulamalar\u0131 i\u00e7in tasarlanm\u0131\u015f, dijital kontroll\u00fc profesyonel bir \u0131s\u0131 tabancas\u0131 modelidir. 2000 W motor g\u00fcc\u00fc, 50\u00b0C ile 650\u00b0C aras\u0131nda hassas bir \u015fekilde ayarlanabilir s\u0131cakl\u0131k ve 5 farkl\u0131 hava ak\u0131\u015f ayar\u0131 sunar.Ergonomik tasar\u0131m\u0131 ve hafif yap\u0131s\u0131yla konforlu bir kullan\u0131m sunar. Genellikle marangozluk, otomotiv, end\u00fcstriyel projeler ve profesyonel tadilat i\u015fleri i\u00e7in tercih edilir. \u00c7e\u015fitli ba\u015fl\u0131k aksesuarlar\u0131 ve dayan\u0131kl\u0131 ta\u015f\u0131ma \u00e7antas\u0131yla birlikte gelir.<\/span><\/p>\n<p><span style=\"color: red;\">Kullan\u0131m amac\u0131: <\/span>Y\u00fczey temizleme, boya s\u00f6kme, lehimleme, plastik \u015fekillendirme gibi i\u015flemler i\u00e7in tasarlanm\u0131\u015f s\u0131cak hava tabancalar\u0131d\u0131r.<\/p>\n<p><u>\u00d6zellikleri:<\/u><\/p>\n<p><span style=\"color: red;\">G\u00fc\u00e7 Kayna\u011f\u0131:<\/span>Aletin,yaln\u0131zca isim levhas\u0131nda belirtilenle ayn\u0131 voltajl\u0131 g\u00fc\u00e7 kayna\u011f\u0131na ba\u011flanmas\u0131 gerekir ve yaln\u0131zca tek fazl\u0131 AC g\u00fc\u00e7 kayna\u011f\u0131yla \u00e7al\u0131\u015ft\u0131r\u0131labilir. \u00c7ifte yal\u0131t\u0131ml\u0131d\u0131r ve topraklamas\u0131z prizlerle de kullan\u0131labilir.<\/p>\n<ol>\n<li data-list=\"bullet\"><span class=\"ql-ui\" contenteditable=\"false\"><\/span>\u00c7ift yal\u0131t\u0131ml\u0131d\u0131r.<\/li>\n<li data-list=\"bullet\"><span class=\"ql-ui\" contenteditable=\"false\"><\/span>De\u011fi\u015fken h\u0131z \u00f6zelli\u011fine sahiptir.<\/li>\n<li data-list=\"bullet\"><span class=\"ql-ui\" contenteditable=\"false\"><\/span><span style=\"color: rgb(33, 37, 41);\">Plastik ta\u015f\u0131ma \u00e7antal\u0131d\u0131r.<\/span><\/li>\n<\/ol>\n<p><span style=\"color: red;\">5 kademeli dijital g\u00f6stergeli <\/span><\/p>\n<p>Ambalaj i\u00e7eri\u011fi: Cam koruma nozulu, yans\u0131tma nozulu, daraltma nozulu, geni\u015f a\u011f\u0131z nozulu, bindirme kayna\u011f\u0131 nozulu, kaynak nozulu, lehim nozulu, bask\u0131 makaras\u0131 <\/p>\n<p><\/p>\n<table>\n<tr>\n<td>S\u00fcrekli Ak\u0131m Giri\u015fi<\/td>\n<td>2000W<\/td>\n<\/tr>\n<tr>\n<td>S\u0131cakl\u0131k De\u011feri  C\u00b0<\/td>\n<td>50-650<\/td>\n<\/tr>\n<tr>\n<td>Hava Ak\u0131m\u0131<\/td>\n<td>100-550 L\/dak<\/td>\n<\/tr>\n<tr>\n<td>Net A\u011f\u0131rl\u0131k<\/td>\n<td>0.72 kg<\/td>\n<\/tr>\n<\/table>\n","protected":false},"excerpt":{"rendered":"<p><span style=\"background-color: white; color: rgb(33, 37, 41);\">Model HG6531CK<\/span><\/p>\n<p><span style=\"background-color: white; color: rgb(33, 37, 41);\">Is\u0131t\u0131c\u0131lar<\/span><\/p>\n<p><strong style=\"background-color: white; color: rgb(0, 112, 192);\">\u00c7e\u015fitli \u0131s\u0131 uygulamalar\u0131 i\u00e7in dijital kontroll\u00fc profesyonel \u0131s\u0131 tabancas\u0131 modeli<\/strong><\/p>\n<p><span style=\"background-color: white; color: rgb(33, 37, 41);\">Boya s\u00f6kme, plastik \u015fekillendirme, yap\u0131\u015ft\u0131r\u0131c\u0131 kurutma ve hassas \u0131s\u0131 uygulamalar\u0131 i\u00e7in tasarlanm\u0131\u015f, dijital kontroll\u00fc profesyonel bir \u0131s\u0131 tabancas\u0131 modelidir. 2000 W motor g\u00fcc\u00fc, 50\u00b0C ile 650\u00b0C aras\u0131nda hassas bir \u015fekilde ayarlanabilir s\u0131cakl\u0131k ve 5 farkl\u0131 hava ak\u0131\u015f ayar\u0131 sunar.Ergonomik tasar\u0131m\u0131 ve hafif yap\u0131s\u0131yla konforlu bir kullan\u0131m sunar. Genellikle marangozluk, otomotiv, end\u00fcstriyel projeler ve profesyonel tadilat i\u015fleri i\u00e7in tercih edilir. \u00c7e\u015fitli ba\u015fl\u0131k aksesuarlar\u0131 ve dayan\u0131kl\u0131 ta\u015f\u0131ma \u00e7antas\u0131yla birlikte gelir.<\/span><\/p>\n<p><span style=\"color: red;\">Kullan\u0131m amac\u0131: <\/span>Y\u00fczey temizleme, boya s\u00f6kme, lehimleme, plastik \u015fekillendirme gibi i\u015flemler i\u00e7in tasarlanm\u0131\u015f s\u0131cak hava tabancalar\u0131d\u0131r.<\/p>\n<p><u>\u00d6zellikleri:<\/u><\/p>\n<p><span style=\"color: red;\">G\u00fc\u00e7 Kayna\u011f\u0131:<\/span>Aletin,yaln\u0131zca isim levhas\u0131nda belirtilenle ayn\u0131 voltajl\u0131 g\u00fc\u00e7 kayna\u011f\u0131na ba\u011flanmas\u0131 gerekir ve yaln\u0131zca tek fazl\u0131 AC g\u00fc\u00e7 kayna\u011f\u0131yla \u00e7al\u0131\u015ft\u0131r\u0131labilir. \u00c7ifte yal\u0131t\u0131ml\u0131d\u0131r ve topraklamas\u0131z prizlerle de kullan\u0131labilir.<\/p>\n<ol>\n<li data-list=\"bullet\"><span class=\"ql-ui\" contenteditable=\"false\"><\/span>\u00c7ift yal\u0131t\u0131ml\u0131d\u0131r.<\/li>\n<li data-list=\"bullet\"><span class=\"ql-ui\" contenteditable=\"false\"><\/span>De\u011fi\u015fken h\u0131z \u00f6zelli\u011fine sahiptir.<\/li>\n<li data-list=\"bullet\"><span class=\"ql-ui\" contenteditable=\"false\"><\/span><span style=\"color: rgb(33, 37, 41);\">Plastik ta\u015f\u0131ma \u00e7antal\u0131d\u0131r.<\/span><\/li>\n<\/ol>\n<p><span style=\"color: red;\">5 kademeli dijital g\u00f6stergeli <\/span><\/p>\n<p>Ambalaj i\u00e7eri\u011fi: Cam koruma nozulu, yans\u0131tma nozulu, daraltma nozulu, geni\u015f a\u011f\u0131z nozulu, bindirme kayna\u011f\u0131 nozulu, kaynak nozulu, lehim nozulu, bask\u0131 makaras\u0131 <\/p>\n<p><\/p>\n","protected":false},"featured_media":10210,"comment_status":"open","ping_status":"closed","template":"","meta":{"_acf_changed":false},"product_brand":[1485],"product_cat":[1044],"product_tag":[],"class_list":{"0":"post-23060","1":"product","2":"type-product","3":"status-publish","4":"has-post-thumbnail","6":"product_brand-makita","7":"product_cat-isiticilar","9":"first","10":"instock","11":"taxable","12":"shipping-taxable","13":"purchasable","14":"product-type-simple","15":"add-to-wishlist-after_add_to_cart"},"acf":[],"_links":{"self":[{"href":"https:\/\/www.makitamarket.com.tr\/site\/wp-json\/wp\/v2\/product\/23060","targetHints":{"allow":["GET"]}}],"collection":[{"href":"https:\/\/www.makitamarket.com.tr\/site\/wp-json\/wp\/v2\/product"}],"about":[{"href":"https:\/\/www.makitamarket.com.tr\/site\/wp-json\/wp\/v2\/types\/product"}],"replies":[{"embeddable":true,"href":"https:\/\/www.makitamarket.com.tr\/site\/wp-json\/wp\/v2\/comments?post=23060"}],"wp:featuredmedia":[{"embeddable":true,"href":"https:\/\/www.makitamarket.com.tr\/site\/wp-json\/wp\/v2\/media\/10210"}],"wp:attachment":[{"href":"https:\/\/www.makitamarket.com.tr\/site\/wp-json\/wp\/v2\/media?parent=23060"}],"wp:term":[{"taxonomy":"product_brand","embeddable":true,"href":"https:\/\/www.makitamarket.com.tr\/site\/wp-json\/wp\/v2\/product_brand?post=23060"},{"taxonomy":"product_cat","embeddable":true,"href":"https:\/\/www.makitamarket.com.tr\/site\/wp-json\/wp\/v2\/product_cat?post=23060"},{"taxonomy":"product_tag","embeddable":true,"href":"https:\/\/www.makitamarket.com.tr\/site\/wp-json\/wp\/v2\/product_tag?post=23060"}],"curies":[{"name":"wp","href":"https:\/\/api.w.org\/{rel}","templated":true}]}}