{"id":23116,"date":"2025-01-06T16:37:25","date_gmt":"2025-01-06T13:37:25","guid":{"rendered":"https:\/\/www.makitamarket.com.tr\/site\/urun\/gison-gp853h-havali-silikon-tabancasi\/"},"modified":"2026-04-06T13:22:10","modified_gmt":"2026-04-06T10:22:10","slug":"gison-gp853h-havali-silikon-tabancasi","status":"publish","type":"product","link":"https:\/\/www.makitamarket.com.tr\/site\/urun\/gison-gp853h-havali-silikon-tabancasi\/","title":{"rendered":"Gison GP853H HAVALI S\u0130L\u0130KON TABANCASI"},"content":{"rendered":"<div>\n\t\u2022<strong>\u00a0Kartu\u015f Tip Silikon Kullan\u0131r<\/strong><\/div>\n<div>\n\t\u2022<strong>\u00a0<\/strong>Damlatmaz<\/div>\n<div>\n\t\u2022 Al\u00fcminyum T\u00fcp<\/div>\n<div>\n\t\u2022<strong>\u00a0<\/strong>D\u00fc\u015f\u00fck A\u011f\u0131rl\u0131k<\/div>\n<div>\n\t<strong>Kullan\u0131m Alanlar\u0131 :<\/strong><\/div>\n<div>\n\tSilikon tip kimyasal yap\u0131\u015ft\u0131r\u0131c\u0131lar\u0131n seri ve kolay bir \u015fekilde kullan\u0131lmas\u0131 gereken yerler (du\u015fa-kabin imalathaneleri vbg.)<\/div>\n<table>\n<tr>\n<td>Hava Bas\u0131nc\u0131<\/td>\n<td><\/td>\n<\/tr>\n<tr>\n<td>Kartu\u015f Kapasitesi<\/td>\n<td>9, 11, 13 oz<\/td>\n<\/tr>\n<tr>\n<td>Net A\u011f\u0131rl\u0131k<\/td>\n<td>0.80 kg.<\/td>\n<\/tr>\n<tr>\n<td>Uzunluk<\/td>\n<td>380 mm.<\/td>\n<\/tr>\n<tr>\n<td>Hava Bas\u0131nc\u0131<\/td>\n<td>30~90 psi (2.1~ 6.3 kg.\/cm\u00b2)<\/td>\n<\/tr>\n<tr>\n<td>Standart\u0131<\/td>\n<td>CE-Made in Taiwan<\/td>\n<\/tr>\n<\/table>\n","protected":false},"excerpt":{"rendered":"<div>\n\t\u2022<strong>\u00a0Kartu\u015f Tip Silikon Kullan\u0131r<\/strong><\/div>\n<div>\n\t\u2022<strong>\u00a0<\/strong>Damlatmaz<\/div>\n<div>\n\t\u2022 Al\u00fcminyum T\u00fcp<\/div>\n<div>\n\t\u2022<strong>\u00a0<\/strong>D\u00fc\u015f\u00fck A\u011f\u0131rl\u0131k<\/div>\n<div>\n\t<strong>Kullan\u0131m Alanlar\u0131 :<\/strong><\/div>\n<div>\n\tSilikon tip kimyasal yap\u0131\u015ft\u0131r\u0131c\u0131lar\u0131n seri ve kolay bir \u015fekilde kullan\u0131lmas\u0131 gereken yerler (du\u015fa-kabin imalathaneleri vbg.)<\/div>\n","protected":false},"featured_media":10715,"comment_status":"open","ping_status":"closed","template":"","meta":{"_acf_changed":false},"product_brand":[1512],"product_cat":[1040],"product_tag":[],"class_list":{"0":"post-23116","1":"product","2":"type-product","3":"status-publish","4":"has-post-thumbnail","6":"product_brand-gison","7":"product_cat-havali-tabancalar","9":"first","10":"instock","11":"taxable","12":"shipping-taxable","13":"purchasable","14":"product-type-simple","15":"add-to-wishlist-after_add_to_cart"},"acf":[],"_links":{"self":[{"href":"https:\/\/www.makitamarket.com.tr\/site\/wp-json\/wp\/v2\/product\/23116","targetHints":{"allow":["GET"]}}],"collection":[{"href":"https:\/\/www.makitamarket.com.tr\/site\/wp-json\/wp\/v2\/product"}],"about":[{"href":"https:\/\/www.makitamarket.com.tr\/site\/wp-json\/wp\/v2\/types\/product"}],"replies":[{"embeddable":true,"href":"https:\/\/www.makitamarket.com.tr\/site\/wp-json\/wp\/v2\/comments?post=23116"}],"wp:featuredmedia":[{"embeddable":true,"href":"https:\/\/www.makitamarket.com.tr\/site\/wp-json\/wp\/v2\/media\/10715"}],"wp:attachment":[{"href":"https:\/\/www.makitamarket.com.tr\/site\/wp-json\/wp\/v2\/media?parent=23116"}],"wp:term":[{"taxonomy":"product_brand","embeddable":true,"href":"https:\/\/www.makitamarket.com.tr\/site\/wp-json\/wp\/v2\/product_brand?post=23116"},{"taxonomy":"product_cat","embeddable":true,"href":"https:\/\/www.makitamarket.com.tr\/site\/wp-json\/wp\/v2\/product_cat?post=23116"},{"taxonomy":"product_tag","embeddable":true,"href":"https:\/\/www.makitamarket.com.tr\/site\/wp-json\/wp\/v2\/product_tag?post=23116"}],"curies":[{"name":"wp","href":"https:\/\/api.w.org\/{rel}","templated":true}]}}