{"id":23179,"date":"2025-01-06T16:38:14","date_gmt":"2025-01-06T13:38:14","guid":{"rendered":"https:\/\/www.makitamarket.com.tr\/site\/urun\/proscr-scr02647-tornavida-seti-6-parcali\/"},"modified":"2025-11-16T06:09:55","modified_gmt":"2025-11-16T03:09:55","slug":"proscr-scr02647-tornavida-seti-6-parcali","status":"publish","type":"product","link":"https:\/\/www.makitamarket.com.tr\/site\/urun\/proscr-scr02647-tornavida-seti-6-parcali\/","title":{"rendered":"Proscr SCR02647 TORNAV\u0130DA SET\u0130 6 PAR\u00c7ALI"},"content":{"rendered":"<ul>\n<li>\n\t\tChrome Vanadium \u00c7elik\u00a0<\/li>\n<li>\n\t\tM\u0131knat\u0131sl\u0131 u\u00e7\u00a0<\/li>\n<li>\n\t\tY\u00fcksek Darbeye Dayan\u0131kl\u0131 Sap<\/li>\n<\/ul>\n<table>\n<tr>\n<td>Tipi<\/td>\n<td>6&#8217;l\u0131 D\u00fcz Tornavida Seti<\/td>\n<\/tr>\n<tr>\n<td>Set \u0130\u00e7eri\u011fi<\/td>\n<td>D\u00dcZ: 3&#215;100, 4&#215;100, 5&#215;100, 6&#215;100, 6&#215;150, 7x150mm.<\/td>\n<\/tr>\n<tr>\n<td>Koli \u0130\u00e7i Adedi<\/td>\n<td>30 Ad.<\/td>\n<\/tr>\n<\/table>\n","protected":false},"excerpt":{"rendered":"<ul>\n<li>\n\t\tChrome Vanadium \u00c7elik\u00a0<\/li>\n<li>\n\t\tM\u0131knat\u0131sl\u0131 u\u00e7\u00a0<\/li>\n<li>\n\t\tY\u00fcksek Darbeye Dayan\u0131kl\u0131 Sap<\/li>\n<\/ul>\n","protected":false},"featured_media":11359,"comment_status":"open","ping_status":"closed","template":"","meta":{"_acf_changed":false},"product_brand":[1523],"product_cat":[1129],"product_tag":[],"class_list":{"0":"post-23179","1":"product","2":"type-product","3":"status-publish","4":"has-post-thumbnail","6":"product_brand-proscr","7":"product_cat-takim-set-tornavidalar","9":"first","10":"outofstock","11":"taxable","12":"shipping-taxable","13":"purchasable","14":"product-type-simple","15":"add-to-wishlist-after_add_to_cart"},"acf":[],"_links":{"self":[{"href":"https:\/\/www.makitamarket.com.tr\/site\/wp-json\/wp\/v2\/product\/23179","targetHints":{"allow":["GET"]}}],"collection":[{"href":"https:\/\/www.makitamarket.com.tr\/site\/wp-json\/wp\/v2\/product"}],"about":[{"href":"https:\/\/www.makitamarket.com.tr\/site\/wp-json\/wp\/v2\/types\/product"}],"replies":[{"embeddable":true,"href":"https:\/\/www.makitamarket.com.tr\/site\/wp-json\/wp\/v2\/comments?post=23179"}],"wp:featuredmedia":[{"embeddable":true,"href":"https:\/\/www.makitamarket.com.tr\/site\/wp-json\/wp\/v2\/media\/11359"}],"wp:attachment":[{"href":"https:\/\/www.makitamarket.com.tr\/site\/wp-json\/wp\/v2\/media?parent=23179"}],"wp:term":[{"taxonomy":"product_brand","embeddable":true,"href":"https:\/\/www.makitamarket.com.tr\/site\/wp-json\/wp\/v2\/product_brand?post=23179"},{"taxonomy":"product_cat","embeddable":true,"href":"https:\/\/www.makitamarket.com.tr\/site\/wp-json\/wp\/v2\/product_cat?post=23179"},{"taxonomy":"product_tag","embeddable":true,"href":"https:\/\/www.makitamarket.com.tr\/site\/wp-json\/wp\/v2\/product_tag?post=23179"}],"curies":[{"name":"wp","href":"https:\/\/api.w.org\/{rel}","templated":true}]}}