{"id":23184,"date":"2025-01-06T16:38:18","date_gmt":"2025-01-06T13:38:18","guid":{"rendered":"https:\/\/www.makitamarket.com.tr\/site\/urun\/makita-b-09662-aluminyum-kesim-daire-testere-260x100-dis\/"},"modified":"2025-11-16T06:15:44","modified_gmt":"2025-11-16T03:15:44","slug":"makita-b-09662-aluminyum-kesim-daire-testere-260x100-dis","status":"publish","type":"product","link":"https:\/\/www.makitamarket.com.tr\/site\/urun\/makita-b-09662-aluminyum-kesim-daire-testere-260x100-dis\/","title":{"rendered":"Makita B-09662 AL\u00dcM\u0130NYUM KES\u0130M DA\u0130RE TESTERE 260&#215;100 D\u0130\u015e"},"content":{"rendered":"<p>\n\t<span id=\"result_box\" lang=\"tr\"><span title=\"Excellent cutting performance in Aluminium, copper, brass, bronze and other non-ferrous metals.\n\">Al\u00fcminyum, bak\u0131r, pirin\u00e7, bronz ve di\u011fer demir d\u0131\u015f\u0131 metallerde m\u00fckemmel kesme<\/span><span title=\"Makita Specialized for Aluminium Cutting are a range of blades for portable, Mitre and table saws with excellent cutting performance in Aluminium, copper, brass, bronze and other non-ferrous metals.\n\n\"> performans\u0131na sahip, ta\u015f\u0131nabilir, G\u00f6nye ve sehpal\u0131 testerelerde kullan\u0131l\u0131r.<\/span><span title=\"The blades are also suitable for working on plastics and laminated wood.\n\"> Testere, plastik ve lamine ah\u015fap \u00fczerinde \u00e7al\u0131\u015fmak i\u00e7in de uygundur.<\/span><span title=\"Blade ID - MSA260100G\n\n\"><br \/>\n\t<\/span><\/span><\/p>\n<table>\n<tr>\n<td>Testere \u00e7ap\u0131<\/td>\n<td>260 mm<\/td>\n<\/tr>\n<tr>\n<td>G\u00f6bek \u00e7ap\u0131<\/td>\n<td>30 mm<\/td>\n<\/tr>\n<tr>\n<td>Y\u00fcz\u00fck \u00c7ap\u0131<\/td>\n<td>&#8211;<\/td>\n<\/tr>\n<tr>\n<td>Elmas Kal\u0131nl\u0131\u011f\u0131<\/td>\n<td>2.4 mm<\/td>\n<\/tr>\n<tr>\n<td>G\u00f6vde Kal\u0131nl\u0131\u011f\u0131<\/td>\n<td>1.8 mm<\/td>\n<\/tr>\n<tr>\n<td>Di\u015f Say\u0131s\u0131<\/td>\n<td>100<\/td>\n<\/tr>\n<tr>\n<td>Elmas A\u00e7\u0131s\u0131<\/td>\n<td>-5\u02da<\/td>\n<\/tr>\n<tr>\n<td>Di\u015f Tipi<\/td>\n<td>TCG<\/td>\n<\/tr>\n<tr>\n<td>Kullan\u0131m Alan\u0131<\/td>\n<td>Ah\u015fap<\/td>\n<\/tr>\n<\/table>\n","protected":false},"excerpt":{"rendered":"<p>\n\t<span id=\"result_box\" lang=\"tr\"><span title=\"Excellent cutting performance in Aluminium, copper, brass, bronze and other non-ferrous metals.\n\">Al\u00fcminyum, bak\u0131r, pirin\u00e7, bronz ve di\u011fer demir d\u0131\u015f\u0131 metallerde m\u00fckemmel kesme<\/span><span title=\"Makita Specialized for Aluminium Cutting are a range of blades for portable, Mitre and table saws with excellent cutting performance in Aluminium, copper, brass, bronze and other non-ferrous metals.\n\n\"> performans\u0131na sahip, ta\u015f\u0131nabilir, G\u00f6nye ve sehpal\u0131 testerelerde kullan\u0131l\u0131r.<\/span><span title=\"The blades are also suitable for working on plastics and laminated wood.\n\"> Testere, plastik ve lamine ah\u015fap \u00fczerinde \u00e7al\u0131\u015fmak i\u00e7in de uygundur.<\/span><span title=\"Blade ID - MSA260100G\n\n\"><br \/>\n\t<\/span><\/span><\/p>\n","protected":false},"featured_media":11423,"comment_status":"open","ping_status":"closed","template":"","meta":{"_acf_changed":false},"product_brand":[1485],"product_cat":[1035],"product_tag":[],"class_list":{"0":"post-23184","1":"product","2":"type-product","3":"status-publish","4":"has-post-thumbnail","6":"product_brand-makita","7":"product_cat-aluminyum-kesim-daire-testereler","9":"first","10":"outofstock","11":"taxable","12":"shipping-taxable","13":"purchasable","14":"product-type-simple","15":"add-to-wishlist-after_add_to_cart"},"acf":[],"_links":{"self":[{"href":"https:\/\/www.makitamarket.com.tr\/site\/wp-json\/wp\/v2\/product\/23184","targetHints":{"allow":["GET"]}}],"collection":[{"href":"https:\/\/www.makitamarket.com.tr\/site\/wp-json\/wp\/v2\/product"}],"about":[{"href":"https:\/\/www.makitamarket.com.tr\/site\/wp-json\/wp\/v2\/types\/product"}],"replies":[{"embeddable":true,"href":"https:\/\/www.makitamarket.com.tr\/site\/wp-json\/wp\/v2\/comments?post=23184"}],"wp:featuredmedia":[{"embeddable":true,"href":"https:\/\/www.makitamarket.com.tr\/site\/wp-json\/wp\/v2\/media\/11423"}],"wp:attachment":[{"href":"https:\/\/www.makitamarket.com.tr\/site\/wp-json\/wp\/v2\/media?parent=23184"}],"wp:term":[{"taxonomy":"product_brand","embeddable":true,"href":"https:\/\/www.makitamarket.com.tr\/site\/wp-json\/wp\/v2\/product_brand?post=23184"},{"taxonomy":"product_cat","embeddable":true,"href":"https:\/\/www.makitamarket.com.tr\/site\/wp-json\/wp\/v2\/product_cat?post=23184"},{"taxonomy":"product_tag","embeddable":true,"href":"https:\/\/www.makitamarket.com.tr\/site\/wp-json\/wp\/v2\/product_tag?post=23184"}],"curies":[{"name":"wp","href":"https:\/\/api.w.org\/{rel}","templated":true}]}}