{"id":23396,"date":"2025-01-06T16:40:57","date_gmt":"2025-01-06T13:40:57","guid":{"rendered":"https:\/\/www.makitamarket.com.tr\/site\/urun\/powerwash-pw108-hali-yikama-kimyasali\/"},"modified":"2025-11-16T07:16:56","modified_gmt":"2025-11-16T04:16:56","slug":"powerwash-pw108-hali-yikama-kimyasali","status":"publish","type":"product","link":"https:\/\/www.makitamarket.com.tr\/site\/urun\/powerwash-pw108-hali-yikama-kimyasali\/","title":{"rendered":"Powerwash PW108 HALI YIKAMA K\u0130MYASALI"},"content":{"rendered":"<div>\n\t<strong>Kullan\u0131m \u015eekli: <\/strong>Bu \u00fcr\u00fcn motorun i\u00e7 k\u0131sm\u0131nda olu\u015fan ya\u011f kal\u0131nt\u0131lar\u0131 ve motordan s\u0131zan ya\u011flar\u0131n olu\u015fturmu\u015f oldu\u011fu kir tabakalar\u0131n\u0131n temizlenmesi i\u00e7in kullan\u0131lmaktad\u0131r. \u00dcr\u00fcn 1\/5 oran\u0131nda su ile kar\u0131\u015ft\u0131r\u0131larak motor \u00fczerine sprey ile s\u0131k\u0131lmal\u0131d\u0131r. Bu i\u015flemden sonra bol su d\u00f6k\u00fclmelidir.<\/div>\n<div>\n\t<strong>Dikkat:<\/strong> Ba\u015fka kimyasallar ile kar\u0131\u015ft\u0131r\u0131lmamal\u0131d\u0131r. Uygulamada maske ve eldiven kullan\u0131lmal\u0131d\u0131r. G\u00f6ze temas ettirilmemeli ve i\u00e7ilmemelidir. Beklenmedik herhangi bir etki g\u00f6r\u00fcld\u00fc\u011f\u00fcnde doktora ba\u015fvurulmal\u0131d\u0131r.<\/div>\n<table>\n<tr>\n<td>Ambalaj \u015eekli<\/td>\n<td>20 lt<\/td>\n<\/tr>\n<tr>\n<td>Ph De\u011feri<\/td>\n<td>Ph 13<\/td>\n<\/tr>\n<\/table>\n","protected":false},"excerpt":{"rendered":"<div>\n\t<strong>Kullan\u0131m \u015eekli: <\/strong>Bu \u00fcr\u00fcn motorun i\u00e7 k\u0131sm\u0131nda olu\u015fan ya\u011f kal\u0131nt\u0131lar\u0131 ve motordan s\u0131zan ya\u011flar\u0131n olu\u015fturmu\u015f oldu\u011fu kir tabakalar\u0131n\u0131n temizlenmesi i\u00e7in kullan\u0131lmaktad\u0131r. \u00dcr\u00fcn 1\/5 oran\u0131nda su ile kar\u0131\u015ft\u0131r\u0131larak motor \u00fczerine sprey ile s\u0131k\u0131lmal\u0131d\u0131r. Bu i\u015flemden sonra bol su d\u00f6k\u00fclmelidir.<\/div>\n<div>\n\t<strong>Dikkat:<\/strong> Ba\u015fka kimyasallar ile kar\u0131\u015ft\u0131r\u0131lmamal\u0131d\u0131r. Uygulamada maske ve eldiven kullan\u0131lmal\u0131d\u0131r. G\u00f6ze temas ettirilmemeli ve i\u00e7ilmemelidir. Beklenmedik herhangi bir etki g\u00f6r\u00fcld\u00fc\u011f\u00fcnde doktora ba\u015fvurulmal\u0131d\u0131r.<\/div>\n","protected":false},"featured_media":13423,"comment_status":"open","ping_status":"closed","template":"","meta":{"_acf_changed":false},"product_brand":[1489],"product_cat":[1565],"product_tag":[],"class_list":{"0":"post-23396","1":"product","2":"type-product","3":"status-publish","4":"has-post-thumbnail","6":"product_brand-powerwash","7":"product_cat-yok-yok","9":"first","10":"outofstock","11":"taxable","12":"shipping-taxable","13":"purchasable","14":"product-type-simple","15":"add-to-wishlist-after_add_to_cart"},"acf":[],"_links":{"self":[{"href":"https:\/\/www.makitamarket.com.tr\/site\/wp-json\/wp\/v2\/product\/23396","targetHints":{"allow":["GET"]}}],"collection":[{"href":"https:\/\/www.makitamarket.com.tr\/site\/wp-json\/wp\/v2\/product"}],"about":[{"href":"https:\/\/www.makitamarket.com.tr\/site\/wp-json\/wp\/v2\/types\/product"}],"replies":[{"embeddable":true,"href":"https:\/\/www.makitamarket.com.tr\/site\/wp-json\/wp\/v2\/comments?post=23396"}],"wp:featuredmedia":[{"embeddable":true,"href":"https:\/\/www.makitamarket.com.tr\/site\/wp-json\/wp\/v2\/media\/13423"}],"wp:attachment":[{"href":"https:\/\/www.makitamarket.com.tr\/site\/wp-json\/wp\/v2\/media?parent=23396"}],"wp:term":[{"taxonomy":"product_brand","embeddable":true,"href":"https:\/\/www.makitamarket.com.tr\/site\/wp-json\/wp\/v2\/product_brand?post=23396"},{"taxonomy":"product_cat","embeddable":true,"href":"https:\/\/www.makitamarket.com.tr\/site\/wp-json\/wp\/v2\/product_cat?post=23396"},{"taxonomy":"product_tag","embeddable":true,"href":"https:\/\/www.makitamarket.com.tr\/site\/wp-json\/wp\/v2\/product_tag?post=23396"}],"curies":[{"name":"wp","href":"https:\/\/api.w.org\/{rel}","templated":true}]}}