{"id":23570,"date":"2025-01-06T16:43:08","date_gmt":"2025-01-06T13:43:08","guid":{"rendered":"https:\/\/www.makitamarket.com.tr\/site\/urun\/gison-gp815hb-regulator\/"},"modified":"2026-03-30T09:06:25","modified_gmt":"2026-03-30T06:06:25","slug":"gison-gp815hb-regulator","status":"publish","type":"product","link":"https:\/\/www.makitamarket.com.tr\/site\/urun\/gison-gp815hb-regulator\/","title":{"rendered":"Gison GP815HB REG\u00dcLAT\u00d6R"},"content":{"rendered":"<table>\n<tr>\n<td>Tipi<\/td>\n<td>Reg\u00fclat\u00f6r.<\/td>\n<\/tr>\n<tr>\n<td>Ba\u011flant\u0131 \u00f6l\u00e7\u00fcs\u00fc<\/td>\n<td>1\/4&#8243; pt\/npt<\/td>\n<\/tr>\n<tr>\n<td>Ayarlanabilir Bas\u0131n\u00e7<\/td>\n<td><\/td>\n<\/tr>\n<tr>\n<td>En Y\u00fcksek<br \/>Sevis Bas\u0131nc\u0131<\/td>\n<td>9.9 kgf\/cm\u00b2.<\/td>\n<\/tr>\n<tr>\n<td>En Y\u00fcksek Debi<\/td>\n<td>1.75 m\u00b3\/dak.<\/td>\n<\/tr>\n<tr>\n<td>\u00c7al\u0131\u015fma S\u0131cakl\u0131\u011f\u0131<\/td>\n<td><\/td>\n<\/tr>\n<tr>\n<td>Koli Adedi<\/td>\n<td>24 adet<\/td>\n<\/tr>\n<\/table>\n","protected":false},"excerpt":{"rendered":"<p>Tipi Reg\u00fclat\u00f6r. Ba\u011flant\u0131 \u00f6l\u00e7\u00fcs\u00fc 1\/4&#8243; pt\/npt Ayarlanabilir Bas\u0131n\u00e7 En Y\u00fcksekSevis Bas\u0131nc\u0131 9.9 kgf\/cm\u00b2. En Y\u00fcksek Debi 1.75 m\u00b3\/dak. \u00c7al\u0131\u015fma S\u0131cakl\u0131\u011f\u0131 Koli Adedi 24 adet<\/p>\n","protected":false},"featured_media":15136,"comment_status":"open","ping_status":"closed","template":"","meta":{"_acf_changed":false},"product_brand":[1512],"product_cat":[1565],"product_tag":[],"class_list":{"0":"post-23570","1":"product","2":"type-product","3":"status-publish","4":"has-post-thumbnail","6":"product_brand-gison","7":"product_cat-yok-yok","9":"first","10":"instock","11":"taxable","12":"shipping-taxable","13":"purchasable","14":"product-type-simple","15":"add-to-wishlist-after_add_to_cart"},"acf":[],"_links":{"self":[{"href":"https:\/\/www.makitamarket.com.tr\/site\/wp-json\/wp\/v2\/product\/23570","targetHints":{"allow":["GET"]}}],"collection":[{"href":"https:\/\/www.makitamarket.com.tr\/site\/wp-json\/wp\/v2\/product"}],"about":[{"href":"https:\/\/www.makitamarket.com.tr\/site\/wp-json\/wp\/v2\/types\/product"}],"replies":[{"embeddable":true,"href":"https:\/\/www.makitamarket.com.tr\/site\/wp-json\/wp\/v2\/comments?post=23570"}],"wp:featuredmedia":[{"embeddable":true,"href":"https:\/\/www.makitamarket.com.tr\/site\/wp-json\/wp\/v2\/media\/15136"}],"wp:attachment":[{"href":"https:\/\/www.makitamarket.com.tr\/site\/wp-json\/wp\/v2\/media?parent=23570"}],"wp:term":[{"taxonomy":"product_brand","embeddable":true,"href":"https:\/\/www.makitamarket.com.tr\/site\/wp-json\/wp\/v2\/product_brand?post=23570"},{"taxonomy":"product_cat","embeddable":true,"href":"https:\/\/www.makitamarket.com.tr\/site\/wp-json\/wp\/v2\/product_cat?post=23570"},{"taxonomy":"product_tag","embeddable":true,"href":"https:\/\/www.makitamarket.com.tr\/site\/wp-json\/wp\/v2\/product_tag?post=23570"}],"curies":[{"name":"wp","href":"https:\/\/api.w.org\/{rel}","templated":true}]}}