{"id":23582,"date":"2025-01-06T16:43:19","date_gmt":"2025-01-06T13:43:19","guid":{"rendered":"https:\/\/www.makitamarket.com.tr\/site\/urun\/knipex-7681125-elektronikci-yan-keski-125-mm\/"},"modified":"2026-04-13T21:11:40","modified_gmt":"2026-04-13T18:11:40","slug":"knipex-7681125-elektronikci-yan-keski-125-mm","status":"publish","type":"product","link":"https:\/\/www.makitamarket.com.tr\/site\/urun\/knipex-7681125-elektronikci-yan-keski-125-mm\/","title":{"rendered":"Knipex 7681125 ELEKTRON\u0130K\u00c7\u0130 YAN KESK\u0130 125 mm"},"content":{"rendered":"<p><b>76 81 125 Yan keski<\/b><br \/>Keskin, hassas hizalanm\u0131\u015f kesici kenarlar ile. Kesicilere ek olarak ind\u00fcksiyon sertle\u015ftirme uygulamas\u0131 yap\u0131lm\u0131\u015ft\u0131r. Yerle\u015ftirilmi\u015f mafsal. Dar yerlerde (kablo demetleri, \u00e7ok telli kablolar) \u00e7al\u0131\u015fmak i\u00e7in k\u00fc\u00e7\u00fck fasetli ve uca do\u011fru \u00f6zellikle sivrile\u015fen kafa. <\/p>\n<li><b>Orta sert tel kesme de\u011feri (\u00e7ap): <\/b>\u00d8 1,3 mm<\/li>\n<li><b>Schneidwerte harter Draht (Durchmesser): <\/b>\u00d8 0,8 mm<\/li>\n<li><b>Yumu\u015fak tel kesme de\u011feri (\u00e7ap): <\/b>\u00d8 0,4 \u2013 1,7 mm<\/li>\n<li><b>\u00c7ene uzunlu\u011fu (B): <\/b>16 mm<\/li>\n<li><b>\u00c7ene kal\u0131nl\u0131\u011f\u0131 (eklem) (D): <\/b>9 mm<\/li>\n<li><b>Kafa geni\u015fli\u011fi (A): <\/b>14,5 mm<\/li>\n<table>\n<tr>\n<td>Sap<\/td>\n<td>\u0130nce \u0130zole<\/td>\n<\/tr>\n<tr>\n<td>Uzunluk<\/td>\n<td>125<\/td>\n<\/tr>\n<tr>\n<td>Yumu\u015fak Tel<\/td>\n<td>0.4-1.7 \u00f8mm<\/td>\n<\/tr>\n<tr>\n<td>Orta Sert Tel<\/td>\n<td>1.3 \u00f8mm<\/td>\n<\/tr>\n<tr>\n<td>Sert Tel<\/td>\n<td>0.8 \u00f8mm<\/td>\n<\/tr>\n<tr>\n<td>A\u011f\u0131rl\u0131k<\/td>\n<td>87 gr<\/td>\n<\/tr>\n<tr>\n<td>Form<\/td>\n<td>K\u00fc\u00e7\u00fck t\u0131rt\u0131kl\u0131 b\u0131\u00e7ak<\/td>\n<\/tr>\n<\/table>\n","protected":false},"excerpt":{"rendered":"<p><b>76 81 125 Yan keski<\/b><br \/>Keskin, hassas hizalanm\u0131\u015f kesici kenarlar ile. Kesicilere ek olarak ind\u00fcksiyon sertle\u015ftirme uygulamas\u0131 yap\u0131lm\u0131\u015ft\u0131r. Yerle\u015ftirilmi\u015f mafsal. Dar yerlerde (kablo demetleri, \u00e7ok telli kablolar) \u00e7al\u0131\u015fmak i\u00e7in k\u00fc\u00e7\u00fck fasetli ve uca do\u011fru \u00f6zellikle sivrile\u015fen kafa. <\/p>\n<li><b>Orta sert tel kesme de\u011feri (\u00e7ap): <\/b>\u00d8 1,3 mm<\/li>\n<li><b>Schneidwerte harter Draht (Durchmesser): <\/b>\u00d8 0,8 mm<\/li>\n<li><b>Yumu\u015fak tel kesme de\u011feri (\u00e7ap): <\/b>\u00d8 0,4 \u2013 1,7 mm<\/li>\n<li><b>\u00c7ene uzunlu\u011fu (B): <\/b>16 mm<\/li>\n<li><b>\u00c7ene kal\u0131nl\u0131\u011f\u0131 (eklem) (D): <\/b>9 mm<\/li>\n<li><b>Kafa geni\u015fli\u011fi (A): <\/b>14,5 mm<\/li>\n","protected":false},"featured_media":15262,"comment_status":"open","ping_status":"closed","template":"","meta":{"_acf_changed":false},"product_brand":[1486],"product_cat":[1161],"product_tag":[],"class_list":{"0":"post-23582","1":"product","2":"type-product","3":"status-publish","4":"has-post-thumbnail","6":"product_brand-knipex","7":"product_cat-yan-keskiler","9":"first","10":"instock","11":"taxable","12":"shipping-taxable","13":"purchasable","14":"product-type-simple","15":"add-to-wishlist-after_add_to_cart"},"acf":[],"_links":{"self":[{"href":"https:\/\/www.makitamarket.com.tr\/site\/wp-json\/wp\/v2\/product\/23582","targetHints":{"allow":["GET"]}}],"collection":[{"href":"https:\/\/www.makitamarket.com.tr\/site\/wp-json\/wp\/v2\/product"}],"about":[{"href":"https:\/\/www.makitamarket.com.tr\/site\/wp-json\/wp\/v2\/types\/product"}],"replies":[{"embeddable":true,"href":"https:\/\/www.makitamarket.com.tr\/site\/wp-json\/wp\/v2\/comments?post=23582"}],"wp:featuredmedia":[{"embeddable":true,"href":"https:\/\/www.makitamarket.com.tr\/site\/wp-json\/wp\/v2\/media\/15262"}],"wp:attachment":[{"href":"https:\/\/www.makitamarket.com.tr\/site\/wp-json\/wp\/v2\/media?parent=23582"}],"wp:term":[{"taxonomy":"product_brand","embeddable":true,"href":"https:\/\/www.makitamarket.com.tr\/site\/wp-json\/wp\/v2\/product_brand?post=23582"},{"taxonomy":"product_cat","embeddable":true,"href":"https:\/\/www.makitamarket.com.tr\/site\/wp-json\/wp\/v2\/product_cat?post=23582"},{"taxonomy":"product_tag","embeddable":true,"href":"https:\/\/www.makitamarket.com.tr\/site\/wp-json\/wp\/v2\/product_tag?post=23582"}],"curies":[{"name":"wp","href":"https:\/\/api.w.org\/{rel}","templated":true}]}}