{"id":23621,"date":"2025-01-06T16:43:48","date_gmt":"2025-01-06T13:43:48","guid":{"rendered":"https:\/\/www.makitamarket.com.tr\/site\/urun\/makita-b-07250-kilic-testere-bicagi-152-mm\/"},"modified":"2026-04-06T15:27:43","modified_gmt":"2026-04-06T12:27:43","slug":"makita-b-07250-kilic-testere-bicagi-152-mm","status":"publish","type":"product","link":"https:\/\/www.makitamarket.com.tr\/site\/urun\/makita-b-07250-kilic-testere-bicagi-152-mm\/","title":{"rendered":"Makita B-07250 KILI\u00c7 TESTERE BI\u00c7A\u011eI 152 mm"},"content":{"rendered":"<p>\n\tPaslanmaz \u00e7elik plakalar\u0131n kesimlerinde 2-4 mm aras\u0131nda;<\/p>\n<p>\n\tPaslanmaz \u00e7elik boru kesimlerinde 80 mm daha k\u00fc\u00e7\u00fck \u00e7aplarda, Cam elyaf kesimlerinde kullan\u0131l\u0131r.<\/p>\n<table>\n<tr>\n<td>Uzunluk<\/td>\n<td>152 mm<\/td>\n<\/tr>\n<tr>\n<td>\u0130nch Ba\u015f\u0131 Di\u015f<\/td>\n<td>18<\/td>\n<\/tr>\n<tr>\n<td>B\u0131\u00e7ak Materyali<\/td>\n<td>TC\/HM<\/td>\n<\/tr>\n<\/table>\n","protected":false},"excerpt":{"rendered":"<p>\n\tPaslanmaz \u00e7elik plakalar\u0131n kesimlerinde 2-4 mm aras\u0131nda;<\/p>\n<p>\n\tPaslanmaz \u00e7elik boru kesimlerinde 80 mm daha k\u00fc\u00e7\u00fck \u00e7aplarda, Cam elyaf kesimlerinde kullan\u0131l\u0131r.<\/p>\n","protected":false},"featured_media":15643,"comment_status":"open","ping_status":"closed","template":"","meta":{"_acf_changed":false},"product_brand":[1485],"product_cat":[1277],"product_tag":[],"class_list":{"0":"post-23621","1":"product","2":"type-product","3":"status-publish","4":"has-post-thumbnail","6":"product_brand-makita","7":"product_cat-paslanmaz-kesim-kilic-testere-bicaklari","9":"first","10":"instock","11":"taxable","12":"shipping-taxable","13":"purchasable","14":"product-type-simple","15":"add-to-wishlist-after_add_to_cart"},"acf":[],"_links":{"self":[{"href":"https:\/\/www.makitamarket.com.tr\/site\/wp-json\/wp\/v2\/product\/23621","targetHints":{"allow":["GET"]}}],"collection":[{"href":"https:\/\/www.makitamarket.com.tr\/site\/wp-json\/wp\/v2\/product"}],"about":[{"href":"https:\/\/www.makitamarket.com.tr\/site\/wp-json\/wp\/v2\/types\/product"}],"replies":[{"embeddable":true,"href":"https:\/\/www.makitamarket.com.tr\/site\/wp-json\/wp\/v2\/comments?post=23621"}],"wp:featuredmedia":[{"embeddable":true,"href":"https:\/\/www.makitamarket.com.tr\/site\/wp-json\/wp\/v2\/media\/15643"}],"wp:attachment":[{"href":"https:\/\/www.makitamarket.com.tr\/site\/wp-json\/wp\/v2\/media?parent=23621"}],"wp:term":[{"taxonomy":"product_brand","embeddable":true,"href":"https:\/\/www.makitamarket.com.tr\/site\/wp-json\/wp\/v2\/product_brand?post=23621"},{"taxonomy":"product_cat","embeddable":true,"href":"https:\/\/www.makitamarket.com.tr\/site\/wp-json\/wp\/v2\/product_cat?post=23621"},{"taxonomy":"product_tag","embeddable":true,"href":"https:\/\/www.makitamarket.com.tr\/site\/wp-json\/wp\/v2\/product_tag?post=23621"}],"curies":[{"name":"wp","href":"https:\/\/api.w.org\/{rel}","templated":true}]}}