{"id":23653,"date":"2025-01-06T16:44:03","date_gmt":"2025-01-06T13:44:03","guid":{"rendered":"https:\/\/www.makitamarket.com.tr\/site\/urun\/gison-gp922030-yedek-havali-keski-ucu-yassi\/"},"modified":"2025-11-16T08:27:54","modified_gmt":"2025-11-16T05:27:54","slug":"gison-gp922030-yedek-havali-keski-ucu-yassi","status":"publish","type":"product","link":"https:\/\/www.makitamarket.com.tr\/site\/urun\/gison-gp922030-yedek-havali-keski-ucu-yassi\/","title":{"rendered":"Gison GP922030 YEDEK HAVALI KESK\u0130 UCU &#8211; YASSI"},"content":{"rendered":"<table>\n<tr>\n<td>Tipi<\/td>\n<td>Yass\u0131 Keski.<\/td>\n<\/tr>\n<tr>\n<td>Kulland\u0131\u011f\u0131 Makine<\/td>\n<td>GP-851E<\/td>\n<\/tr>\n<tr>\n<td>\u015eaft<\/td>\n<td>D\u00f6rtk\u00f6\u015fe Sapl\u0131<\/td>\n<\/tr>\n<\/table>\n","protected":false},"excerpt":{"rendered":"<p>Tipi Yass\u0131 Keski. Kulland\u0131\u011f\u0131 Makine GP-851E \u015eaft D\u00f6rtk\u00f6\u015fe Sapl\u0131<\/p>\n","protected":false},"featured_media":15808,"comment_status":"open","ping_status":"closed","template":"","meta":{"_acf_changed":false},"product_brand":[1512],"product_cat":[936],"product_tag":[],"class_list":{"0":"post-23653","1":"product","2":"type-product","3":"status-publish","4":"has-post-thumbnail","6":"product_brand-gison","7":"product_cat-havali-keski-ve-kaziyicilar","9":"first","10":"outofstock","11":"taxable","12":"shipping-taxable","13":"purchasable","14":"product-type-simple","15":"add-to-wishlist-after_add_to_cart"},"acf":[],"_links":{"self":[{"href":"https:\/\/www.makitamarket.com.tr\/site\/wp-json\/wp\/v2\/product\/23653","targetHints":{"allow":["GET"]}}],"collection":[{"href":"https:\/\/www.makitamarket.com.tr\/site\/wp-json\/wp\/v2\/product"}],"about":[{"href":"https:\/\/www.makitamarket.com.tr\/site\/wp-json\/wp\/v2\/types\/product"}],"replies":[{"embeddable":true,"href":"https:\/\/www.makitamarket.com.tr\/site\/wp-json\/wp\/v2\/comments?post=23653"}],"wp:featuredmedia":[{"embeddable":true,"href":"https:\/\/www.makitamarket.com.tr\/site\/wp-json\/wp\/v2\/media\/15808"}],"wp:attachment":[{"href":"https:\/\/www.makitamarket.com.tr\/site\/wp-json\/wp\/v2\/media?parent=23653"}],"wp:term":[{"taxonomy":"product_brand","embeddable":true,"href":"https:\/\/www.makitamarket.com.tr\/site\/wp-json\/wp\/v2\/product_brand?post=23653"},{"taxonomy":"product_cat","embeddable":true,"href":"https:\/\/www.makitamarket.com.tr\/site\/wp-json\/wp\/v2\/product_cat?post=23653"},{"taxonomy":"product_tag","embeddable":true,"href":"https:\/\/www.makitamarket.com.tr\/site\/wp-json\/wp\/v2\/product_tag?post=23653"}],"curies":[{"name":"wp","href":"https:\/\/api.w.org\/{rel}","templated":true}]}}