{"id":23858,"date":"2025-01-06T16:46:29","date_gmt":"2025-01-06T13:46:29","guid":{"rendered":"https:\/\/www.makitamarket.com.tr\/site\/urun\/bts-bts12044-dijital-kumpas-0-150-mm\/"},"modified":"2026-03-30T09:47:34","modified_gmt":"2026-03-30T06:47:34","slug":"bts-bts12044-dijital-kumpas-0-150-mm","status":"publish","type":"product","link":"https:\/\/www.makitamarket.com.tr\/site\/urun\/bts-bts12044-dijital-kumpas-0-150-mm\/","title":{"rendered":"Bts BTS12044 D\u0130J\u0130TAL KUMPAS 0 &#8211; 150 mm"},"content":{"rendered":"<div>\n\t\u2022 Tu\u015flar: S\u0131f\u0131rlama, G\u00fc\u00e7 A\u00e7ma\/Kapama, inch\/mm<\/div>\n<div>\n\t\u2022 Otomatik olarak kapanabilir, g\u00f6sterge hareket ettirildi\u011finde tekrar a\u00e7\u0131l\u0131r.<\/div>\n<div>\n\t\u2022 Pil dahil.<\/div>\n<div>\n\t\u2022\u00a0 G\u00f6rsel \u00fcr\u00fcn\u00fcn tam boyunu g\u00f6stermemektedir<\/div>\n<table>\n<tr>\n<td>\u00d6l\u00e7\u00fcm Aral\u0131\u011f\u0131<\/td>\n<td>0-150mm (0-6\u201d)<\/td>\n<\/tr>\n<tr>\n<td>Hassasiyet<\/td>\n<td>0.01mm (0.0005\u201d)<\/td>\n<\/tr>\n<tr>\n<td>\u00d6zellik<\/td>\n<td>Metal G\u00f6vde, Plastik Kutuda<\/td>\n<\/tr>\n<\/table>\n","protected":false},"excerpt":{"rendered":"<div>\n\t\u2022 Tu\u015flar: S\u0131f\u0131rlama, G\u00fc\u00e7 A\u00e7ma\/Kapama, inch\/mm<\/div>\n<div>\n\t\u2022 Otomatik olarak kapanabilir, g\u00f6sterge hareket ettirildi\u011finde tekrar a\u00e7\u0131l\u0131r.<\/div>\n<div>\n\t\u2022 Pil dahil.<\/div>\n<div>\n\t\u2022\u00a0 G\u00f6rsel \u00fcr\u00fcn\u00fcn tam boyunu g\u00f6stermemektedir<\/div>\n","protected":false},"featured_media":17413,"comment_status":"open","ping_status":"closed","template":"","meta":{"_acf_changed":false},"product_brand":[1548],"product_cat":[1126],"product_tag":[],"class_list":{"0":"post-23858","1":"product","2":"type-product","3":"status-publish","4":"has-post-thumbnail","6":"product_brand-bts","7":"product_cat-kumpaslar","9":"first","10":"instock","11":"taxable","12":"shipping-taxable","13":"purchasable","14":"product-type-simple","15":"add-to-wishlist-after_add_to_cart"},"acf":[],"_links":{"self":[{"href":"https:\/\/www.makitamarket.com.tr\/site\/wp-json\/wp\/v2\/product\/23858","targetHints":{"allow":["GET"]}}],"collection":[{"href":"https:\/\/www.makitamarket.com.tr\/site\/wp-json\/wp\/v2\/product"}],"about":[{"href":"https:\/\/www.makitamarket.com.tr\/site\/wp-json\/wp\/v2\/types\/product"}],"replies":[{"embeddable":true,"href":"https:\/\/www.makitamarket.com.tr\/site\/wp-json\/wp\/v2\/comments?post=23858"}],"wp:featuredmedia":[{"embeddable":true,"href":"https:\/\/www.makitamarket.com.tr\/site\/wp-json\/wp\/v2\/media\/17413"}],"wp:attachment":[{"href":"https:\/\/www.makitamarket.com.tr\/site\/wp-json\/wp\/v2\/media?parent=23858"}],"wp:term":[{"taxonomy":"product_brand","embeddable":true,"href":"https:\/\/www.makitamarket.com.tr\/site\/wp-json\/wp\/v2\/product_brand?post=23858"},{"taxonomy":"product_cat","embeddable":true,"href":"https:\/\/www.makitamarket.com.tr\/site\/wp-json\/wp\/v2\/product_cat?post=23858"},{"taxonomy":"product_tag","embeddable":true,"href":"https:\/\/www.makitamarket.com.tr\/site\/wp-json\/wp\/v2\/product_tag?post=23858"}],"curies":[{"name":"wp","href":"https:\/\/api.w.org\/{rel}","templated":true}]}}