{"id":23921,"date":"2025-01-06T16:47:19","date_gmt":"2025-01-06T13:47:19","guid":{"rendered":"https:\/\/www.makitamarket.com.tr\/site\/urun\/nikon-n34185-sapli-mop-non-woven-zimpara-120-kum\/"},"modified":"2026-03-30T09:57:29","modified_gmt":"2026-03-30T06:57:29","slug":"nikon-n34185-sapli-mop-non-woven-zimpara-120-kum","status":"publish","type":"product","link":"https:\/\/www.makitamarket.com.tr\/site\/urun\/nikon-n34185-sapli-mop-non-woven-zimpara-120-kum\/","title":{"rendered":"Nikon N34185 SAPLI MOP NON WOVEN ZIMPARA 120 KUM"},"content":{"rendered":"<p>\n\tElyaf malzemeden imal edilmi\u015ftir. Inox ve Metal malzemelerin temizlik ve polisajlama i\u015flerinde kullan\u0131lmaktad\u0131r. \u00d6zellikle tala\u015f sanayinde biti\u015f i\u015flemlerinde kullan\u0131l\u0131r.\u00a0<\/p>\n<table>\n<tr>\n<td>\u00d6l\u00e7\u00fc (\u00dcr\u00fcn \u00c7ap\u0131 x \u00dcr\u00fcn Geni\u015fli\u011fi x Sap \u00c7ap\u0131)<\/td>\n<td>\u00f850 x 20 x \u00f86 mm.<\/td>\n<\/tr>\n<tr>\n<td>Kum<\/td>\n<td>120 Kum<\/td>\n<\/tr>\n<\/table>\n","protected":false},"excerpt":{"rendered":"<p>\n\tElyaf malzemeden imal edilmi\u015ftir. Inox ve Metal malzemelerin temizlik ve polisajlama i\u015flerinde kullan\u0131lmaktad\u0131r. \u00d6zellikle tala\u015f sanayinde biti\u015f i\u015flemlerinde kullan\u0131l\u0131r.\u00a0<\/p>\n","protected":false},"featured_media":0,"comment_status":"open","ping_status":"closed","template":"","meta":{"_acf_changed":false},"product_brand":[1518],"product_cat":[1241],"product_tag":[],"class_list":{"0":"post-23921","1":"product","2":"type-product","3":"status-publish","5":"product_brand-nikon","6":"product_cat-sapli-mop-non-woven-zimparalar","8":"first","9":"instock","10":"taxable","11":"shipping-taxable","12":"purchasable","13":"product-type-simple","14":"add-to-wishlist-after_add_to_cart"},"acf":[],"_links":{"self":[{"href":"https:\/\/www.makitamarket.com.tr\/site\/wp-json\/wp\/v2\/product\/23921","targetHints":{"allow":["GET"]}}],"collection":[{"href":"https:\/\/www.makitamarket.com.tr\/site\/wp-json\/wp\/v2\/product"}],"about":[{"href":"https:\/\/www.makitamarket.com.tr\/site\/wp-json\/wp\/v2\/types\/product"}],"replies":[{"embeddable":true,"href":"https:\/\/www.makitamarket.com.tr\/site\/wp-json\/wp\/v2\/comments?post=23921"}],"wp:attachment":[{"href":"https:\/\/www.makitamarket.com.tr\/site\/wp-json\/wp\/v2\/media?parent=23921"}],"wp:term":[{"taxonomy":"product_brand","embeddable":true,"href":"https:\/\/www.makitamarket.com.tr\/site\/wp-json\/wp\/v2\/product_brand?post=23921"},{"taxonomy":"product_cat","embeddable":true,"href":"https:\/\/www.makitamarket.com.tr\/site\/wp-json\/wp\/v2\/product_cat?post=23921"},{"taxonomy":"product_tag","embeddable":true,"href":"https:\/\/www.makitamarket.com.tr\/site\/wp-json\/wp\/v2\/product_tag?post=23921"}],"curies":[{"name":"wp","href":"https:\/\/api.w.org\/{rel}","templated":true}]}}