{"id":24066,"date":"2025-01-06T16:49:10","date_gmt":"2025-01-06T13:49:10","guid":{"rendered":"https:\/\/www.makitamarket.com.tr\/site\/urun\/topshop-th39903-elmas-kumlu-bileme-blogu\/"},"modified":"2025-11-16T10:44:57","modified_gmt":"2025-11-16T07:44:57","slug":"topshop-th39903-elmas-kumlu-bileme-blogu","status":"publish","type":"product","link":"https:\/\/www.makitamarket.com.tr\/site\/urun\/topshop-th39903-elmas-kumlu-bileme-blogu\/","title":{"rendered":"Topshop TH39903 ELMAS KUMLU B\u0130LEME BLO\u011eU"},"content":{"rendered":"<div>\n\t\u2022 K\u0131rm\u0131z\u0131 Kenar: 600KUM<\/div>\n<div>\n\t\u2022 Ye\u015fil Kenar: 400KUM<\/div>\n<div>\n\t\u2022 Sar\u0131 Kenar: 300KUM<\/div>\n<div>\n\t\u2022 Mavi-Gri Kenar: 200KUM\u00a0<\/div>\n<table>\n<tr>\n<td>\u00d6zellikleri<\/td>\n<td>D\u00f6rt Kenarl\u0131, 150x50mm<\/td>\n<\/tr>\n<\/table>\n","protected":false},"excerpt":{"rendered":"<div>\n\t\u2022 K\u0131rm\u0131z\u0131 Kenar: 600KUM<\/div>\n<div>\n\t\u2022 Ye\u015fil Kenar: 400KUM<\/div>\n<div>\n\t\u2022 Sar\u0131 Kenar: 300KUM<\/div>\n<div>\n\t\u2022 Mavi-Gri Kenar: 200KUM\u00a0<\/div>\n","protected":false},"featured_media":19179,"comment_status":"open","ping_status":"closed","template":"","meta":{"_acf_changed":false},"product_brand":[1496],"product_cat":[1565],"product_tag":[],"class_list":{"0":"post-24066","1":"product","2":"type-product","3":"status-publish","4":"has-post-thumbnail","6":"product_brand-topshop","7":"product_cat-yok-yok","9":"first","10":"outofstock","11":"taxable","12":"shipping-taxable","13":"purchasable","14":"product-type-simple","15":"add-to-wishlist-after_add_to_cart"},"acf":[],"_links":{"self":[{"href":"https:\/\/www.makitamarket.com.tr\/site\/wp-json\/wp\/v2\/product\/24066","targetHints":{"allow":["GET"]}}],"collection":[{"href":"https:\/\/www.makitamarket.com.tr\/site\/wp-json\/wp\/v2\/product"}],"about":[{"href":"https:\/\/www.makitamarket.com.tr\/site\/wp-json\/wp\/v2\/types\/product"}],"replies":[{"embeddable":true,"href":"https:\/\/www.makitamarket.com.tr\/site\/wp-json\/wp\/v2\/comments?post=24066"}],"wp:featuredmedia":[{"embeddable":true,"href":"https:\/\/www.makitamarket.com.tr\/site\/wp-json\/wp\/v2\/media\/19179"}],"wp:attachment":[{"href":"https:\/\/www.makitamarket.com.tr\/site\/wp-json\/wp\/v2\/media?parent=24066"}],"wp:term":[{"taxonomy":"product_brand","embeddable":true,"href":"https:\/\/www.makitamarket.com.tr\/site\/wp-json\/wp\/v2\/product_brand?post=24066"},{"taxonomy":"product_cat","embeddable":true,"href":"https:\/\/www.makitamarket.com.tr\/site\/wp-json\/wp\/v2\/product_cat?post=24066"},{"taxonomy":"product_tag","embeddable":true,"href":"https:\/\/www.makitamarket.com.tr\/site\/wp-json\/wp\/v2\/product_tag?post=24066"}],"curies":[{"name":"wp","href":"https:\/\/api.w.org\/{rel}","templated":true}]}}