{"id":24159,"date":"2025-01-06T16:50:45","date_gmt":"2025-01-06T13:50:45","guid":{"rendered":"https:\/\/www.makitamarket.com.tr\/site\/urun\/makita-b-06292-b-tipi-dekupaj-testere-bicak-seti\/"},"modified":"2025-11-16T11:11:29","modified_gmt":"2025-11-16T08:11:29","slug":"makita-b-06292-b-tipi-dekupaj-testere-bicak-seti","status":"publish","type":"product","link":"https:\/\/www.makitamarket.com.tr\/site\/urun\/makita-b-06292-b-tipi-dekupaj-testere-bicak-seti\/","title":{"rendered":"Makita B-06292 B T\u0130P\u0130 DEKUPAJ TESTERE BI\u00c7AK SET\u0130"},"content":{"rendered":"<table border=\"0\" cellpadding=\"0\" cellspacing=\"0\" width=\"306\">\n<colgroup>\n<col \/>\n<col \/>\n<col \/>\n\t<\/colgroup>\n<tbody>\n<tr height=\"20\">\n<td height=\"122\" rowspan=\"6\" style=\"height:122px;width:64px;\">\n\t\t\t\tB50<\/td>\n<td style=\"width:151px;\">\n\t\t\t\tUzunluk<\/td>\n<td style=\"width:91px;\">\n\t\t\t\t100 mm<\/td>\n<\/tr>\n<tr height=\"20\">\n<td height=\"20\" style=\"height:20px;width:151px;\">\n\t\t\t\tUzunda \u00c7al\u0131\u015fma<\/td>\n<td style=\"width:91px;\">\n\t\t\t\t77 mm<\/td>\n<\/tr>\n<tr height=\"20\">\n<td height=\"20\" style=\"height:20px;width:151px;\">\n\t\t\t\tAh\u015fap Kesim<\/td>\n<td style=\"width:91px;\">\n\t\t\t\t5 &#8211; 50 mm<\/td>\n<\/tr>\n<tr height=\"21\">\n<td height=\"21\" style=\"height:21px;width:151px;\">\n\t\t\t\tPlastik Kesim<\/td>\n<td style=\"width:91px;\">\n\t\t\t\t5 &#8211; 50 mm<\/td>\n<\/tr>\n<tr height=\"20\">\n<td height=\"20\" style=\"height:20px;width:151px;\">\n\t\t\t\t\u0130nch Ba\u015f\u0131 Di\u015f<\/td>\n<td style=\"width:91px;\">\n\t\t\t\t8.5 &#8211; 10.6<\/td>\n<\/tr>\n<tr height=\"21\">\n<td height=\"21\" style=\"height:21px;width:151px;\">\n\t\t\t\tB\u0131\u00e7ak Materyali<\/td>\n<td style=\"width:91px;\">\n\t\t\t\tHCS<\/td>\n<\/tr>\n<tr height=\"20\">\n<td height=\"122\" rowspan=\"6\" style=\"height:122px;\">\n\t\t\t\tB51<\/td>\n<td style=\"width:151px;\">\n\t\t\t\tUzunluk<\/td>\n<td style=\"width:91px;\">\n\t\t\t\t100 mm<\/td>\n<\/tr>\n<tr height=\"20\">\n<td height=\"20\" style=\"height:20px;width:151px;\">\n\t\t\t\tUzunda \u00c7al\u0131\u015fma<\/td>\n<td style=\"width:91px;\">\n\t\t\t\t77 mm<\/td>\n<\/tr>\n<tr height=\"21\">\n<td height=\"21\" style=\"height:21px;width:151px;\">\n\t\t\t\tPaslanmaz \u00c7elik Kesim<\/td>\n<td style=\"width:91px;\">\n\t\t\t\t1 &#8211; 3 mm<\/td>\n<\/tr>\n<tr height=\"20\">\n<td height=\"20\" style=\"height:20px;width:151px;\">\n\t\t\t\tYumu\u015fak \u00c7elik Kesim<\/td>\n<td style=\"width:91px;\">\n\t\t\t\t1 &#8211; 8 mm<\/td>\n<\/tr>\n<tr height=\"20\">\n<td height=\"20\" style=\"height:20px;width:151px;\">\n\t\t\t\t\u0130nch Ba\u015f\u0131 Di\u015f<\/td>\n<td style=\"width:91px;\">\n\t\t\t\t9.8 &#8211; 18.1<\/td>\n<\/tr>\n<tr height=\"21\">\n<td height=\"21\" style=\"height:21px;width:151px;\">\n\t\t\t\tB\u0131\u00e7ak Materyali<\/td>\n<td style=\"width:91px;\">\n\t\t\t\tHSS<\/td>\n<\/tr>\n<tr height=\"20\">\n<td height=\"182\" rowspan=\"9\" style=\"height:182px;\">\n\t\t\t\tB53<\/td>\n<td style=\"width:151px;\">\n\t\t\t\tUzunluk<\/td>\n<td style=\"width:91px;\">\n\t\t\t\t100 mm<\/td>\n<\/tr>\n<tr height=\"21\">\n<td height=\"21\" style=\"height:21px;width:151px;\">\n\t\t\t\tUzunda \u00c7al\u0131\u015fma<\/td>\n<td style=\"width:91px;\">\n\t\t\t\t77 mm<\/td>\n<\/tr>\n<tr height=\"20\">\n<td height=\"20\" style=\"height:20px;width:151px;\">\n\t\t\t\tAh\u015fap Kesim<\/td>\n<td style=\"width:91px;\">\n\t\t\t\t5 &#8211; 50 mm<\/td>\n<\/tr>\n<tr height=\"20\">\n<td height=\"20\" style=\"height:20px;width:151px;\">\n\t\t\t\tPlastik Kesim<\/td>\n<td style=\"width:91px;\">\n\t\t\t\t5 &#8211; 50 mm<\/td>\n<\/tr>\n<tr height=\"20\">\n<td height=\"20\" style=\"height:20px;width:151px;\">\n\t\t\t\tAl\u00fcminyum Kesim<\/td>\n<td style=\"width:91px;\">\n\t\t\t\t3 &#8211; 35 mm<\/td>\n<\/tr>\n<tr height=\"20\">\n<td height=\"20\" style=\"height:20px;width:151px;\">\n\t\t\t\tPaslanmaz \u00c7elik Kesim<\/td>\n<td style=\"width:91px;\">\n\t\t\t\t3 &#8211; 5 mm<\/td>\n<\/tr>\n<tr height=\"20\">\n<td height=\"20\" style=\"height:20px;width:151px;\">\n\t\t\t\tYumu\u015fak \u00c7elik Kesim<\/td>\n<td style=\"width:91px;\">\n\t\t\t\t3 &#8211; 8 mm<\/td>\n<\/tr>\n<tr height=\"20\">\n<td height=\"20\" style=\"height:20px;width:151px;\">\n\t\t\t\t\u0130nch Ba\u015f\u0131 Di\u015f<\/td>\n<td style=\"width:91px;\">\n\t\t\t\t5.5 &#8211; 9.8<\/td>\n<\/tr>\n<tr height=\"21\">\n<td height=\"21\" style=\"height:21px;width:151px;\">\n\t\t\t\tB\u0131\u00e7ak Materyali<\/td>\n<td style=\"width:91px;\">\n\t\t\t\tHSS<\/td>\n<\/tr>\n<\/tbody>\n<\/table>\n<table>\n<tr>\n<td>A\u00e7\u0131klama<\/td>\n<td>Dekupaj B\u0131\u00e7ak Seti<\/td>\n<\/tr>\n<\/table>\n","protected":false},"excerpt":{"rendered":"<table border=\"0\" cellpadding=\"0\" cellspacing=\"0\" width=\"306\">\n<colgroup>\n<col \/>\n<col \/>\n<col \/>\n\t<\/colgroup>\n<tbody>\n<tr height=\"20\">\n<td height=\"122\" rowspan=\"6\" style=\"height:122px;width:64px;\">\n\t\t\t\tB50<\/td>\n<td style=\"width:151px;\">\n\t\t\t\tUzunluk<\/td>\n<td style=\"width:91px;\">\n\t\t\t\t100 mm<\/td>\n<\/tr>\n<tr height=\"20\">\n<td height=\"20\" style=\"height:20px;width:151px;\">\n\t\t\t\tUzunda \u00c7al\u0131\u015fma<\/td>\n<td style=\"width:91px;\">\n\t\t\t\t77 mm<\/td>\n<\/tr>\n<tr height=\"20\">\n<td height=\"20\" style=\"height:20px;width:151px;\">\n\t\t\t\tAh\u015fap Kesim<\/td>\n<td style=\"width:91px;\">\n\t\t\t\t5 &#8211; 50 mm<\/td>\n<\/tr>\n<tr height=\"21\">\n<td height=\"21\" style=\"height:21px;width:151px;\">\n\t\t\t\tPlastik Kesim<\/td>\n<td style=\"width:91px;\">\n\t\t\t\t5 &#8211; 50 mm<\/td>\n<\/tr>\n<tr height=\"20\">\n<td height=\"20\" style=\"height:20px;width:151px;\">\n\t\t\t\t\u0130nch Ba\u015f\u0131 Di\u015f<\/td>\n<td style=\"width:91px;\">\n\t\t\t\t8.5 &#8211; 10.6<\/td>\n<\/tr>\n<tr height=\"21\">\n<td height=\"21\" style=\"height:21px;width:151px;\">\n\t\t\t\tB\u0131\u00e7ak Materyali<\/td>\n<td style=\"width:91px;\">\n\t\t\t\tHCS<\/td>\n<\/tr>\n<tr height=\"20\">\n<td height=\"122\" rowspan=\"6\" style=\"height:122px;\">\n\t\t\t\tB51<\/td>\n<td style=\"width:151px;\">\n\t\t\t\tUzunluk<\/td>\n<td style=\"width:91px;\">\n\t\t\t\t100 mm<\/td>\n<\/tr>\n<tr height=\"20\">\n<td height=\"20\" style=\"height:20px;width:151px;\">\n\t\t\t\tUzunda \u00c7al\u0131\u015fma<\/td>\n<td style=\"width:91px;\">\n\t\t\t\t77 mm<\/td>\n<\/tr>\n<tr height=\"21\">\n<td height=\"21\" style=\"height:21px;width:151px;\">\n\t\t\t\tPaslanmaz \u00c7elik Kesim<\/td>\n<td style=\"width:91px;\">\n\t\t\t\t1 &#8211; 3 mm<\/td>\n<\/tr>\n<tr height=\"20\">\n<td height=\"20\" style=\"height:20px;width:151px;\">\n\t\t\t\tYumu\u015fak \u00c7elik Kesim<\/td>\n<td style=\"width:91px;\">\n\t\t\t\t1 &#8211; 8 mm<\/td>\n<\/tr>\n<tr height=\"20\">\n<td height=\"20\" style=\"height:20px;width:151px;\">\n\t\t\t\t\u0130nch Ba\u015f\u0131 Di\u015f<\/td>\n<td style=\"width:91px;\">\n\t\t\t\t9.8 &#8211; 18.1<\/td>\n<\/tr>\n<tr height=\"21\">\n<td height=\"21\" style=\"height:21px;width:151px;\">\n\t\t\t\tB\u0131\u00e7ak Materyali<\/td>\n<td style=\"width:91px;\">\n\t\t\t\tHSS<\/td>\n<\/tr>\n<tr height=\"20\">\n<td height=\"182\" rowspan=\"9\" style=\"height:182px;\">\n\t\t\t\tB53<\/td>\n<td style=\"width:151px;\">\n\t\t\t\tUzunluk<\/td>\n<td style=\"width:91px;\">\n\t\t\t\t100 mm<\/td>\n<\/tr>\n<tr height=\"21\">\n<td height=\"21\" style=\"height:21px;width:151px;\">\n\t\t\t\tUzunda \u00c7al\u0131\u015fma<\/td>\n<td style=\"width:91px;\">\n\t\t\t\t77 mm<\/td>\n<\/tr>\n<tr height=\"20\">\n<td height=\"20\" style=\"height:20px;width:151px;\">\n\t\t\t\tAh\u015fap Kesim<\/td>\n<td style=\"width:91px;\">\n\t\t\t\t5 &#8211; 50 mm<\/td>\n<\/tr>\n<tr height=\"20\">\n<td height=\"20\" style=\"height:20px;width:151px;\">\n\t\t\t\tPlastik Kesim<\/td>\n<td style=\"width:91px;\">\n\t\t\t\t5 &#8211; 50 mm<\/td>\n<\/tr>\n<tr height=\"20\">\n<td height=\"20\" style=\"height:20px;width:151px;\">\n\t\t\t\tAl\u00fcminyum Kesim<\/td>\n<td style=\"width:91px;\">\n\t\t\t\t3 &#8211; 35 mm<\/td>\n<\/tr>\n<tr height=\"20\">\n<td height=\"20\" style=\"height:20px;width:151px;\">\n\t\t\t\tPaslanmaz \u00c7elik Kesim<\/td>\n<td style=\"width:91px;\">\n\t\t\t\t3 &#8211; 5 mm<\/td>\n<\/tr>\n<tr height=\"20\">\n<td height=\"20\" style=\"height:20px;width:151px;\">\n\t\t\t\tYumu\u015fak \u00c7elik Kesim<\/td>\n<td style=\"width:91px;\">\n\t\t\t\t3 &#8211; 8 mm<\/td>\n<\/tr>\n<tr height=\"20\">\n<td height=\"20\" style=\"height:20px;width:151px;\">\n\t\t\t\t\u0130nch Ba\u015f\u0131 Di\u015f<\/td>\n<td style=\"width:91px;\">\n\t\t\t\t5.5 &#8211; 9.8<\/td>\n<\/tr>\n<tr height=\"21\">\n<td height=\"21\" style=\"height:21px;width:151px;\">\n\t\t\t\tB\u0131\u00e7ak Materyali<\/td>\n<td style=\"width:91px;\">\n\t\t\t\tHSS<\/td>\n<\/tr>\n<\/tbody>\n<\/table>\n","protected":false},"featured_media":20264,"comment_status":"open","ping_status":"closed","template":"","meta":{"_acf_changed":false},"product_brand":[1485],"product_cat":[1204],"product_tag":[],"class_list":{"0":"post-24159","1":"product","2":"type-product","3":"status-publish","4":"has-post-thumbnail","6":"product_brand-makita","7":"product_cat-b-tipi-kama-tipi-bicaklar","9":"first","10":"outofstock","11":"taxable","12":"shipping-taxable","13":"purchasable","14":"product-type-simple","15":"add-to-wishlist-after_add_to_cart"},"acf":[],"_links":{"self":[{"href":"https:\/\/www.makitamarket.com.tr\/site\/wp-json\/wp\/v2\/product\/24159","targetHints":{"allow":["GET"]}}],"collection":[{"href":"https:\/\/www.makitamarket.com.tr\/site\/wp-json\/wp\/v2\/product"}],"about":[{"href":"https:\/\/www.makitamarket.com.tr\/site\/wp-json\/wp\/v2\/types\/product"}],"replies":[{"embeddable":true,"href":"https:\/\/www.makitamarket.com.tr\/site\/wp-json\/wp\/v2\/comments?post=24159"}],"wp:featuredmedia":[{"embeddable":true,"href":"https:\/\/www.makitamarket.com.tr\/site\/wp-json\/wp\/v2\/media\/20264"}],"wp:attachment":[{"href":"https:\/\/www.makitamarket.com.tr\/site\/wp-json\/wp\/v2\/media?parent=24159"}],"wp:term":[{"taxonomy":"product_brand","embeddable":true,"href":"https:\/\/www.makitamarket.com.tr\/site\/wp-json\/wp\/v2\/product_brand?post=24159"},{"taxonomy":"product_cat","embeddable":true,"href":"https:\/\/www.makitamarket.com.tr\/site\/wp-json\/wp\/v2\/product_cat?post=24159"},{"taxonomy":"product_tag","embeddable":true,"href":"https:\/\/www.makitamarket.com.tr\/site\/wp-json\/wp\/v2\/product_tag?post=24159"}],"curies":[{"name":"wp","href":"https:\/\/api.w.org\/{rel}","templated":true}]}}