{"id":24253,"date":"2025-01-06T16:52:29","date_gmt":"2025-01-06T13:52:29","guid":{"rendered":"https:\/\/www.makitamarket.com.tr\/site\/urun\/knisaw-ks51577-panc-adaptoru-14-30-mm\/"},"modified":"2026-03-30T11:03:11","modified_gmt":"2026-03-30T08:03:11","slug":"knisaw-ks51577-panc-adaptoru-14-30-mm","status":"publish","type":"product","link":"https:\/\/www.makitamarket.com.tr\/site\/urun\/knisaw-ks51577-panc-adaptoru-14-30-mm\/","title":{"rendered":"Knisaw KS51577 PAN\u00c7 ADAPT\u00d6R\u00dc 14 &#8211; 30 mm"},"content":{"rendered":"<table>\n<tr>\n<td>Adapt\u00f6r Tipi<\/td>\n<td>A<\/td>\n<\/tr>\n<tr>\n<td>\u00d6l\u00e7\u00fc<\/td>\n<td>1\/2\u201d 20 UNF &#8211; 7\/16\u201d HEX<\/td>\n<\/tr>\n<tr>\n<td>Pan\u00e7<\/td>\n<td>14 &#8211; 30 mm<\/td>\n<\/tr>\n<\/table>\n","protected":false},"excerpt":{"rendered":"<p>Adapt\u00f6r Tipi A \u00d6l\u00e7\u00fc 1\/2\u201d 20 UNF &#8211; 7\/16\u201d HEX Pan\u00e7 14 &#8211; 30 mm<\/p>\n","protected":false},"featured_media":21426,"comment_status":"open","ping_status":"closed","template":"","meta":{"_acf_changed":false},"product_brand":[1550],"product_cat":[1194],"product_tag":[],"class_list":{"0":"post-24253","1":"product","2":"type-product","3":"status-publish","4":"has-post-thumbnail","6":"product_brand-knisaw","7":"product_cat-aksesuarlar-bits-uclar-aparatlar-adaptorler","9":"first","10":"instock","11":"taxable","12":"shipping-taxable","13":"purchasable","14":"product-type-simple","15":"add-to-wishlist-after_add_to_cart"},"acf":[],"_links":{"self":[{"href":"https:\/\/www.makitamarket.com.tr\/site\/wp-json\/wp\/v2\/product\/24253","targetHints":{"allow":["GET"]}}],"collection":[{"href":"https:\/\/www.makitamarket.com.tr\/site\/wp-json\/wp\/v2\/product"}],"about":[{"href":"https:\/\/www.makitamarket.com.tr\/site\/wp-json\/wp\/v2\/types\/product"}],"replies":[{"embeddable":true,"href":"https:\/\/www.makitamarket.com.tr\/site\/wp-json\/wp\/v2\/comments?post=24253"}],"wp:featuredmedia":[{"embeddable":true,"href":"https:\/\/www.makitamarket.com.tr\/site\/wp-json\/wp\/v2\/media\/21426"}],"wp:attachment":[{"href":"https:\/\/www.makitamarket.com.tr\/site\/wp-json\/wp\/v2\/media?parent=24253"}],"wp:term":[{"taxonomy":"product_brand","embeddable":true,"href":"https:\/\/www.makitamarket.com.tr\/site\/wp-json\/wp\/v2\/product_brand?post=24253"},{"taxonomy":"product_cat","embeddable":true,"href":"https:\/\/www.makitamarket.com.tr\/site\/wp-json\/wp\/v2\/product_cat?post=24253"},{"taxonomy":"product_tag","embeddable":true,"href":"https:\/\/www.makitamarket.com.tr\/site\/wp-json\/wp\/v2\/product_tag?post=24253"}],"curies":[{"name":"wp","href":"https:\/\/api.w.org\/{rel}","templated":true}]}}