{"id":24294,"date":"2025-01-06T16:53:18","date_gmt":"2025-01-06T13:53:18","guid":{"rendered":"https:\/\/www.makitamarket.com.tr\/site\/urun\/promaster-ms52579-fayans-kesici-yedek-bicagi\/"},"modified":"2026-04-06T17:52:55","modified_gmt":"2026-04-06T14:52:55","slug":"promaster-ms52579-fayans-kesici-yedek-bicagi","status":"publish","type":"product","link":"https:\/\/www.makitamarket.com.tr\/site\/urun\/promaster-ms52579-fayans-kesici-yedek-bicagi\/","title":{"rendered":"Promaster MS52579 FAYANS KES\u0130C\u0130 YEDEK BI\u00c7A\u011eI"},"content":{"rendered":"<table>\n<tr>\n<td>Uyumlu Fayans Kesici<\/td>\n<td>MS52485 &#8211; MS52487 &#8211; MS16326<\/td>\n<\/tr>\n<tr>\n<td>B\u0131\u00e7ak \u00d6l\u00e7\u00fcs\u00fc<\/td>\n<td>22 x 10.5 x 2mm.<\/td>\n<\/tr>\n<tr>\n<td>Koli Miktar\u0131<\/td>\n<td>250<\/td>\n<\/tr>\n<\/table>\n","protected":false},"excerpt":{"rendered":"<p>Uyumlu Fayans Kesici MS52485 &#8211; MS52487 &#8211; MS16326 B\u0131\u00e7ak \u00d6l\u00e7\u00fcs\u00fc 22 x 10.5 x 2mm. Koli Miktar\u0131 250<\/p>\n","protected":false},"featured_media":0,"comment_status":"open","ping_status":"closed","template":"","meta":{"_acf_changed":false},"product_brand":[1537],"product_cat":[1354],"product_tag":[],"class_list":{"0":"post-24294","1":"product","2":"type-product","3":"status-publish","5":"product_brand-promaster","6":"product_cat-yedek-aksesuarlar","8":"first","9":"instock","10":"taxable","11":"shipping-taxable","12":"purchasable","13":"product-type-simple","14":"add-to-wishlist-after_add_to_cart"},"acf":[],"_links":{"self":[{"href":"https:\/\/www.makitamarket.com.tr\/site\/wp-json\/wp\/v2\/product\/24294","targetHints":{"allow":["GET"]}}],"collection":[{"href":"https:\/\/www.makitamarket.com.tr\/site\/wp-json\/wp\/v2\/product"}],"about":[{"href":"https:\/\/www.makitamarket.com.tr\/site\/wp-json\/wp\/v2\/types\/product"}],"replies":[{"embeddable":true,"href":"https:\/\/www.makitamarket.com.tr\/site\/wp-json\/wp\/v2\/comments?post=24294"}],"wp:attachment":[{"href":"https:\/\/www.makitamarket.com.tr\/site\/wp-json\/wp\/v2\/media?parent=24294"}],"wp:term":[{"taxonomy":"product_brand","embeddable":true,"href":"https:\/\/www.makitamarket.com.tr\/site\/wp-json\/wp\/v2\/product_brand?post=24294"},{"taxonomy":"product_cat","embeddable":true,"href":"https:\/\/www.makitamarket.com.tr\/site\/wp-json\/wp\/v2\/product_cat?post=24294"},{"taxonomy":"product_tag","embeddable":true,"href":"https:\/\/www.makitamarket.com.tr\/site\/wp-json\/wp\/v2\/product_tag?post=24294"}],"curies":[{"name":"wp","href":"https:\/\/api.w.org\/{rel}","templated":true}]}}