{"id":24403,"date":"2025-01-09T21:51:22","date_gmt":"2025-01-09T18:51:22","guid":{"rendered":"https:\/\/www.makitamarket.com.tr\/site\/urun\/makita-dmp180z-lastik-sisirme-18v\/"},"modified":"2026-04-06T18:32:56","modified_gmt":"2026-04-06T15:32:56","slug":"makita-dmp180z-lastik-sisirme-18v","status":"publish","type":"product","link":"https:\/\/www.makitamarket.com.tr\/site\/urun\/makita-dmp180z-lastik-sisirme-18v\/","title":{"rendered":"Makita DMP180Z LAST\u0130K \u015e\u0130\u015e\u0130RME 18V"},"content":{"rendered":"<p>Model DMP180Z<\/p>\n<p>Lastik \u015ei\u015firme<\/p>\n<p>18V \u2022 8,3 mbar \u2022 121 psi<\/p>\n<p><span style=\"color: rgb(0, 112, 192);\">Araba ve bisiklet lastiklerini \u015fi\u015firmek i\u00e7in ak\u00fcl\u00fc lastik \u015fi\u015firme<\/span><\/p>\n<p>18V ak\u00fcl\u00fc lastik \u015fi\u015firme,\u00f6nceden se\u00e7ilen hava bas\u0131nc\u0131 seviyesine ula\u015f\u0131ld\u0131\u011f\u0131nda \u015fi\u015firmeyi otomatik olarak durdurur. LED \u0131\u015f\u0131k, d\u00fc\u015f\u00fck \u0131\u015f\u0131kta \u00e7al\u0131\u015fmay\u0131 kolayla\u015ft\u0131r\u0131r ve termostat, makineyi a\u015f\u0131r\u0131 \u0131s\u0131nmadan korur. Farkl\u0131 \u00fcr\u00fcn tiplerini doldurmak i\u00e7in \u00e7e\u015fitli valfler i\u00e7erir &#8211; \u00f6rn. futbol toplar\u0131, lastikler, vb.<\/p>\n<p><u>\u00d6zellikleri:<\/u><\/p>\n<p>18v<\/p>\n<p>Ak\u00fcl\u00fc yap\u0131s\u0131 kullan\u0131c\u0131ya kablosuz kullan\u0131m imkan\u0131 sunar ve bu sayede kullan\u0131c\u0131lar geni\u015f alanlarda kablo s\u0131n\u0131rlamalar\u0131 olmadan rahat\u00e7a \u00e7al\u0131\u015fabilirler.<\/p>\n<ol>\n<li data-list=\"ordered\"><span class=\"ql-ui\" contenteditable=\"false\"><\/span>Led \u0131\u015f\u0131\u011f\u0131 vard\u0131r.<\/li>\n<li data-list=\"ordered\"><span class=\"ql-ui\" contenteditable=\"false\"><\/span>Plastik ta\u015f\u0131ma \u00e7antal\u0131d\u0131r.<\/li>\n<\/ol>\n<p>Maks.Hava Bas\u0131nc\u0131: 830kPa 121PSI<\/p>\n<p>Hava Bo\u015falma Miktar\u0131: 200 kPa:10L\/dk<\/p>\n<p>A\u011f\u0131rl\u0131k: 1.4kg<\/p>\n<p>G\u00fc\u00e7 Kapasite:18V\/Li-ion<\/p>\n<p>Koli i\u00e7i adedi:1<\/p>\n<p><span style=\"color: red;\">Ambalaj i\u00e7eri\u011finde ak\u00fc ve ak\u00fc \u015farj cihaz\u0131 bulunmamaktad\u0131r.<\/span><\/p>\n<p><span style=\"color: red;\">3.0\/4.0\/5.0\/6.0 Ah ak\u00fcl\u00fclerle uyumludur.<\/span><\/p>\n<table>\n<tr>\n<td>Maksimum Hava Bas\u0131nc\u0131<\/td>\n<td>830kPa 121PSI<\/td>\n<\/tr>\n<tr>\n<td>Koli \u0130\u00e7i Adedi<\/td>\n<td>1<\/td>\n<\/tr>\n<tr>\n<td>Hava Bo\u015falma Miktar\u0131<\/td>\n<td>200 kPa:10L\/dk<\/td>\n<\/tr>\n<tr>\n<td>G\u00fc\u00e7 kapasite<\/td>\n<td>18V\/Li-ion<\/td>\n<\/tr>\n<tr>\n<td>Net A\u011f\u0131rl\u0131k<\/td>\n<td>1.4<\/td>\n<\/tr>\n<\/table>\n","protected":false},"excerpt":{"rendered":"<p>Model DMP180Z<\/p>\n<p>Lastik \u015ei\u015firme<\/p>\n<p>18V \u2022 8,3 mbar \u2022 121 psi<\/p>\n<p><span style=\"color: rgb(0, 112, 192);\">Araba ve bisiklet lastiklerini \u015fi\u015firmek i\u00e7in ak\u00fcl\u00fc lastik \u015fi\u015firme<\/span><\/p>\n<p>18V ak\u00fcl\u00fc lastik \u015fi\u015firme,\u00f6nceden se\u00e7ilen hava bas\u0131nc\u0131 seviyesine ula\u015f\u0131ld\u0131\u011f\u0131nda \u015fi\u015firmeyi otomatik olarak durdurur. LED \u0131\u015f\u0131k, d\u00fc\u015f\u00fck \u0131\u015f\u0131kta \u00e7al\u0131\u015fmay\u0131 kolayla\u015ft\u0131r\u0131r ve termostat, makineyi a\u015f\u0131r\u0131 \u0131s\u0131nmadan korur. Farkl\u0131 \u00fcr\u00fcn tiplerini doldurmak i\u00e7in \u00e7e\u015fitli valfler i\u00e7erir &#8211; \u00f6rn. futbol toplar\u0131, lastikler, vb.<\/p>\n<p><u>\u00d6zellikleri:<\/u><\/p>\n<p>18v<\/p>\n<p>Ak\u00fcl\u00fc yap\u0131s\u0131 kullan\u0131c\u0131ya kablosuz kullan\u0131m imkan\u0131 sunar ve bu sayede kullan\u0131c\u0131lar geni\u015f alanlarda kablo s\u0131n\u0131rlamalar\u0131 olmadan rahat\u00e7a \u00e7al\u0131\u015fabilirler.<\/p>\n<ol>\n<li data-list=\"ordered\"><span class=\"ql-ui\" contenteditable=\"false\"><\/span>Led \u0131\u015f\u0131\u011f\u0131 vard\u0131r.<\/li>\n<li data-list=\"ordered\"><span class=\"ql-ui\" contenteditable=\"false\"><\/span>Plastik ta\u015f\u0131ma \u00e7antal\u0131d\u0131r.<\/li>\n<\/ol>\n<p>Maks.Hava Bas\u0131nc\u0131: 830kPa 121PSI<\/p>\n<p>Hava Bo\u015falma Miktar\u0131: 200 kPa:10L\/dk<\/p>\n<p>A\u011f\u0131rl\u0131k: 1.4kg<\/p>\n<p>G\u00fc\u00e7 Kapasite:18V\/Li-ion<\/p>\n<p>Koli i\u00e7i adedi:1<\/p>\n<p><span style=\"color: red;\">Ambalaj i\u00e7eri\u011finde ak\u00fc ve ak\u00fc \u015farj cihaz\u0131 bulunmamaktad\u0131r.<\/span><\/p>\n<p><span style=\"color: red;\">3.0\/4.0\/5.0\/6.0 Ah ak\u00fcl\u00fclerle uyumludur.<\/span><\/p>\n","protected":false},"featured_media":0,"comment_status":"open","ping_status":"closed","template":"","meta":{"_acf_changed":false},"product_brand":[1485],"product_cat":[1565],"product_tag":[],"class_list":{"0":"post-24403","1":"product","2":"type-product","3":"status-publish","5":"product_brand-makita","6":"product_cat-yok-yok","8":"first","9":"instock","10":"taxable","11":"shipping-taxable","12":"purchasable","13":"product-type-simple","14":"add-to-wishlist-after_add_to_cart"},"acf":[],"_links":{"self":[{"href":"https:\/\/www.makitamarket.com.tr\/site\/wp-json\/wp\/v2\/product\/24403","targetHints":{"allow":["GET"]}}],"collection":[{"href":"https:\/\/www.makitamarket.com.tr\/site\/wp-json\/wp\/v2\/product"}],"about":[{"href":"https:\/\/www.makitamarket.com.tr\/site\/wp-json\/wp\/v2\/types\/product"}],"replies":[{"embeddable":true,"href":"https:\/\/www.makitamarket.com.tr\/site\/wp-json\/wp\/v2\/comments?post=24403"}],"wp:attachment":[{"href":"https:\/\/www.makitamarket.com.tr\/site\/wp-json\/wp\/v2\/media?parent=24403"}],"wp:term":[{"taxonomy":"product_brand","embeddable":true,"href":"https:\/\/www.makitamarket.com.tr\/site\/wp-json\/wp\/v2\/product_brand?post=24403"},{"taxonomy":"product_cat","embeddable":true,"href":"https:\/\/www.makitamarket.com.tr\/site\/wp-json\/wp\/v2\/product_cat?post=24403"},{"taxonomy":"product_tag","embeddable":true,"href":"https:\/\/www.makitamarket.com.tr\/site\/wp-json\/wp\/v2\/product_tag?post=24403"}],"curies":[{"name":"wp","href":"https:\/\/api.w.org\/{rel}","templated":true}]}}