{"id":24553,"date":"2025-07-12T00:05:46","date_gmt":"2025-07-11T21:05:46","guid":{"rendered":"https:\/\/www.makitamarket.com.tr\/site\/urun\/knipex-002016-elektronikci-pense-seti\/"},"modified":"2026-04-06T12:46:42","modified_gmt":"2026-04-06T09:46:42","slug":"knipex-002016-elektronikci-pense-seti","status":"publish","type":"product","link":"https:\/\/www.makitamarket.com.tr\/site\/urun\/knipex-002016-elektronikci-pense-seti\/","title":{"rendered":"Knipex 002016 ELEKTRON\u0130K\u00c7\u0130 PENSE SET\u0130"},"content":{"rendered":"<p><b>00 20 16 Elektronik\u00e7i Pense Kutusu<\/b><br \/>Boyutlar, kapal\u0131 (G x Y x D): 215 x 160 x 50 mm. 7 par\u00e7al\u0131 set, 6 adet elektronik\u00e7i pensesi ve bir adet hassas penset. A\u015f\u0131nmaya kar\u015f\u0131 dayan\u0131kl\u0131 polyester kutu, elastik lastik bant malzemesinden olan fermuarl\u0131 \u00e7anta. <br \/><b>Teslimat kapsam\u0131:<\/b> 1 x 92 34 36 KNIPEX Hassas penset K\u0131lavuz pimli Sivri \u015fekilli (152 mm), 1 x 35 12 115 KNIPEX Elektronik\u00e7i kargaburun pensesi Kutu mafsall\u0131 (115 mm), 1 x 35 22 115 KNIPEX Elektronik\u00e7i kargaburun pensesi Kutu mafsall\u0131 (115 mm), 1 x 35 32 115 KNIPEX Elektronik\u00e7i kargaburun pensesi Kutu mafsall\u0131 (115 mm), 1 x 77 02 115 KNIPEX Elektronik\u00e7i yan keski Kutu mafsall\u0131 (115 mm), 1 x 77 42 115 KNIPEX Elektronik\u00e7i yan keski Kutu mafsall\u0131 (115 mm), 1 x 64 32 120 KNIPEX Elektronik\u00e7i tepe keski (120 mm),<\/p>\n<table><\/table>\n","protected":false},"excerpt":{"rendered":"<p><b>00 20 16 Elektronik\u00e7i Pense Kutusu<\/b><br \/>Boyutlar, kapal\u0131 (G x Y x D): 215 x 160 x 50 mm. 7 par\u00e7al\u0131 set, 6 adet elektronik\u00e7i pensesi ve bir adet hassas penset. A\u015f\u0131nmaya kar\u015f\u0131 dayan\u0131kl\u0131 polyester kutu, elastik lastik bant malzemesinden olan fermuarl\u0131 \u00e7anta. <br \/><b>Teslimat kapsam\u0131:<\/b> 1 x 92 34 36 KNIPEX Hassas penset K\u0131lavuz pimli Sivri \u015fekilli (152 mm), 1 x 35 12 115 KNIPEX Elektronik\u00e7i kargaburun pensesi Kutu mafsall\u0131 (115 mm), 1 x 35 22 115 KNIPEX Elektronik\u00e7i kargaburun pensesi Kutu mafsall\u0131 (115 mm), 1 x 35 32 115 KNIPEX Elektronik\u00e7i kargaburun pensesi Kutu mafsall\u0131 (115 mm), 1 x 77 02 115 KNIPEX Elektronik\u00e7i yan keski Kutu mafsall\u0131 (115 mm), 1 x 77 42 115 KNIPEX Elektronik\u00e7i yan keski Kutu mafsall\u0131 (115 mm), 1 x 64 32 120 KNIPEX Elektronik\u00e7i tepe keski (120 mm),<\/p>\n","protected":false},"featured_media":9342,"comment_status":"open","ping_status":"closed","template":"","meta":{"_acf_changed":false},"product_brand":[1486],"product_cat":[956],"product_tag":[],"class_list":{"0":"post-24553","1":"product","2":"type-product","3":"status-publish","4":"has-post-thumbnail","6":"product_brand-knipex","7":"product_cat-ayarli-penseler","9":"first","10":"outofstock","11":"taxable","12":"shipping-taxable","13":"purchasable","14":"product-type-simple","15":"add-to-wishlist-after_add_to_cart"},"acf":[],"_links":{"self":[{"href":"https:\/\/www.makitamarket.com.tr\/site\/wp-json\/wp\/v2\/product\/24553","targetHints":{"allow":["GET"]}}],"collection":[{"href":"https:\/\/www.makitamarket.com.tr\/site\/wp-json\/wp\/v2\/product"}],"about":[{"href":"https:\/\/www.makitamarket.com.tr\/site\/wp-json\/wp\/v2\/types\/product"}],"replies":[{"embeddable":true,"href":"https:\/\/www.makitamarket.com.tr\/site\/wp-json\/wp\/v2\/comments?post=24553"}],"wp:featuredmedia":[{"embeddable":true,"href":"https:\/\/www.makitamarket.com.tr\/site\/wp-json\/wp\/v2\/media\/9342"}],"wp:attachment":[{"href":"https:\/\/www.makitamarket.com.tr\/site\/wp-json\/wp\/v2\/media?parent=24553"}],"wp:term":[{"taxonomy":"product_brand","embeddable":true,"href":"https:\/\/www.makitamarket.com.tr\/site\/wp-json\/wp\/v2\/product_brand?post=24553"},{"taxonomy":"product_cat","embeddable":true,"href":"https:\/\/www.makitamarket.com.tr\/site\/wp-json\/wp\/v2\/product_cat?post=24553"},{"taxonomy":"product_tag","embeddable":true,"href":"https:\/\/www.makitamarket.com.tr\/site\/wp-json\/wp\/v2\/product_tag?post=24553"}],"curies":[{"name":"wp","href":"https:\/\/api.w.org\/{rel}","templated":true}]}}