{"id":24560,"date":"2025-07-12T00:09:42","date_gmt":"2025-07-11T21:09:42","guid":{"rendered":"https:\/\/www.makitamarket.com.tr\/site\/urun\/knipex-002018-elektronikci-pense-seti\/"},"modified":"2026-04-06T13:11:23","modified_gmt":"2026-04-06T10:11:23","slug":"knipex-002018-elektronikci-pense-seti","status":"publish","type":"product","link":"https:\/\/www.makitamarket.com.tr\/site\/urun\/knipex-002018-elektronikci-pense-seti\/","title":{"rendered":"Knipex 002018 ELEKTRON\u0130K\u00c7\u0130 PENSE SET\u0130"},"content":{"rendered":"<p><b>00 20 18 Elektronik\u00e7i Pense Kutusu<\/b><br \/>Boyutlar, kapal\u0131 (G x Y x D): 215 x 160 x 50 mm. 8 par\u00e7al\u0131 set, 2 adet elektronik\u00e7i pensesi ve 6 adet elektronik\u00e7i tornavidas\u0131. Pratik muhafaza kutusu, darbeye kar\u015f\u0131 dayan\u0131kl\u0131 plastik, s\u00fcnger beslemeli. <br \/><b>Teslimat kapsam\u0131:<\/b> 1 x 35 22 115 KNIPEX Elektronik\u00e7i kargaburun pensesi Kutu mafsall\u0131 (115 mm), 1 x 77 02 115 KNIPEX Elektronik\u00e7i yan keski Kutu mafsall\u0131 (115 mm), 1 x 118008 Wera D\u00fcz U\u00e7lu Tornavida 2035 (0,4 x 2,5 x 80 mm), 1 x 118010 Wera D\u00fcz U\u00e7lu Tornavida 2035 (0,5 x 3,0 x 80 mm), 1 x 118012 Wera D\u00fcz U\u00e7lu Tornavida 2035 (0,6 x 3,5 x 80 mm), 1 x 118014 Wera D\u00fcz U\u00e7lu Tornavida 2035 (0,8 x 4,0 x 80 mm), 1 x 118022 Wera Y\u0131ld\u0131z u\u00e7lu tornavida Phillips\u00ae i\u00e7in 2050 PH (PH0 x 60 mm), 1 x 118024 Wera Y\u0131ld\u0131z u\u00e7lu tornavida Phillips\u00ae i\u00e7in 2050 PH (PH1 x 80 mm),<\/p>\n<table><\/table>\n","protected":false},"excerpt":{"rendered":"<p><b>00 20 18 Elektronik\u00e7i Pense Kutusu<\/b><br \/>Boyutlar, kapal\u0131 (G x Y x D): 215 x 160 x 50 mm. 8 par\u00e7al\u0131 set, 2 adet elektronik\u00e7i pensesi ve 6 adet elektronik\u00e7i tornavidas\u0131. Pratik muhafaza kutusu, darbeye kar\u015f\u0131 dayan\u0131kl\u0131 plastik, s\u00fcnger beslemeli. <br \/><b>Teslimat kapsam\u0131:<\/b> 1 x 35 22 115 KNIPEX Elektronik\u00e7i kargaburun pensesi Kutu mafsall\u0131 (115 mm), 1 x 77 02 115 KNIPEX Elektronik\u00e7i yan keski Kutu mafsall\u0131 (115 mm), 1 x 118008 Wera D\u00fcz U\u00e7lu Tornavida 2035 (0,4 x 2,5 x 80 mm), 1 x 118010 Wera D\u00fcz U\u00e7lu Tornavida 2035 (0,5 x 3,0 x 80 mm), 1 x 118012 Wera D\u00fcz U\u00e7lu Tornavida 2035 (0,6 x 3,5 x 80 mm), 1 x 118014 Wera D\u00fcz U\u00e7lu Tornavida 2035 (0,8 x 4,0 x 80 mm), 1 x 118022 Wera Y\u0131ld\u0131z u\u00e7lu tornavida Phillips\u00ae i\u00e7in 2050 PH (PH0 x 60 mm), 1 x 118024 Wera Y\u0131ld\u0131z u\u00e7lu tornavida Phillips\u00ae i\u00e7in 2050 PH (PH1 x 80 mm),<\/p>\n","protected":false},"featured_media":10248,"comment_status":"open","ping_status":"closed","template":"","meta":{"_acf_changed":false},"product_brand":[1486],"product_cat":[956],"product_tag":[],"class_list":{"0":"post-24560","1":"product","2":"type-product","3":"status-publish","4":"has-post-thumbnail","6":"product_brand-knipex","7":"product_cat-ayarli-penseler","9":"first","10":"outofstock","11":"taxable","12":"shipping-taxable","13":"purchasable","14":"product-type-simple","15":"add-to-wishlist-after_add_to_cart"},"acf":[],"_links":{"self":[{"href":"https:\/\/www.makitamarket.com.tr\/site\/wp-json\/wp\/v2\/product\/24560","targetHints":{"allow":["GET"]}}],"collection":[{"href":"https:\/\/www.makitamarket.com.tr\/site\/wp-json\/wp\/v2\/product"}],"about":[{"href":"https:\/\/www.makitamarket.com.tr\/site\/wp-json\/wp\/v2\/types\/product"}],"replies":[{"embeddable":true,"href":"https:\/\/www.makitamarket.com.tr\/site\/wp-json\/wp\/v2\/comments?post=24560"}],"wp:featuredmedia":[{"embeddable":true,"href":"https:\/\/www.makitamarket.com.tr\/site\/wp-json\/wp\/v2\/media\/10248"}],"wp:attachment":[{"href":"https:\/\/www.makitamarket.com.tr\/site\/wp-json\/wp\/v2\/media?parent=24560"}],"wp:term":[{"taxonomy":"product_brand","embeddable":true,"href":"https:\/\/www.makitamarket.com.tr\/site\/wp-json\/wp\/v2\/product_brand?post=24560"},{"taxonomy":"product_cat","embeddable":true,"href":"https:\/\/www.makitamarket.com.tr\/site\/wp-json\/wp\/v2\/product_cat?post=24560"},{"taxonomy":"product_tag","embeddable":true,"href":"https:\/\/www.makitamarket.com.tr\/site\/wp-json\/wp\/v2\/product_tag?post=24560"}],"curies":[{"name":"wp","href":"https:\/\/api.w.org\/{rel}","templated":true}]}}