{"id":24564,"date":"2025-07-12T00:14:49","date_gmt":"2025-07-11T21:14:49","guid":{"rendered":"https:\/\/www.makitamarket.com.tr\/site\/urun\/knipex-002012-vde-kombine-pensekarga-burunyan-keski-set\/"},"modified":"2026-04-06T13:36:04","modified_gmt":"2026-04-06T10:36:04","slug":"knipex-002012-vde-kombine-pensekarga-burunyan-keski-set","status":"publish","type":"product","link":"https:\/\/www.makitamarket.com.tr\/site\/urun\/knipex-002012-vde-kombine-pensekarga-burunyan-keski-set\/","title":{"rendered":"Knipex 002012 VDE KOMB\u0130NE PENSE+KARGA BURUN+YAN KESK\u0130 SET"},"content":{"rendered":"<p><b>00 20 12 Elektro-Paketi<\/b><br \/>Self servis delikli \u015f\u0131k sat\u0131\u015f ambalaj\u0131. Tak\u0131mlar \u015feffaf kapakl\u0131 plastik vakum \u00e7ekmeli ambalaj i\u00e7indedir. \u00d6l\u00e7\u00fcler (G x Y x D): 170 x 370 x 40 mm. Penseler DIN EN\/IEC 60900 1000V normuna g\u00f6re VDE onayl\u0131, krom kaplamal\u0131 penseler; \u00e7ok komponentli k\u0131l\u0131fl\u0131 saplar. self servis kart\/kabartma. <br \/><b>Teslimat kapsam\u0131:<\/b> 1 x 03 06 180 Knipex Kombine pense (180 mm), 1 x 70 06 160 Knipex Yan keski (160 mm), 1 x 26 16 200 Knipex Kargaburun (Leylek burnu tipi pense) (200 mm),<\/p>\n<table><\/table>\n","protected":false},"excerpt":{"rendered":"<p><b>00 20 12 Elektro-Paketi<\/b><br \/>Self servis delikli \u015f\u0131k sat\u0131\u015f ambalaj\u0131. Tak\u0131mlar \u015feffaf kapakl\u0131 plastik vakum \u00e7ekmeli ambalaj i\u00e7indedir. \u00d6l\u00e7\u00fcler (G x Y x D): 170 x 370 x 40 mm. Penseler DIN EN\/IEC 60900 1000V normuna g\u00f6re VDE onayl\u0131, krom kaplamal\u0131 penseler; \u00e7ok komponentli k\u0131l\u0131fl\u0131 saplar. self servis kart\/kabartma. <br \/><b>Teslimat kapsam\u0131:<\/b> 1 x 03 06 180 Knipex Kombine pense (180 mm), 1 x 70 06 160 Knipex Yan keski (160 mm), 1 x 26 16 200 Knipex Kargaburun (Leylek burnu tipi pense) (200 mm),<\/p>\n","protected":false},"featured_media":11266,"comment_status":"open","ping_status":"closed","template":"","meta":{"_acf_changed":false},"product_brand":[1486],"product_cat":[956],"product_tag":[],"class_list":{"0":"post-24564","1":"product","2":"type-product","3":"status-publish","4":"has-post-thumbnail","6":"product_brand-knipex","7":"product_cat-ayarli-penseler","9":"first","10":"outofstock","11":"taxable","12":"shipping-taxable","13":"purchasable","14":"product-type-simple","15":"add-to-wishlist-after_add_to_cart"},"acf":[],"_links":{"self":[{"href":"https:\/\/www.makitamarket.com.tr\/site\/wp-json\/wp\/v2\/product\/24564","targetHints":{"allow":["GET"]}}],"collection":[{"href":"https:\/\/www.makitamarket.com.tr\/site\/wp-json\/wp\/v2\/product"}],"about":[{"href":"https:\/\/www.makitamarket.com.tr\/site\/wp-json\/wp\/v2\/types\/product"}],"replies":[{"embeddable":true,"href":"https:\/\/www.makitamarket.com.tr\/site\/wp-json\/wp\/v2\/comments?post=24564"}],"wp:featuredmedia":[{"embeddable":true,"href":"https:\/\/www.makitamarket.com.tr\/site\/wp-json\/wp\/v2\/media\/11266"}],"wp:attachment":[{"href":"https:\/\/www.makitamarket.com.tr\/site\/wp-json\/wp\/v2\/media?parent=24564"}],"wp:term":[{"taxonomy":"product_brand","embeddable":true,"href":"https:\/\/www.makitamarket.com.tr\/site\/wp-json\/wp\/v2\/product_brand?post=24564"},{"taxonomy":"product_cat","embeddable":true,"href":"https:\/\/www.makitamarket.com.tr\/site\/wp-json\/wp\/v2\/product_cat?post=24564"},{"taxonomy":"product_tag","embeddable":true,"href":"https:\/\/www.makitamarket.com.tr\/site\/wp-json\/wp\/v2\/product_tag?post=24564"}],"curies":[{"name":"wp","href":"https:\/\/api.w.org\/{rel}","templated":true}]}}