{"id":24577,"date":"2025-07-12T00:30:23","date_gmt":"2025-07-11T21:30:23","guid":{"rendered":"https:\/\/www.makitamarket.com.tr\/site\/urun\/knipex-001101-knipex-00-11-01-kumanda-dolabi-anahtari\/"},"modified":"2026-04-06T14:57:29","modified_gmt":"2026-04-06T11:57:29","slug":"knipex-001101-knipex-00-11-01-kumanda-dolabi-anahtari","status":"publish","type":"product","link":"https:\/\/www.makitamarket.com.tr\/site\/urun\/knipex-001101-knipex-00-11-01-kumanda-dolabi-anahtari\/","title":{"rendered":"Knipex 001101 KNIPEX 00 11 01 KUMANDA DOLABI ANAHTARI"},"content":{"rendered":"<p><b>00 11 01 KNIPEX TwinKey\u00ae<\/b><br \/>10 Profil. 2 Y\u0131ld\u0131z. 1 anahtar B\u00fct\u00fcn yayg\u0131n kilit sistemleri Bina teknolojisinin \u00e7e\u015fitli alanlar\u0131nda (kalorifer ve s\u0131hhi sistemleri, klima ve havaland\u0131rma teknolojisi, elektroteknik), gaz ve su tedarik sistemleri ve kapatma ekipmanlar\u0131nda kullan\u0131lan kilitleme sistemlerinin \u00e7al\u0131\u015ft\u0131r\u0131lmas\u0131 i\u00e7in \u00e7ok fonksiyonlu anahtar. 8 kollu versiyon: 2 adet \u00e7apraz anahtar yer tasarrufu sa\u011flayacak \u015fekilde m\u0131knat\u0131slarla birle\u015ftirilmi\u015ftir D\u00f6nd\u00fcr\u00fclebilir bit u\u00e7: D\u00fcz 1,0 x 7 mm ve y\u0131ld\u0131z PH2. 1\/4 in\u00e7 bit u\u00e7 tak\u0131labilen m\u0131knat\u0131sl\u0131 u\u00e7 ba\u011flant\u0131s\u0131. Anahtar ve d\u00f6nd\u00fcr\u00fclebilir bit u\u00e7 sa\u011flam bir paslanmaz \u00e7elik halat ile birbirine ba\u011fl\u0131d\u0131r. Toplam kol uzunlu\u011fu: 92 mm. <\/p>\n<li><b>\u00c7ift sakal kapasitesi: <\/b>3 \u2013 5 mm<\/li>\n<li><b>D\u00f6rt k\u00f6\u015fe mm kapasitesi: <\/b>5,0 \/ 6,0 \u2014 7,0 \/ 8,0 \u2014 9,0 \/ 10,0 \u2014 11,0 mm<\/li>\n<li><b>Kapasite \u00fc\u00e7gen: <\/b>7,0 \u2014 8,0 \/ 9,0 \u2014 10,0 \/ 11,0 \u2014 12,0 mm<\/li>\n<li><b>Kapasite kademeleri d\u00f6rt k\u00f6\u015fe: <\/b>6 \u2014 10 mm<\/li>\n<li><b>Yar\u0131m ay kapasitesi: <\/b>6 mm<\/li>\n<li><b>: <\/b>1\/4 in14<\/li>\n<table>\n<tr>\n<td>D\u00f6rt K\u00f6\u015fe Kapasitesi<\/td>\n<td>5\/6-7\/8\/ 10-11 \u00f8 mm<\/td>\n<\/tr>\n<tr>\n<td>\u00dc\u00e7gen Kapasite<\/td>\n<td>7-8\/9- 10\/11-12  \u00f8 mm<\/td>\n<\/tr>\n<tr>\n<td>\u00c7ift Sakal Kapasite<\/td>\n<td>3-5 \u00f8 mm<\/td>\n<\/tr>\n<tr>\n<td>Yar\u0131m Ay Kapasite<\/td>\n<td>6 \u00f8 mm<\/td>\n<\/tr>\n<tr>\n<td>A\u011f\u0131rl\u0131k<\/td>\n<td>95 gr<\/td>\n<\/tr>\n<tr>\n<td>\u00d6l\u00e7\u00fc<\/td>\n<td>95 mm<\/td>\n<\/tr>\n<\/table>\n","protected":false},"excerpt":{"rendered":"<p><b>00 11 01 KNIPEX TwinKey\u00ae<\/b><br \/>10 Profil. 2 Y\u0131ld\u0131z. 1 anahtar B\u00fct\u00fcn yayg\u0131n kilit sistemleri Bina teknolojisinin \u00e7e\u015fitli alanlar\u0131nda (kalorifer ve s\u0131hhi sistemleri, klima ve havaland\u0131rma teknolojisi, elektroteknik), gaz ve su tedarik sistemleri ve kapatma ekipmanlar\u0131nda kullan\u0131lan kilitleme sistemlerinin \u00e7al\u0131\u015ft\u0131r\u0131lmas\u0131 i\u00e7in \u00e7ok fonksiyonlu anahtar. 8 kollu versiyon: 2 adet \u00e7apraz anahtar yer tasarrufu sa\u011flayacak \u015fekilde m\u0131knat\u0131slarla birle\u015ftirilmi\u015ftir D\u00f6nd\u00fcr\u00fclebilir bit u\u00e7: D\u00fcz 1,0 x 7 mm ve y\u0131ld\u0131z PH2. 1\/4 in\u00e7 bit u\u00e7 tak\u0131labilen m\u0131knat\u0131sl\u0131 u\u00e7 ba\u011flant\u0131s\u0131. Anahtar ve d\u00f6nd\u00fcr\u00fclebilir bit u\u00e7 sa\u011flam bir paslanmaz \u00e7elik halat ile birbirine ba\u011fl\u0131d\u0131r. Toplam kol uzunlu\u011fu: 92 mm. <\/p>\n<li><b>\u00c7ift sakal kapasitesi: <\/b>3 \u2013 5 mm<\/li>\n<li><b>D\u00f6rt k\u00f6\u015fe mm kapasitesi: <\/b>5,0 \/ 6,0 \u2014 7,0 \/ 8,0 \u2014 9,0 \/ 10,0 \u2014 11,0 mm<\/li>\n<li><b>Kapasite \u00fc\u00e7gen: <\/b>7,0 \u2014 8,0 \/ 9,0 \u2014 10,0 \/ 11,0 \u2014 12,0 mm<\/li>\n<li><b>Kapasite kademeleri d\u00f6rt k\u00f6\u015fe: <\/b>6 \u2014 10 mm<\/li>\n<li><b>Yar\u0131m ay kapasitesi: <\/b>6 mm<\/li>\n<li><b>: <\/b>1\/4 in14<\/li>\n","protected":false},"featured_media":14387,"comment_status":"open","ping_status":"closed","template":"","meta":{"_acf_changed":false},"product_brand":[1486],"product_cat":[1301],"product_tag":[],"class_list":{"0":"post-24577","1":"product","2":"type-product","3":"status-publish","4":"has-post-thumbnail","6":"product_brand-knipex","7":"product_cat-kumanda-dolabi-anahtarlar","9":"first","10":"outofstock","11":"taxable","12":"shipping-taxable","13":"purchasable","14":"product-type-simple","15":"add-to-wishlist-after_add_to_cart"},"acf":[],"_links":{"self":[{"href":"https:\/\/www.makitamarket.com.tr\/site\/wp-json\/wp\/v2\/product\/24577","targetHints":{"allow":["GET"]}}],"collection":[{"href":"https:\/\/www.makitamarket.com.tr\/site\/wp-json\/wp\/v2\/product"}],"about":[{"href":"https:\/\/www.makitamarket.com.tr\/site\/wp-json\/wp\/v2\/types\/product"}],"replies":[{"embeddable":true,"href":"https:\/\/www.makitamarket.com.tr\/site\/wp-json\/wp\/v2\/comments?post=24577"}],"wp:featuredmedia":[{"embeddable":true,"href":"https:\/\/www.makitamarket.com.tr\/site\/wp-json\/wp\/v2\/media\/14387"}],"wp:attachment":[{"href":"https:\/\/www.makitamarket.com.tr\/site\/wp-json\/wp\/v2\/media?parent=24577"}],"wp:term":[{"taxonomy":"product_brand","embeddable":true,"href":"https:\/\/www.makitamarket.com.tr\/site\/wp-json\/wp\/v2\/product_brand?post=24577"},{"taxonomy":"product_cat","embeddable":true,"href":"https:\/\/www.makitamarket.com.tr\/site\/wp-json\/wp\/v2\/product_cat?post=24577"},{"taxonomy":"product_tag","embeddable":true,"href":"https:\/\/www.makitamarket.com.tr\/site\/wp-json\/wp\/v2\/product_tag?post=24577"}],"curies":[{"name":"wp","href":"https:\/\/api.w.org\/{rel}","templated":true}]}}