{"id":24584,"date":"2025-07-12T00:34:13","date_gmt":"2025-07-11T21:34:13","guid":{"rendered":"https:\/\/www.makitamarket.com.tr\/site\/urun\/knipex-0202200-knipex-02-02-200-agir-hizmet-kombine-pense\/"},"modified":"2026-03-30T09:07:57","modified_gmt":"2026-03-30T06:07:57","slug":"knipex-0202200-knipex-02-02-200-agir-hizmet-kombine-pense","status":"publish","type":"product","link":"https:\/\/www.makitamarket.com.tr\/site\/urun\/knipex-0202200-knipex-02-02-200-agir-hizmet-kombine-pense\/","title":{"rendered":"Knipex 0202200 KNIPEX 02 02 200 A\u011eIR H\u0130ZMET KOMB\u0130NE PENSE"},"content":{"rendered":"<p><strong>02 02 200 A\u011f\u0131r Tip Kombine Penseler<\/strong><\/p>\n<p>S\u0131radan kombine penselere kar\u015f\u0131 %35 kuvvet tasarrufu. A\u011f\u0131r \u00e7al\u0131\u015fmalar i\u00e7in sert kesiciler ile (sertlik yakla\u015f\u0131k 63 HRC). \u0130yile\u015ftirilmi\u015f manivela d\u00fczeni sayesinde daha kolay \u00e7al\u0131\u015fma. Kolay kesme, g\u00fc\u00e7l\u00fc kavrama, b\u00fckme ve \u00e7ekme. Kal\u0131n kablolar i\u00e7in uzun kesici \u00e7ene. \u00c7ok ama\u00e7l\u0131 kullan\u0131m i\u00e7in, yass\u0131 ve yuvarlak malzeme kavrama b\u00f6lgeleri Kesicilere ek olarak ind\u00fcksiyon sertle\u015ftirme uygulamas\u0131 yap\u0131lm\u0131\u015ft\u0131r. <\/p>\n<p><strong>Yumu\u015fak tel kesme de\u011feri (\u00e7ap): <\/strong>\u00d8 2,8 mm<\/p>\n<p><strong>Piyano tel kesme de\u011feri (\u00e7ap): <\/strong>\u00d8 2,2 mm<\/p>\n<p><strong>Bak\u0131r kablo kesim de\u011feri, \u00e7ok telli: <\/strong>\u00d8 13,0 mm<\/p>\n<p><strong>Bak\u0131r kablo kesim de\u011feri, \u00e7ok telli: <\/strong>25,0 mm\u00b2<\/p>\n<table>\n<tr>\n<td>Uzunluk<\/td>\n<td>200<\/td>\n<\/tr>\n<tr>\n<td>Kafa<\/td>\n<td>Polisaj<\/td>\n<\/tr>\n<tr>\n<td>Sap<\/td>\n<td>Kal\u0131n izole<\/td>\n<\/tr>\n<tr>\n<td>Sert Tel<\/td>\n<td>2.8 \u00f8mm<\/td>\n<\/tr>\n<tr>\n<td>Piyano Tel<\/td>\n<td>2.2 \u00f8mm<\/td>\n<\/tr>\n<tr>\n<td>\u00c7ok \u0130letkenli Kablo<\/td>\n<td>13,0\u00f8mm, 25mm\u00b2<\/td>\n<\/tr>\n<tr>\n<td>A\u011f\u0131rl\u0131k<\/td>\n<td>342 gr<\/td>\n<\/tr>\n<\/table>\n","protected":false},"excerpt":{"rendered":"<p><strong>02 02 200 A\u011f\u0131r Tip Kombine Penseler<\/strong><\/p>\n<p>S\u0131radan kombine penselere kar\u015f\u0131 %35 kuvvet tasarrufu. A\u011f\u0131r \u00e7al\u0131\u015fmalar i\u00e7in sert kesiciler ile (sertlik yakla\u015f\u0131k 63 HRC). \u0130yile\u015ftirilmi\u015f manivela d\u00fczeni sayesinde daha kolay \u00e7al\u0131\u015fma. Kolay kesme, g\u00fc\u00e7l\u00fc kavrama, b\u00fckme ve \u00e7ekme. Kal\u0131n kablolar i\u00e7in uzun kesici \u00e7ene. \u00c7ok ama\u00e7l\u0131 kullan\u0131m i\u00e7in, yass\u0131 ve yuvarlak malzeme kavrama b\u00f6lgeleri Kesicilere ek olarak ind\u00fcksiyon sertle\u015ftirme uygulamas\u0131 yap\u0131lm\u0131\u015ft\u0131r. <\/p>\n<p><strong>Yumu\u015fak tel kesme de\u011feri (\u00e7ap): <\/strong>\u00d8 2,8 mm<\/p>\n<p><strong>Piyano tel kesme de\u011feri (\u00e7ap): <\/strong>\u00d8 2,2 mm<\/p>\n<p><strong>Bak\u0131r kablo kesim de\u011feri, \u00e7ok telli: <\/strong>\u00d8 13,0 mm<\/p>\n<p><strong>Bak\u0131r kablo kesim de\u011feri, \u00e7ok telli: <\/strong>25,0 mm\u00b2<\/p>\n","protected":false},"featured_media":15225,"comment_status":"open","ping_status":"closed","template":"","meta":{"_acf_changed":false},"product_brand":[1486],"product_cat":[1231],"product_tag":[],"class_list":{"0":"post-24584","1":"product","2":"type-product","3":"status-publish","4":"has-post-thumbnail","6":"product_brand-knipex","7":"product_cat-kombine-penseler","9":"first","10":"instock","11":"taxable","12":"shipping-taxable","13":"purchasable","14":"product-type-simple","15":"add-to-wishlist-after_add_to_cart"},"acf":[],"_links":{"self":[{"href":"https:\/\/www.makitamarket.com.tr\/site\/wp-json\/wp\/v2\/product\/24584","targetHints":{"allow":["GET"]}}],"collection":[{"href":"https:\/\/www.makitamarket.com.tr\/site\/wp-json\/wp\/v2\/product"}],"about":[{"href":"https:\/\/www.makitamarket.com.tr\/site\/wp-json\/wp\/v2\/types\/product"}],"replies":[{"embeddable":true,"href":"https:\/\/www.makitamarket.com.tr\/site\/wp-json\/wp\/v2\/comments?post=24584"}],"wp:featuredmedia":[{"embeddable":true,"href":"https:\/\/www.makitamarket.com.tr\/site\/wp-json\/wp\/v2\/media\/15225"}],"wp:attachment":[{"href":"https:\/\/www.makitamarket.com.tr\/site\/wp-json\/wp\/v2\/media?parent=24584"}],"wp:term":[{"taxonomy":"product_brand","embeddable":true,"href":"https:\/\/www.makitamarket.com.tr\/site\/wp-json\/wp\/v2\/product_brand?post=24584"},{"taxonomy":"product_cat","embeddable":true,"href":"https:\/\/www.makitamarket.com.tr\/site\/wp-json\/wp\/v2\/product_cat?post=24584"},{"taxonomy":"product_tag","embeddable":true,"href":"https:\/\/www.makitamarket.com.tr\/site\/wp-json\/wp\/v2\/product_tag?post=24584"}],"curies":[{"name":"wp","href":"https:\/\/api.w.org\/{rel}","templated":true}]}}