{"id":24631,"date":"2025-07-12T01:18:03","date_gmt":"2025-07-11T22:18:03","guid":{"rendered":"https:\/\/www.makitamarket.com.tr\/site\/urun\/knipex-002150le-knipex-moduler-x18-bos-canta\/"},"modified":"2026-04-06T18:09:43","modified_gmt":"2026-04-06T15:09:43","slug":"knipex-002150le-knipex-moduler-x18-bos-canta","status":"publish","type":"product","link":"https:\/\/www.makitamarket.com.tr\/site\/urun\/knipex-002150le-knipex-moduler-x18-bos-canta\/","title":{"rendered":"Knipex 002150LE KNIPEX MODULER X18 BO\u015e \u00c7ANTA"},"content":{"rendered":"<ol>\n<li data-list=\"bullet\"><span class=\"ql-ui\" contenteditable=\"false\"><\/span><span style=\"background-color: rgb(255, 255, 255); color: rgb(0, 79, 159);\">&nbsp;Size ve ta\u015f\u0131yaca\u011f\u0131n\u0131z \u00fcr\u00fcnlerinize uygun: tamamen mente\u015feli \u00f6n ve arka k\u0131s\u0131m, \u00e7\u0131kar\u0131labilir alet panosu ve s\u0131rt\u0131n\u0131z i\u00e7in dolgu sayesinde pratik ve rahat<\/span><\/li>\n<li data-list=\"bullet\"><span class=\"ql-ui\" contenteditable=\"false\"><\/span><span style=\"background-color: rgb(255, 255, 255); color: rgb(0, 79, 159);\">&nbsp;Yenilik: yenilik\u00e7i FIDLOCK\u00ae ba\u011flant\u0131 ve MOLLE dokuma sayesinde optimum esneklik<\/span><\/li>\n<li data-list=\"bullet\"><span class=\"ql-ui\" contenteditable=\"false\"><\/span><span style=\"background-color: rgb(255, 255, 255); color: rgb(0, 79, 159);\">&nbsp;Her t\u00fcrl\u00fc zorlu\u011fa uygun: aletler, \u00f6l\u00e7\u00fcm aletleri, diz\u00fcst\u00fc bilgisayar veya tablet i\u00e7in iki ayr\u0131 i\u00e7 b\u00f6lme<\/span><\/li>\n<li data-list=\"bullet\"><span class=\"ql-ui\" contenteditable=\"false\"><\/span><span style=\"background-color: rgb(255, 255, 255); color: rgb(0, 79, 159);\">&nbsp;Maks. y\u00fck: 15 kg<\/span><\/li>\n<li data-list=\"bullet\"><span class=\"ql-ui\" contenteditable=\"false\"><\/span><span style=\"background-color: rgb(255, 255, 255); color: rgb(0, 79, 159);\">&nbsp;Hacim: 18 litre<\/span><\/li>\n<li data-list=\"bullet\"><span class=\"ql-ui\" contenteditable=\"false\"><\/span><span style=\"background-color: rgb(255, 255, 255); color: black;\">&nbsp;S\u00fcrd\u00fcr\u00fclebilir geri d\u00f6n\u00fc\u015ft\u00fcr\u00fclm\u00fc\u015f sentetik liflerden yap\u0131lm\u0131\u015f, su s\u0131\u00e7ramas\u0131na dayan\u0131kl\u0131 ve temizlemesi kolay dayan\u0131kl\u0131 kuma\u015f<\/span><\/li>\n<li data-list=\"bullet\"><span class=\"ql-ui\" contenteditable=\"false\"><\/span><span style=\"background-color: rgb(255, 255, 255); color: black;\">&nbsp;A\u00e7\u0131ld\u0131\u011f\u0131nda ve kapat\u0131ld\u0131\u011f\u0131nda g\u00fcvenli bir \u015fekilde dik konum i\u00e7in darbeye dayan\u0131kl\u0131 plastikten yap\u0131lm\u0131\u015f su ge\u00e7irmez kal\u0131pl\u0131 taban, 6 cm y\u00fckseklikte<\/span><\/li>\n<li data-list=\"bullet\"><span class=\"ql-ui\" contenteditable=\"false\"><\/span><span style=\"background-color: rgb(255, 255, 255); color: black;\">&nbsp;Herhangi bir adapt\u00f6r, halka ve aksesuar takmak i\u00e7in i\u00e7eride bir, d\u0131\u015far\u0131da d\u00f6rt MOLLE kay\u0131\u015f\u0131<\/span><\/li>\n<li data-list=\"bullet\"><span class=\"ql-ui\" contenteditable=\"false\"><\/span><span style=\"background-color: rgb(255, 255, 255); color: black;\">&nbsp;FIDLOCK\u00ae ba\u011flant\u0131lar\u0131 hemen kilitlenebilir veya a\u00e7\u0131labilir<\/span><\/li>\n<li data-list=\"bullet\"><span class=\"ql-ui\" contenteditable=\"false\"><\/span><span style=\"background-color: rgb(255, 255, 255); color: black;\">&nbsp;Baz\u0131lar\u0131 fermuarl\u0131 olmak \u00fczere toplam 21 tutma halkas\u0131 ve 37 cep<\/span><\/li>\n<li data-list=\"bullet\"><span class=\"ql-ui\" contenteditable=\"false\"><\/span><span style=\"background-color: rgb(255, 255, 255); color: black;\">&nbsp;Tekerlekli ta\u015f\u0131ma sistemini (opsiyonel) sabitlemek i\u00e7in bagaj kay\u0131\u015f\u0131<\/span><\/li>\n<li data-list=\"bullet\"><span class=\"ql-ui\" contenteditable=\"false\"><\/span><span style=\"background-color: rgb(255, 255, 255); color: black;\">&nbsp;53 x 34 x 21 cm (Y x G x D), bo\u015f a\u011f\u0131rl\u0131k 2,9 kg, 15 kg\u2019a kadar test edilmi\u015f y\u00fck kapasitesi<\/span><\/li>\n<\/ol>\n<p><\/p>\n<table>\n<tr>\n<td>\u00d6l\u00e7\u00fcler<\/td>\n<td>530 x 370 x 190 mm<\/td>\n<\/tr>\n<tr>\n<td>A\u011f\u0131rl\u0131k<\/td>\n<td>2.900 g<\/td>\n<\/tr>\n<\/table>\n","protected":false},"excerpt":{"rendered":"<ol>\n<li data-list=\"bullet\"><span class=\"ql-ui\" contenteditable=\"false\"><\/span><span style=\"background-color: rgb(255, 255, 255); color: rgb(0, 79, 159);\">&nbsp;Size ve ta\u015f\u0131yaca\u011f\u0131n\u0131z \u00fcr\u00fcnlerinize uygun: tamamen mente\u015feli \u00f6n ve arka k\u0131s\u0131m, \u00e7\u0131kar\u0131labilir alet panosu ve s\u0131rt\u0131n\u0131z i\u00e7in dolgu sayesinde pratik ve rahat<\/span><\/li>\n<li data-list=\"bullet\"><span class=\"ql-ui\" contenteditable=\"false\"><\/span><span style=\"background-color: rgb(255, 255, 255); color: rgb(0, 79, 159);\">&nbsp;Yenilik: yenilik\u00e7i FIDLOCK\u00ae ba\u011flant\u0131 ve MOLLE dokuma sayesinde optimum esneklik<\/span><\/li>\n<li data-list=\"bullet\"><span class=\"ql-ui\" contenteditable=\"false\"><\/span><span style=\"background-color: rgb(255, 255, 255); color: rgb(0, 79, 159);\">&nbsp;Her t\u00fcrl\u00fc zorlu\u011fa uygun: aletler, \u00f6l\u00e7\u00fcm aletleri, diz\u00fcst\u00fc bilgisayar veya tablet i\u00e7in iki ayr\u0131 i\u00e7 b\u00f6lme<\/span><\/li>\n<li data-list=\"bullet\"><span class=\"ql-ui\" contenteditable=\"false\"><\/span><span style=\"background-color: rgb(255, 255, 255); color: rgb(0, 79, 159);\">&nbsp;Maks. y\u00fck: 15 kg<\/span><\/li>\n<li data-list=\"bullet\"><span class=\"ql-ui\" contenteditable=\"false\"><\/span><span style=\"background-color: rgb(255, 255, 255); color: rgb(0, 79, 159);\">&nbsp;Hacim: 18 litre<\/span><\/li>\n<li data-list=\"bullet\"><span class=\"ql-ui\" contenteditable=\"false\"><\/span><span style=\"background-color: rgb(255, 255, 255); color: black;\">&nbsp;S\u00fcrd\u00fcr\u00fclebilir geri d\u00f6n\u00fc\u015ft\u00fcr\u00fclm\u00fc\u015f sentetik liflerden yap\u0131lm\u0131\u015f, su s\u0131\u00e7ramas\u0131na dayan\u0131kl\u0131 ve temizlemesi kolay dayan\u0131kl\u0131 kuma\u015f<\/span><\/li>\n<li data-list=\"bullet\"><span class=\"ql-ui\" contenteditable=\"false\"><\/span><span style=\"background-color: rgb(255, 255, 255); color: black;\">&nbsp;A\u00e7\u0131ld\u0131\u011f\u0131nda ve kapat\u0131ld\u0131\u011f\u0131nda g\u00fcvenli bir \u015fekilde dik konum i\u00e7in darbeye dayan\u0131kl\u0131 plastikten yap\u0131lm\u0131\u015f su ge\u00e7irmez kal\u0131pl\u0131 taban, 6 cm y\u00fckseklikte<\/span><\/li>\n<li data-list=\"bullet\"><span class=\"ql-ui\" contenteditable=\"false\"><\/span><span style=\"background-color: rgb(255, 255, 255); color: black;\">&nbsp;Herhangi bir adapt\u00f6r, halka ve aksesuar takmak i\u00e7in i\u00e7eride bir, d\u0131\u015far\u0131da d\u00f6rt MOLLE kay\u0131\u015f\u0131<\/span><\/li>\n<li data-list=\"bullet\"><span class=\"ql-ui\" contenteditable=\"false\"><\/span><span style=\"background-color: rgb(255, 255, 255); color: black;\">&nbsp;FIDLOCK\u00ae ba\u011flant\u0131lar\u0131 hemen kilitlenebilir veya a\u00e7\u0131labilir<\/span><\/li>\n<li data-list=\"bullet\"><span class=\"ql-ui\" contenteditable=\"false\"><\/span><span style=\"background-color: rgb(255, 255, 255); color: black;\">&nbsp;Baz\u0131lar\u0131 fermuarl\u0131 olmak \u00fczere toplam 21 tutma halkas\u0131 ve 37 cep<\/span><\/li>\n<li data-list=\"bullet\"><span class=\"ql-ui\" contenteditable=\"false\"><\/span><span style=\"background-color: rgb(255, 255, 255); color: black;\">&nbsp;Tekerlekli ta\u015f\u0131ma sistemini (opsiyonel) sabitlemek i\u00e7in bagaj kay\u0131\u015f\u0131<\/span><\/li>\n<li data-list=\"bullet\"><span class=\"ql-ui\" contenteditable=\"false\"><\/span><span style=\"background-color: rgb(255, 255, 255); color: black;\">&nbsp;53 x 34 x 21 cm (Y x G x D), bo\u015f a\u011f\u0131rl\u0131k 2,9 kg, 15 kg\u2019a kadar test edilmi\u015f y\u00fck kapasitesi<\/span><\/li>\n<\/ol>\n<p><\/p>\n","protected":false},"featured_media":0,"comment_status":"open","ping_status":"closed","template":"","meta":{"_acf_changed":false},"product_brand":[1486],"product_cat":[1565],"product_tag":[],"class_list":{"0":"post-24631","1":"product","2":"type-product","3":"status-publish","5":"product_brand-knipex","6":"product_cat-yok-yok","8":"first","9":"instock","10":"taxable","11":"shipping-taxable","12":"purchasable","13":"product-type-simple","14":"add-to-wishlist-after_add_to_cart"},"acf":[],"_links":{"self":[{"href":"https:\/\/www.makitamarket.com.tr\/site\/wp-json\/wp\/v2\/product\/24631","targetHints":{"allow":["GET"]}}],"collection":[{"href":"https:\/\/www.makitamarket.com.tr\/site\/wp-json\/wp\/v2\/product"}],"about":[{"href":"https:\/\/www.makitamarket.com.tr\/site\/wp-json\/wp\/v2\/types\/product"}],"replies":[{"embeddable":true,"href":"https:\/\/www.makitamarket.com.tr\/site\/wp-json\/wp\/v2\/comments?post=24631"}],"wp:attachment":[{"href":"https:\/\/www.makitamarket.com.tr\/site\/wp-json\/wp\/v2\/media?parent=24631"}],"wp:term":[{"taxonomy":"product_brand","embeddable":true,"href":"https:\/\/www.makitamarket.com.tr\/site\/wp-json\/wp\/v2\/product_brand?post=24631"},{"taxonomy":"product_cat","embeddable":true,"href":"https:\/\/www.makitamarket.com.tr\/site\/wp-json\/wp\/v2\/product_cat?post=24631"},{"taxonomy":"product_tag","embeddable":true,"href":"https:\/\/www.makitamarket.com.tr\/site\/wp-json\/wp\/v2\/product_tag?post=24631"}],"curies":[{"name":"wp","href":"https:\/\/api.w.org\/{rel}","templated":true}]}}