{"id":24643,"date":"2025-07-12T01:18:12","date_gmt":"2025-07-11T22:18:12","guid":{"rendered":"https:\/\/www.makitamarket.com.tr\/site\/urun\/knipex-1099i220-knipex-10-99-i220\/"},"modified":"2026-04-06T18:11:38","modified_gmt":"2026-04-06T15:11:38","slug":"knipex-1099i220-knipex-10-99-i220","status":"publish","type":"product","link":"https:\/\/www.makitamarket.com.tr\/site\/urun\/knipex-1099i220-knipex-10-99-i220\/","title":{"rendered":"Knipex 1099I220 KNIPEX 10 99 I220"},"content":{"rendered":"<p>10 99 I220 Kulakl\u0131 kelep\u00e7e pensesi<\/p>\n<ol>\n<li data-list=\"bullet\"><span class=\"ql-ui\" contenteditable=\"false\"><\/span><span style=\"background-color: rgb(255, 255, 255); color: black;\">1 ve 2 kulakl\u0131 kelep\u00e7elerin (Oetiker veya benzeri sistem) kolay ve g\u00fcvenli \u015fekilde sabitlenmesi i\u00e7in<\/span><\/li>\n<li data-list=\"bullet\"><span class=\"ql-ui\" contenteditable=\"false\"><\/span><span style=\"background-color: rgb(255, 255, 255); color: black;\">&nbsp;Kulakl\u0131 kelep\u00e7elerin presleme noktalar\u0131na zarar verilmez<\/span><\/li>\n<li data-list=\"bullet\"><span class=\"ql-ui\" contenteditable=\"false\"><\/span> <strong>Kullan\u0131m kolayl\u0131\u011f\u0131: \u00f6nden ve yandan presleme i\u00e7in iki farkl\u0131 presleme profili<\/strong><\/li>\n<li data-list=\"bullet\"><span class=\"ql-ui\" contenteditable=\"false\"><\/span><span style=\"background-color: rgb(255, 255, 255); color: black;\">&nbsp;Dar kafas\u0131 sayesinde zor eri\u015filebilir \u00e7al\u0131\u015fma yerlerinde i\u015f par\u00e7as\u0131na kolayca ula\u015f\u0131l\u0131r<\/span><\/li>\n<li data-list=\"bullet\"><span class=\"ql-ui\" contenteditable=\"false\"><\/span><span style=\"background-color: rgb(255, 255, 255); color: black;\">&nbsp;Aks k\u00f6r\u00fckleri, radyat\u00f6r ve yak\u0131t borular\u0131, bas\u0131n\u00e7l\u0131 hava sistemleri ve kompres\u00f6rlerde kullan\u0131lan kelep\u00e7eler gibi \u00e7ok y\u00f6nl\u00fc uygulama alan\u0131<\/span><\/li>\n<li data-list=\"bullet\"><span class=\"ql-ui\" contenteditable=\"false\"><\/span><span style=\"background-color: rgb(255, 255, 255); color: black;\">&nbsp;Uzun \u00f6m\u00fcrl\u00fc ve sa\u011flam<\/span><\/li>\n<\/ol>\n<p><\/p>\n<table>\n<tr>\n<td>\u00d6l\u00e7\u00fcleri<\/td>\n<td>220 x 48 x 20 mm<\/td>\n<\/tr>\n<tr>\n<td>A\u011f\u0131rl\u0131k<\/td>\n<td>345 g<\/td>\n<\/tr>\n<\/table>\n","protected":false},"excerpt":{"rendered":"<p>10 99 I220 Kulakl\u0131 kelep\u00e7e pensesi<\/p>\n<ol>\n<li data-list=\"bullet\"><span class=\"ql-ui\" contenteditable=\"false\"><\/span><span style=\"background-color: rgb(255, 255, 255); color: black;\">1 ve 2 kulakl\u0131 kelep\u00e7elerin (Oetiker veya benzeri sistem) kolay ve g\u00fcvenli \u015fekilde sabitlenmesi i\u00e7in<\/span><\/li>\n<li data-list=\"bullet\"><span class=\"ql-ui\" contenteditable=\"false\"><\/span><span style=\"background-color: rgb(255, 255, 255); color: black;\">&nbsp;Kulakl\u0131 kelep\u00e7elerin presleme noktalar\u0131na zarar verilmez<\/span><\/li>\n<li data-list=\"bullet\"><span class=\"ql-ui\" contenteditable=\"false\"><\/span> <strong>Kullan\u0131m kolayl\u0131\u011f\u0131: \u00f6nden ve yandan presleme i\u00e7in iki farkl\u0131 presleme profili<\/strong><\/li>\n<li data-list=\"bullet\"><span class=\"ql-ui\" contenteditable=\"false\"><\/span><span style=\"background-color: rgb(255, 255, 255); color: black;\">&nbsp;Dar kafas\u0131 sayesinde zor eri\u015filebilir \u00e7al\u0131\u015fma yerlerinde i\u015f par\u00e7as\u0131na kolayca ula\u015f\u0131l\u0131r<\/span><\/li>\n<li data-list=\"bullet\"><span class=\"ql-ui\" contenteditable=\"false\"><\/span><span style=\"background-color: rgb(255, 255, 255); color: black;\">&nbsp;Aks k\u00f6r\u00fckleri, radyat\u00f6r ve yak\u0131t borular\u0131, bas\u0131n\u00e7l\u0131 hava sistemleri ve kompres\u00f6rlerde kullan\u0131lan kelep\u00e7eler gibi \u00e7ok y\u00f6nl\u00fc uygulama alan\u0131<\/span><\/li>\n<li data-list=\"bullet\"><span class=\"ql-ui\" contenteditable=\"false\"><\/span><span style=\"background-color: rgb(255, 255, 255); color: black;\">&nbsp;Uzun \u00f6m\u00fcrl\u00fc ve sa\u011flam<\/span><\/li>\n<\/ol>\n<p><\/p>\n","protected":false},"featured_media":0,"comment_status":"open","ping_status":"closed","template":"","meta":{"_acf_changed":false},"product_brand":[1486],"product_cat":[1565],"product_tag":[],"class_list":{"0":"post-24643","1":"product","2":"type-product","3":"status-publish","5":"product_brand-knipex","6":"product_cat-yok-yok","8":"first","9":"instock","10":"taxable","11":"shipping-taxable","12":"purchasable","13":"product-type-simple","14":"add-to-wishlist-after_add_to_cart"},"acf":[],"_links":{"self":[{"href":"https:\/\/www.makitamarket.com.tr\/site\/wp-json\/wp\/v2\/product\/24643","targetHints":{"allow":["GET"]}}],"collection":[{"href":"https:\/\/www.makitamarket.com.tr\/site\/wp-json\/wp\/v2\/product"}],"about":[{"href":"https:\/\/www.makitamarket.com.tr\/site\/wp-json\/wp\/v2\/types\/product"}],"replies":[{"embeddable":true,"href":"https:\/\/www.makitamarket.com.tr\/site\/wp-json\/wp\/v2\/comments?post=24643"}],"wp:attachment":[{"href":"https:\/\/www.makitamarket.com.tr\/site\/wp-json\/wp\/v2\/media?parent=24643"}],"wp:term":[{"taxonomy":"product_brand","embeddable":true,"href":"https:\/\/www.makitamarket.com.tr\/site\/wp-json\/wp\/v2\/product_brand?post=24643"},{"taxonomy":"product_cat","embeddable":true,"href":"https:\/\/www.makitamarket.com.tr\/site\/wp-json\/wp\/v2\/product_cat?post=24643"},{"taxonomy":"product_tag","embeddable":true,"href":"https:\/\/www.makitamarket.com.tr\/site\/wp-json\/wp\/v2\/product_tag?post=24643"}],"curies":[{"name":"wp","href":"https:\/\/api.w.org\/{rel}","templated":true}]}}