{"id":24699,"date":"2025-07-12T01:19:36","date_gmt":"2025-07-11T22:19:36","guid":{"rendered":"https:\/\/www.makitamarket.com.tr\/site\/urun\/knipex-9721215c-knipex-97-21-215-c\/"},"modified":"2026-04-06T18:21:06","modified_gmt":"2026-04-06T15:21:06","slug":"knipex-9721215c-knipex-97-21-215-c","status":"publish","type":"product","link":"https:\/\/www.makitamarket.com.tr\/site\/urun\/knipex-9721215c-knipex-97-21-215-c\/","title":{"rendered":"Knipex 9721215C KNIPEX 97 21 215 C"},"content":{"rendered":"<p><strong style=\"background-color: rgb(255, 255, 255); color: rgb(99, 99, 99);\">S\u0131kma Pense<\/strong><\/p>\n<ol>\n<li data-list=\"bullet\"><span class=\"ql-ui\" contenteditable=\"false\"><\/span><span style=\"background-color: rgb(255, 255, 255); color: black;\">&nbsp;M 2,6; M 3; M 3,5; M 4 ve M 5 bak\u0131r veya pirin\u00e7 vida di\u015fli pimlerin kesilmesi i\u00e7ividaya uygun delikler<\/span><\/li>\n<li data-list=\"bullet\"><span class=\"ql-ui\" contenteditable=\"false\"><\/span><span style=\"background-color: rgb(255, 255, 255); color: black;\">&nbsp;Y\u00fcksek stabilizasyon ve d\u00fczenli \u00e7al\u0131\u015fma hareketini sa\u011flayan vidal\u0131 mafsal<\/span><\/li>\n<\/ol>\n<p>Kapasite milimetrekare 0,5 \u2014 6,0 mm\u00b2 Yuva say\u0131s\u0131 3 AWG 20 \u2014 10<\/p>\n<table>\n<tr>\n<td>A\u011f\u0131rl\u0131k<\/td>\n<td>290 g<\/td>\n<\/tr>\n<tr>\n<td>\u00d6l\u00e7\u00fcler<\/td>\n<td>230 x 63 x 25 mm<\/td>\n<\/tr>\n<\/table>\n","protected":false},"excerpt":{"rendered":"<p><strong style=\"background-color: rgb(255, 255, 255); color: rgb(99, 99, 99);\">S\u0131kma Pense<\/strong><\/p>\n<ol>\n<li data-list=\"bullet\"><span class=\"ql-ui\" contenteditable=\"false\"><\/span><span style=\"background-color: rgb(255, 255, 255); color: black;\">&nbsp;M 2,6; M 3; M 3,5; M 4 ve M 5 bak\u0131r veya pirin\u00e7 vida di\u015fli pimlerin kesilmesi i\u00e7ividaya uygun delikler<\/span><\/li>\n<li data-list=\"bullet\"><span class=\"ql-ui\" contenteditable=\"false\"><\/span><span style=\"background-color: rgb(255, 255, 255); color: black;\">&nbsp;Y\u00fcksek stabilizasyon ve d\u00fczenli \u00e7al\u0131\u015fma hareketini sa\u011flayan vidal\u0131 mafsal<\/span><\/li>\n<\/ol>\n<p>Kapasite milimetrekare 0,5 \u2014 6,0 mm\u00b2 Yuva say\u0131s\u0131 3 AWG 20 \u2014 10<\/p>\n","protected":false},"featured_media":0,"comment_status":"open","ping_status":"closed","template":"","meta":{"_acf_changed":false},"product_brand":[1486],"product_cat":[1565],"product_tag":[],"class_list":{"0":"post-24699","1":"product","2":"type-product","3":"status-publish","5":"product_brand-knipex","6":"product_cat-yok-yok","8":"first","9":"outofstock","10":"taxable","11":"shipping-taxable","12":"purchasable","13":"product-type-simple","14":"add-to-wishlist-after_add_to_cart"},"acf":[],"_links":{"self":[{"href":"https:\/\/www.makitamarket.com.tr\/site\/wp-json\/wp\/v2\/product\/24699","targetHints":{"allow":["GET"]}}],"collection":[{"href":"https:\/\/www.makitamarket.com.tr\/site\/wp-json\/wp\/v2\/product"}],"about":[{"href":"https:\/\/www.makitamarket.com.tr\/site\/wp-json\/wp\/v2\/types\/product"}],"replies":[{"embeddable":true,"href":"https:\/\/www.makitamarket.com.tr\/site\/wp-json\/wp\/v2\/comments?post=24699"}],"wp:attachment":[{"href":"https:\/\/www.makitamarket.com.tr\/site\/wp-json\/wp\/v2\/media?parent=24699"}],"wp:term":[{"taxonomy":"product_brand","embeddable":true,"href":"https:\/\/www.makitamarket.com.tr\/site\/wp-json\/wp\/v2\/product_brand?post=24699"},{"taxonomy":"product_cat","embeddable":true,"href":"https:\/\/www.makitamarket.com.tr\/site\/wp-json\/wp\/v2\/product_cat?post=24699"},{"taxonomy":"product_tag","embeddable":true,"href":"https:\/\/www.makitamarket.com.tr\/site\/wp-json\/wp\/v2\/product_tag?post=24699"}],"curies":[{"name":"wp","href":"https:\/\/api.w.org\/{rel}","templated":true}]}}