{"id":25451,"date":"2025-12-01T00:26:23","date_gmt":"2025-11-30T21:26:23","guid":{"rendered":"https:\/\/www.makitamarket.com.tr\/site\/urun\/leica-x3-1-leica-distox3-bluetoothlu-lazer-metre\/"},"modified":"2026-01-23T12:23:56","modified_gmt":"2026-01-23T09:23:56","slug":"leica-x3-1-leica-distox3-bluetoothlu-lazer-metre","status":"publish","type":"product","link":"https:\/\/www.makitamarket.com.tr\/site\/urun\/leica-x3-1-leica-distox3-bluetoothlu-lazer-metre\/","title":{"rendered":"Leica X3-1 LEICA DISTO\u2122X3 BLUETOOTH&#8217;LU LAZER METRE"},"content":{"rendered":"<div>\n\t\u2022\u00a0<strong>P2P Noktadan noktaya kolay ve h\u0131zl\u0131 \u00f6l\u00e7\u00fcm<br \/>\n\t<\/strong><\/div>\n<div>\n\t<strong>S\u0131n\u0131f\u0131n\u0131n en sa\u011flam ve hassas lazer metresi!<br \/>\n\t<\/strong><\/div>\n<div>\n\t\u2022\u00a02m y\u00fcksekten d\u00fc\u015fmeye dayan\u0131kl\u0131<\/div>\n<div>\n\t\u2022\u00a0360\u00b0 dijital e\u011fim \u00f6l\u00e7er<\/div>\n<div>\n\t\u2022\u00a0IP 65: toz\/suya kar\u015f\u0131 korumal\u0131. Musluk suyunda y\u0131kanabilir.<\/div>\n<div>\n\t\u2022\u00a0Ekstra g\u00fc\u00e7l\u00fc kau\u00e7uk kaplama<\/div>\n<div>\n\t\u2022\u00a00.2\u00b0 e\u011fim \u00f6l\u00e7\u00fcm\u00fc do\u011frulu\u011fu<\/div>\n<div>\n\t\u2022\u00a0Ak\u0131ll\u0131 Yatay Mod TM Engel\u00a0 \u00fczerinden yatay mesafe \u00f6l\u00e7\u00fcm\u00fc.<\/div>\n<div>\n\t\u2022\u00a0S\u00fcrekli y\u00fckseklik takibi<\/div>\n<div>\n\t\u2022\u00a0Alan hacim ve \u00e7evre hesaplama<\/div>\n<div>\n\t\u2022\u00a0\u00dc\u00e7gen alan\u0131 hesaplama.<\/div>\n<div>\n\t\u2022\u00a0Boyac\u0131 fonksiyonu sayesinde duvar alanlar\u0131nda h\u0131zl\u0131 hesaplama.<\/div>\n<div>\n\t\u2022\u00a0Son 30 \u00f6l\u00e7\u00fcm sonucunu haf\u0131zaya alabilme.<\/div>\n<div>\n\t\u2022\u00a0Disto plan uygulamas\u0131 ile DXF veya DWG r\u00f6l\u00f6ve olu\u015fturabilme.<\/div>\n<div>\n\t\u2022\u00a0X Range Power Technology TM h\u0131zl\u0131 ve hassas \u00f6l\u00e7\u00fcm.<\/div>\n<div>\n\t\u2022\u00a04 sat\u0131r ayd\u0131nlatmal\u0131 ekran.<\/div>\n<div>\n\t\u2022\u00a03D nokta verisi i\u00e7in aray\u00fcz .<\/div>\n<div>\n\t\u2022\u00a0Ak\u0131ll\u0131 oda \u00f6l\u00e7\u00fcm\u00fc (Smart Room)<\/div>\n<div>\n\t\u2022\u00a0D\u00f6ner ekran.<\/div>\n<div>\n\t\u00a0<\/div>\n<p>\n\t\u00a0<\/p>\n<div>\n\t<strong><br \/>\n\t<\/strong><\/div>\n<table>\n<tr>\n<td>Menzil<\/td>\n<td>0,05 &#8211; 150 m<\/td>\n<\/tr>\n<tr>\n<td>Hassasiyet<\/td>\n<td>+ \/ &#8211; 1.0mm<\/td>\n<\/tr>\n<\/table>\n","protected":false},"excerpt":{"rendered":"<div>\n\t\u2022\u00a0<strong>P2P Noktadan noktaya kolay ve h\u0131zl\u0131 \u00f6l\u00e7\u00fcm<br \/>\n\t<\/strong><\/div>\n<div>\n\t<strong>S\u0131n\u0131f\u0131n\u0131n en sa\u011flam ve hassas lazer metresi!<br \/>\n\t<\/strong><\/div>\n<div>\n\t\u2022\u00a02m y\u00fcksekten d\u00fc\u015fmeye dayan\u0131kl\u0131<\/div>\n<div>\n\t\u2022\u00a0360\u00b0 dijital e\u011fim \u00f6l\u00e7er<\/div>\n<div>\n\t\u2022\u00a0IP 65: toz\/suya kar\u015f\u0131 korumal\u0131. Musluk suyunda y\u0131kanabilir.<\/div>\n<div>\n\t\u2022\u00a0Ekstra g\u00fc\u00e7l\u00fc kau\u00e7uk kaplama<\/div>\n<div>\n\t\u2022\u00a00.2\u00b0 e\u011fim \u00f6l\u00e7\u00fcm\u00fc do\u011frulu\u011fu<\/div>\n<div>\n\t\u2022\u00a0Ak\u0131ll\u0131 Yatay Mod TM Engel\u00a0 \u00fczerinden yatay mesafe \u00f6l\u00e7\u00fcm\u00fc.<\/div>\n<div>\n\t\u2022\u00a0S\u00fcrekli y\u00fckseklik takibi<\/div>\n<div>\n\t\u2022\u00a0Alan hacim ve \u00e7evre hesaplama<\/div>\n<div>\n\t\u2022\u00a0\u00dc\u00e7gen alan\u0131 hesaplama.<\/div>\n<div>\n\t\u2022\u00a0Boyac\u0131 fonksiyonu sayesinde duvar alanlar\u0131nda h\u0131zl\u0131 hesaplama.<\/div>\n<div>\n\t\u2022\u00a0Son 30 \u00f6l\u00e7\u00fcm sonucunu haf\u0131zaya alabilme.<\/div>\n<div>\n\t\u2022\u00a0Disto plan uygulamas\u0131 ile DXF veya DWG r\u00f6l\u00f6ve olu\u015fturabilme.<\/div>\n<div>\n\t\u2022\u00a0X Range Power Technology TM h\u0131zl\u0131 ve hassas \u00f6l\u00e7\u00fcm.<\/div>\n<div>\n\t\u2022\u00a04 sat\u0131r ayd\u0131nlatmal\u0131 ekran.<\/div>\n<div>\n\t\u2022\u00a03D nokta verisi i\u00e7in aray\u00fcz .<\/div>\n<div>\n\t\u2022\u00a0Ak\u0131ll\u0131 oda \u00f6l\u00e7\u00fcm\u00fc (Smart Room)<\/div>\n<div>\n\t\u2022\u00a0D\u00f6ner ekran.<\/div>\n<div>\n\t\u00a0<\/div>\n<p>\n\t\u00a0<\/p>\n<div>\n\t<strong><br \/>\n\t<\/strong><\/div>\n","protected":false},"featured_media":25450,"comment_status":"open","ping_status":"closed","template":"","meta":{"_acf_changed":false},"product_brand":[1504],"product_cat":[754],"product_tag":[],"class_list":{"0":"post-25451","1":"product","2":"type-product","3":"status-publish","4":"has-post-thumbnail","6":"product_brand-leica","7":"product_cat-lazer-metreler","9":"first","10":"outofstock","11":"taxable","12":"shipping-taxable","13":"purchasable","14":"product-type-simple","15":"add-to-wishlist-after_add_to_cart"},"acf":[],"_links":{"self":[{"href":"https:\/\/www.makitamarket.com.tr\/site\/wp-json\/wp\/v2\/product\/25451","targetHints":{"allow":["GET"]}}],"collection":[{"href":"https:\/\/www.makitamarket.com.tr\/site\/wp-json\/wp\/v2\/product"}],"about":[{"href":"https:\/\/www.makitamarket.com.tr\/site\/wp-json\/wp\/v2\/types\/product"}],"replies":[{"embeddable":true,"href":"https:\/\/www.makitamarket.com.tr\/site\/wp-json\/wp\/v2\/comments?post=25451"}],"wp:featuredmedia":[{"embeddable":true,"href":"https:\/\/www.makitamarket.com.tr\/site\/wp-json\/wp\/v2\/media\/25450"}],"wp:attachment":[{"href":"https:\/\/www.makitamarket.com.tr\/site\/wp-json\/wp\/v2\/media?parent=25451"}],"wp:term":[{"taxonomy":"product_brand","embeddable":true,"href":"https:\/\/www.makitamarket.com.tr\/site\/wp-json\/wp\/v2\/product_brand?post=25451"},{"taxonomy":"product_cat","embeddable":true,"href":"https:\/\/www.makitamarket.com.tr\/site\/wp-json\/wp\/v2\/product_cat?post=25451"},{"taxonomy":"product_tag","embeddable":true,"href":"https:\/\/www.makitamarket.com.tr\/site\/wp-json\/wp\/v2\/product_tag?post=25451"}],"curies":[{"name":"wp","href":"https:\/\/api.w.org\/{rel}","templated":true}]}}