{"id":25473,"date":"2025-12-01T03:05:13","date_gmt":"2025-12-01T00:05:13","guid":{"rendered":"https:\/\/www.makitamarket.com.tr\/site\/urun\/knipex-1107160-knipex-11-07-160-vde-kablo-siyirma-pensesi\/"},"modified":"2026-04-13T20:46:33","modified_gmt":"2026-04-13T17:46:33","slug":"knipex-1107160-knipex-11-07-160-vde-kablo-siyirma-pensesi","status":"publish","type":"product","link":"https:\/\/www.makitamarket.com.tr\/site\/urun\/knipex-1107160-knipex-11-07-160-vde-kablo-siyirma-pensesi\/","title":{"rendered":"Knipex 1107160 KNIPEX 11 07 160 VDE KABLO SIYIRMA PENSESI"},"content":{"rendered":"<p><b>11 07 160 Kablo S\u0131y\u0131rma Pensesi<\/b><br \/>\u0130letken \u00e7ap\u0131 maks. 5,0 mm ya da iletken kesiti 10 mm\u00b2 olan plastik veya lastik izolasyonlu tek, \u00e7ok ve ince telli iletkenler i\u00e7in. T\u0131rt\u0131kl\u0131 vida ve kontra somun sayesinde istenen tel veya litz teli \u00e7ap\u0131na kolayca ayarlan\u0131r. <\/p>\n<li><b>Kablo s\u0131y\u0131rma de\u011feri milimetrekare: <\/b>10 mm\u00b2<\/li>\n<li><b>Kablo s\u0131y\u0131rma de\u011ferleri (\u00e7ap): <\/b>\u00d8 5,0 mm<\/li>\n<li><b>AWG: <\/b>8 <\/li>\n<li><b>VDE onayl\u0131: <\/b>evet \u00a0<\/li>\n<table>\n<tr>\n<td>S\u0131y\u0131rma Kapasitesi<\/td>\n<td>5mm-10mm\u00b2 AVG7<\/td>\n<\/tr>\n<tr>\n<td>Uzunluk<\/td>\n<td>160<\/td>\n<\/tr>\n<tr>\n<td>Kafa<\/td>\n<td>Krom<\/td>\n<\/tr>\n<tr>\n<td>Form<\/td>\n<td>Yayl\u0131<\/td>\n<\/tr>\n<tr>\n<td>Sap<\/td>\n<td>\u00c7ift Bile\u015fenli 1000 V SOS \u0130zole<\/td>\n<\/tr>\n<\/table>\n","protected":false},"excerpt":{"rendered":"<p><b>11 07 160 Kablo S\u0131y\u0131rma Pensesi<\/b><br \/>\u0130letken \u00e7ap\u0131 maks. 5,0 mm ya da iletken kesiti 10 mm\u00b2 olan plastik veya lastik izolasyonlu tek, \u00e7ok ve ince telli iletkenler i\u00e7in. T\u0131rt\u0131kl\u0131 vida ve kontra somun sayesinde istenen tel veya litz teli \u00e7ap\u0131na kolayca ayarlan\u0131r. <\/p>\n<li><b>Kablo s\u0131y\u0131rma de\u011feri milimetrekare: <\/b>10 mm\u00b2<\/li>\n<li><b>Kablo s\u0131y\u0131rma de\u011ferleri (\u00e7ap): <\/b>\u00d8 5,0 mm<\/li>\n<li><b>AWG: <\/b>8 <\/li>\n<li><b>VDE onayl\u0131: <\/b>evet \u00a0<\/li>\n","protected":false},"featured_media":25472,"comment_status":"open","ping_status":"closed","template":"","meta":{"_acf_changed":false},"product_brand":[1486],"product_cat":[991],"product_tag":[],"class_list":{"0":"post-25473","1":"product","2":"type-product","3":"status-publish","4":"has-post-thumbnail","6":"product_brand-knipex","7":"product_cat-kablo-siyirmalar","9":"first","10":"outofstock","11":"taxable","12":"shipping-taxable","13":"purchasable","14":"product-type-simple","15":"add-to-wishlist-after_add_to_cart"},"acf":[],"_links":{"self":[{"href":"https:\/\/www.makitamarket.com.tr\/site\/wp-json\/wp\/v2\/product\/25473","targetHints":{"allow":["GET"]}}],"collection":[{"href":"https:\/\/www.makitamarket.com.tr\/site\/wp-json\/wp\/v2\/product"}],"about":[{"href":"https:\/\/www.makitamarket.com.tr\/site\/wp-json\/wp\/v2\/types\/product"}],"replies":[{"embeddable":true,"href":"https:\/\/www.makitamarket.com.tr\/site\/wp-json\/wp\/v2\/comments?post=25473"}],"wp:featuredmedia":[{"embeddable":true,"href":"https:\/\/www.makitamarket.com.tr\/site\/wp-json\/wp\/v2\/media\/25472"}],"wp:attachment":[{"href":"https:\/\/www.makitamarket.com.tr\/site\/wp-json\/wp\/v2\/media?parent=25473"}],"wp:term":[{"taxonomy":"product_brand","embeddable":true,"href":"https:\/\/www.makitamarket.com.tr\/site\/wp-json\/wp\/v2\/product_brand?post=25473"},{"taxonomy":"product_cat","embeddable":true,"href":"https:\/\/www.makitamarket.com.tr\/site\/wp-json\/wp\/v2\/product_cat?post=25473"},{"taxonomy":"product_tag","embeddable":true,"href":"https:\/\/www.makitamarket.com.tr\/site\/wp-json\/wp\/v2\/product_tag?post=25473"}],"curies":[{"name":"wp","href":"https:\/\/api.w.org\/{rel}","templated":true}]}}