{"id":25498,"date":"2025-12-01T06:06:25","date_gmt":"2025-12-01T03:06:25","guid":{"rendered":"https:\/\/www.makitamarket.com.tr\/site\/urun\/knipex-126923-knipex-1262180-icin-yedek-tutucu-126923\/"},"modified":"2026-04-06T17:18:19","modified_gmt":"2026-04-06T14:18:19","slug":"knipex-126923-knipex-1262180-icin-yedek-tutucu-126923","status":"publish","type":"product","link":"https:\/\/www.makitamarket.com.tr\/site\/urun\/knipex-126923-knipex-1262180-icin-yedek-tutucu-126923\/","title":{"rendered":"Knipex 126923 KNIPEX 1262180 ICIN YEDEK TUTUCU 126923"},"content":{"rendered":"<p><b>12 69 23 12 62 180 i\u00e7in yedek uzunluk dayana\u011f\u0131<\/b><br \/>Yayg\u0131n olarak kullan\u0131lan t\u00fcm kablo kesitleri ve izolasyon malzemeleri i\u00e7in uygun fiyatl\u0131 kompakt standart alet. Kesiti 0,2 &#8211; 6 mm\u00b2 aras\u0131nda olan standart izolasyonlu, tek, \u00e7ok ve ince telli iletkenler i\u00e7in. \u00c7e\u015fitli iletken kesitlerine kendili\u011finden uyum sa\u011flar, b\u00f6ylece iletkenlere zarar verilmez. Kullan\u0131\u015fl\u0131 yap\u0131s\u0131 ve a\u011f\u0131rl\u0131\u011f\u0131n\u0131n d\u00fc\u015f\u00fck olmas\u0131ndan dolay\u0131 y\u00fcksek kullan\u0131m rahatl\u0131\u011f\u0131. Zor eri\u015filebilen \u00e7al\u0131\u015fma alanlar\u0131nda kullan\u0131m i\u00e7in ince kafa \u015fekli. Maks. 2,5 mm\u00b2 kesite kadar bak\u0131r ve al\u00fcminyum iletkenler i\u00e7in tel makas\u0131. Izolasyonlar\u0131n e\u015fit olarak s\u0131y\u0131r\u0131lmas\u0131 i\u00e7in 6,0 &#8211; 18,0 mm aras\u0131nda ayarlanabilir uzunluk s\u0131n\u0131rlamas\u0131. <\/p>\n<table>\n<tr>\n<td>Uzunluk<\/td>\n<td>180<\/td>\n<\/tr>\n<tr>\n<td>S\u0131y\u0131rma Kapasitesi<\/td>\n<td>0,2-6,0mm\u00b2<\/td>\n<\/tr>\n<\/table>\n","protected":false},"excerpt":{"rendered":"<p><b>12 69 23 12 62 180 i\u00e7in yedek uzunluk dayana\u011f\u0131<\/b><br \/>Yayg\u0131n olarak kullan\u0131lan t\u00fcm kablo kesitleri ve izolasyon malzemeleri i\u00e7in uygun fiyatl\u0131 kompakt standart alet. Kesiti 0,2 &#8211; 6 mm\u00b2 aras\u0131nda olan standart izolasyonlu, tek, \u00e7ok ve ince telli iletkenler i\u00e7in. \u00c7e\u015fitli iletken kesitlerine kendili\u011finden uyum sa\u011flar, b\u00f6ylece iletkenlere zarar verilmez. Kullan\u0131\u015fl\u0131 yap\u0131s\u0131 ve a\u011f\u0131rl\u0131\u011f\u0131n\u0131n d\u00fc\u015f\u00fck olmas\u0131ndan dolay\u0131 y\u00fcksek kullan\u0131m rahatl\u0131\u011f\u0131. Zor eri\u015filebilen \u00e7al\u0131\u015fma alanlar\u0131nda kullan\u0131m i\u00e7in ince kafa \u015fekli. Maks. 2,5 mm\u00b2 kesite kadar bak\u0131r ve al\u00fcminyum iletkenler i\u00e7in tel makas\u0131. Izolasyonlar\u0131n e\u015fit olarak s\u0131y\u0131r\u0131lmas\u0131 i\u00e7in 6,0 &#8211; 18,0 mm aras\u0131nda ayarlanabilir uzunluk s\u0131n\u0131rlamas\u0131. <\/p>\n","protected":false},"featured_media":0,"comment_status":"open","ping_status":"closed","template":"","meta":{"_acf_changed":false},"product_brand":[1486],"product_cat":[991],"product_tag":[],"class_list":{"0":"post-25498","1":"product","2":"type-product","3":"status-publish","5":"product_brand-knipex","6":"product_cat-kablo-siyirmalar","8":"first","9":"outofstock","10":"taxable","11":"shipping-taxable","12":"purchasable","13":"product-type-simple","14":"add-to-wishlist-after_add_to_cart"},"acf":[],"_links":{"self":[{"href":"https:\/\/www.makitamarket.com.tr\/site\/wp-json\/wp\/v2\/product\/25498","targetHints":{"allow":["GET"]}}],"collection":[{"href":"https:\/\/www.makitamarket.com.tr\/site\/wp-json\/wp\/v2\/product"}],"about":[{"href":"https:\/\/www.makitamarket.com.tr\/site\/wp-json\/wp\/v2\/types\/product"}],"replies":[{"embeddable":true,"href":"https:\/\/www.makitamarket.com.tr\/site\/wp-json\/wp\/v2\/comments?post=25498"}],"wp:attachment":[{"href":"https:\/\/www.makitamarket.com.tr\/site\/wp-json\/wp\/v2\/media?parent=25498"}],"wp:term":[{"taxonomy":"product_brand","embeddable":true,"href":"https:\/\/www.makitamarket.com.tr\/site\/wp-json\/wp\/v2\/product_brand?post=25498"},{"taxonomy":"product_cat","embeddable":true,"href":"https:\/\/www.makitamarket.com.tr\/site\/wp-json\/wp\/v2\/product_cat?post=25498"},{"taxonomy":"product_tag","embeddable":true,"href":"https:\/\/www.makitamarket.com.tr\/site\/wp-json\/wp\/v2\/product_tag?post=25498"}],"curies":[{"name":"wp","href":"https:\/\/api.w.org\/{rel}","templated":true}]}}