{"id":25569,"date":"2025-12-01T07:08:35","date_gmt":"2025-12-01T04:08:35","guid":{"rendered":"https:\/\/www.makitamarket.com.tr\/site\/urun\/knipex-1650145sb-knipex-kablo-siyirma-bicagi\/"},"modified":"2026-03-30T11:24:35","modified_gmt":"2026-03-30T08:24:35","slug":"knipex-1650145sb-knipex-kablo-siyirma-bicagi","status":"publish","type":"product","link":"https:\/\/www.makitamarket.com.tr\/site\/urun\/knipex-1650145sb-knipex-kablo-siyirma-bicagi\/","title":{"rendered":"Knipex 1650145SB KNIPEX KABLO SIYIRMA BI\u00c7A\u011eI"},"content":{"rendered":"<ol>\n<li data-list=\"bullet\"><span class=\"ql-ui\" contenteditable=\"false\"><\/span><span style=\"background-color: rgb(255, 255, 255); color: rgb(0, 79, 159);\">C\u0131rc\u0131r i\u015flevi: \u00e7ok \u00e7e\u015fitli kablo k\u0131l\u0131flar\u0131nda bile kolay kesim<\/span><\/li>\n<li data-list=\"bullet\"><span class=\"ql-ui\" contenteditable=\"false\"><\/span><span style=\"background-color: rgb(255, 255, 255); color: rgb(0, 79, 159);\">&nbsp;Yuvarlak ve uzunlamas\u0131na kesimler i\u00e7in \u00fc\u00e7 kesme alan\u0131na sahip \u00e7ok y\u00f6nl\u00fc b\u0131\u00e7ak<\/span><\/li>\n<li data-list=\"bullet\"><span class=\"ql-ui\" contenteditable=\"false\"><\/span><span style=\"background-color: rgb(255, 255, 255); color: rgb(0, 79, 159);\">&nbsp;K\u0131lavuz pabucu, kablo k\u0131l\u0131f\u0131n\u0131n alt\u0131ndaki iletken yal\u0131t\u0131m\u0131n\u0131 korur<\/span><\/li>\n<li data-list=\"bullet\"><span class=\"ql-ui\" contenteditable=\"false\"><\/span><span style=\"background-color: rgb(255, 255, 255); color: black;\">&nbsp;7 mm et kal\u0131nl\u0131\u011f\u0131na kadar \u00e7ok sert veya sert plastik k\u0131l\u0131flar\u0131 keser<\/span><\/li>\n<li data-list=\"bullet\"><span class=\"ql-ui\" contenteditable=\"false\"><\/span><span style=\"background-color: rgb(255, 255, 255); color: black;\">&nbsp;Orak \u015feklinde, de\u011fi\u015ftirilebilir kancal\u0131 b\u0131\u00e7ak, g\u00fcvenli ta\u015f\u0131ma i\u00e7in katlanabilir<\/span><\/li>\n<li data-list=\"bullet\"><span class=\"ql-ui\" contenteditable=\"false\"><\/span><span style=\"background-color: rgb(255, 255, 255); color: black;\">&nbsp;D\u00f6rt konumlu b\u0131\u00e7ak: katlanm\u0131\u015f, d\u00fcz, a\u00e7\u0131l\u0131 ve c\u0131rc\u0131rl\u0131<\/span><\/li>\n<li data-list=\"bullet\"><span class=\"ql-ui\" contenteditable=\"false\"><\/span><span style=\"background-color: rgb(255, 255, 255); color: black;\">&nbsp;G\u00fcvenli kullan\u0131m ve ta\u015f\u0131ma i\u00e7in \u00fc\u00e7 a\u015famal\u0131 b\u0131\u00e7ak kilidi<\/span><\/li>\n<li data-list=\"bullet\"><span class=\"ql-ui\" contenteditable=\"false\"><\/span><span style=\"background-color: rgb(255, 255, 255); color: black;\">&nbsp;Ergonomik olarak tasarlanm\u0131\u015f, konforlu sap<\/span><\/li>\n<li data-list=\"bullet\"><span class=\"ql-ui\" contenteditable=\"false\"><\/span><span style=\"background-color: rgb(255, 255, 255); color: black;\">&nbsp;D\u00fc\u015fme emniyetini ba\u011flamak i\u00e7in entegre asma halkas\u0131 ile<\/span><\/li>\n<\/ol>\n<p><\/p>\n<table>\n<tr>\n<td>\u00d6l\u00e7\u00fcler<\/td>\n<td>146 x 30 x 42 mm<\/td>\n<\/tr>\n<tr>\n<td>A\u011f\u0131rl\u0131k<\/td>\n<td>120 g<\/td>\n<\/tr>\n<\/table>\n","protected":false},"excerpt":{"rendered":"<ol>\n<li data-list=\"bullet\"><span class=\"ql-ui\" contenteditable=\"false\"><\/span><span style=\"background-color: rgb(255, 255, 255); color: rgb(0, 79, 159);\">C\u0131rc\u0131r i\u015flevi: \u00e7ok \u00e7e\u015fitli kablo k\u0131l\u0131flar\u0131nda bile kolay kesim<\/span><\/li>\n<li data-list=\"bullet\"><span class=\"ql-ui\" contenteditable=\"false\"><\/span><span style=\"background-color: rgb(255, 255, 255); color: rgb(0, 79, 159);\">&nbsp;Yuvarlak ve uzunlamas\u0131na kesimler i\u00e7in \u00fc\u00e7 kesme alan\u0131na sahip \u00e7ok y\u00f6nl\u00fc b\u0131\u00e7ak<\/span><\/li>\n<li data-list=\"bullet\"><span class=\"ql-ui\" contenteditable=\"false\"><\/span><span style=\"background-color: rgb(255, 255, 255); color: rgb(0, 79, 159);\">&nbsp;K\u0131lavuz pabucu, kablo k\u0131l\u0131f\u0131n\u0131n alt\u0131ndaki iletken yal\u0131t\u0131m\u0131n\u0131 korur<\/span><\/li>\n<li data-list=\"bullet\"><span class=\"ql-ui\" contenteditable=\"false\"><\/span><span style=\"background-color: rgb(255, 255, 255); color: black;\">&nbsp;7 mm et kal\u0131nl\u0131\u011f\u0131na kadar \u00e7ok sert veya sert plastik k\u0131l\u0131flar\u0131 keser<\/span><\/li>\n<li data-list=\"bullet\"><span class=\"ql-ui\" contenteditable=\"false\"><\/span><span style=\"background-color: rgb(255, 255, 255); color: black;\">&nbsp;Orak \u015feklinde, de\u011fi\u015ftirilebilir kancal\u0131 b\u0131\u00e7ak, g\u00fcvenli ta\u015f\u0131ma i\u00e7in katlanabilir<\/span><\/li>\n<li data-list=\"bullet\"><span class=\"ql-ui\" contenteditable=\"false\"><\/span><span style=\"background-color: rgb(255, 255, 255); color: black;\">&nbsp;D\u00f6rt konumlu b\u0131\u00e7ak: katlanm\u0131\u015f, d\u00fcz, a\u00e7\u0131l\u0131 ve c\u0131rc\u0131rl\u0131<\/span><\/li>\n<li data-list=\"bullet\"><span class=\"ql-ui\" contenteditable=\"false\"><\/span><span style=\"background-color: rgb(255, 255, 255); color: black;\">&nbsp;G\u00fcvenli kullan\u0131m ve ta\u015f\u0131ma i\u00e7in \u00fc\u00e7 a\u015famal\u0131 b\u0131\u00e7ak kilidi<\/span><\/li>\n<li data-list=\"bullet\"><span class=\"ql-ui\" contenteditable=\"false\"><\/span><span style=\"background-color: rgb(255, 255, 255); color: black;\">&nbsp;Ergonomik olarak tasarlanm\u0131\u015f, konforlu sap<\/span><\/li>\n<li data-list=\"bullet\"><span class=\"ql-ui\" contenteditable=\"false\"><\/span><span style=\"background-color: rgb(255, 255, 255); color: black;\">&nbsp;D\u00fc\u015fme emniyetini ba\u011flamak i\u00e7in entegre asma halkas\u0131 ile<\/span><\/li>\n<\/ol>\n<p><\/p>\n","protected":false},"featured_media":0,"comment_status":"open","ping_status":"closed","template":"","meta":{"_acf_changed":false},"product_brand":[1486],"product_cat":[1565],"product_tag":[],"class_list":{"0":"post-25569","1":"product","2":"type-product","3":"status-publish","5":"product_brand-knipex","6":"product_cat-yok-yok","8":"first","9":"instock","10":"taxable","11":"shipping-taxable","12":"purchasable","13":"product-type-simple","14":"add-to-wishlist-after_add_to_cart"},"acf":[],"_links":{"self":[{"href":"https:\/\/www.makitamarket.com.tr\/site\/wp-json\/wp\/v2\/product\/25569","targetHints":{"allow":["GET"]}}],"collection":[{"href":"https:\/\/www.makitamarket.com.tr\/site\/wp-json\/wp\/v2\/product"}],"about":[{"href":"https:\/\/www.makitamarket.com.tr\/site\/wp-json\/wp\/v2\/types\/product"}],"replies":[{"embeddable":true,"href":"https:\/\/www.makitamarket.com.tr\/site\/wp-json\/wp\/v2\/comments?post=25569"}],"wp:attachment":[{"href":"https:\/\/www.makitamarket.com.tr\/site\/wp-json\/wp\/v2\/media?parent=25569"}],"wp:term":[{"taxonomy":"product_brand","embeddable":true,"href":"https:\/\/www.makitamarket.com.tr\/site\/wp-json\/wp\/v2\/product_brand?post=25569"},{"taxonomy":"product_cat","embeddable":true,"href":"https:\/\/www.makitamarket.com.tr\/site\/wp-json\/wp\/v2\/product_cat?post=25569"},{"taxonomy":"product_tag","embeddable":true,"href":"https:\/\/www.makitamarket.com.tr\/site\/wp-json\/wp\/v2\/product_tag?post=25569"}],"curies":[{"name":"wp","href":"https:\/\/api.w.org\/{rel}","templated":true}]}}