{"id":25635,"date":"2025-12-01T07:13:18","date_gmt":"2025-12-01T04:13:18","guid":{"rendered":"https:\/\/www.makitamarket.com.tr\/site\/urun\/factor-cw1500-pprc-plastik-boru-kaynak-makinesi\/"},"modified":"2026-04-06T18:13:49","modified_gmt":"2026-04-06T15:13:49","slug":"factor-cw1500-pprc-plastik-boru-kaynak-makinesi","status":"publish","type":"product","link":"https:\/\/www.makitamarket.com.tr\/site\/urun\/factor-cw1500-pprc-plastik-boru-kaynak-makinesi\/","title":{"rendered":"Factor CW1500 PPRC Plastik Boru Kaynak Makinesi"},"content":{"rendered":"<table>\n<tr>\n<td>Ebatlar<\/td>\n<td>16x63mm<\/td>\n<\/tr>\n<tr>\n<td>\u00c7al\u0131\u015fma Voltaj\u0131<\/td>\n<td>220-240VAC~\/50-60Hz<\/td>\n<\/tr>\n<tr>\n<td>Ana Sigorta<\/td>\n<td>16A<\/td>\n<\/tr>\n<tr>\n<td>\u00c7al\u0131\u015fma S\u0131cakl\u0131\u011f\u0131<\/td>\n<td>2700 \u00b0C<\/td>\n<\/tr>\n<tr>\n<td>Koruma S\u0131n\u0131f\u0131<\/td>\n<td>IP 44<\/td>\n<\/tr>\n<tr>\n<td>Termostat<\/td>\n<td>50-3000 C<\/td>\n<\/tr>\n<tr>\n<td>Rezistans<\/td>\n<td>Paslanmaz \u00c7elik<\/td>\n<\/tr>\n<\/table>\n","protected":false},"excerpt":{"rendered":"<p>Ebatlar 16x63mm \u00c7al\u0131\u015fma Voltaj\u0131 220-240VAC~\/50-60Hz Ana Sigorta 16A \u00c7al\u0131\u015fma S\u0131cakl\u0131\u011f\u0131 2700 \u00b0C Koruma S\u0131n\u0131f\u0131 IP 44 Termostat 50-3000 C Rezistans Paslanmaz \u00c7elik<\/p>\n","protected":false},"featured_media":0,"comment_status":"open","ping_status":"closed","template":"","meta":{"_acf_changed":false},"product_brand":[1494],"product_cat":[1565],"product_tag":[],"class_list":{"0":"post-25635","1":"product","2":"type-product","3":"status-publish","5":"product_brand-factor","6":"product_cat-yok-yok","8":"first","9":"instock","10":"taxable","11":"shipping-taxable","12":"purchasable","13":"product-type-simple","14":"add-to-wishlist-after_add_to_cart"},"acf":[],"_links":{"self":[{"href":"https:\/\/www.makitamarket.com.tr\/site\/wp-json\/wp\/v2\/product\/25635","targetHints":{"allow":["GET"]}}],"collection":[{"href":"https:\/\/www.makitamarket.com.tr\/site\/wp-json\/wp\/v2\/product"}],"about":[{"href":"https:\/\/www.makitamarket.com.tr\/site\/wp-json\/wp\/v2\/types\/product"}],"replies":[{"embeddable":true,"href":"https:\/\/www.makitamarket.com.tr\/site\/wp-json\/wp\/v2\/comments?post=25635"}],"wp:attachment":[{"href":"https:\/\/www.makitamarket.com.tr\/site\/wp-json\/wp\/v2\/media?parent=25635"}],"wp:term":[{"taxonomy":"product_brand","embeddable":true,"href":"https:\/\/www.makitamarket.com.tr\/site\/wp-json\/wp\/v2\/product_brand?post=25635"},{"taxonomy":"product_cat","embeddable":true,"href":"https:\/\/www.makitamarket.com.tr\/site\/wp-json\/wp\/v2\/product_cat?post=25635"},{"taxonomy":"product_tag","embeddable":true,"href":"https:\/\/www.makitamarket.com.tr\/site\/wp-json\/wp\/v2\/product_tag?post=25635"}],"curies":[{"name":"wp","href":"https:\/\/api.w.org\/{rel}","templated":true}]}}