{"id":25637,"date":"2025-12-01T07:13:19","date_gmt":"2025-12-01T04:13:19","guid":{"rendered":"https:\/\/www.makitamarket.com.tr\/site\/urun\/factor-fc2200w-fc2200w-elektrikli-testere\/"},"modified":"2026-04-06T18:19:58","modified_gmt":"2026-04-06T15:19:58","slug":"factor-fc2200w-fc2200w-elektrikli-testere","status":"publish","type":"product","link":"https:\/\/www.makitamarket.com.tr\/site\/urun\/factor-fc2200w-fc2200w-elektrikli-testere\/","title":{"rendered":"Factor FC2200W FC2200W ELEKTR\u0130KL\u0130 TESTERE"},"content":{"rendered":"<table>\n<tr>\n<td>Pala Uzunlu\u011fu<\/td>\n<td>450 mm<\/td>\n<\/tr>\n<tr>\n<td>Frekans<\/td>\n<td>50 Hz<\/td>\n<\/tr>\n<tr>\n<td>H\u0131z<\/td>\n<td>7000 rpm<\/td>\n<\/tr>\n<tr>\n<td>G\u00fc\u00e7<\/td>\n<td>2200W<\/td>\n<\/tr>\n<tr>\n<td>Kablo<\/td>\n<td>25 cm<\/td>\n<\/tr>\n<tr>\n<td>Voltaj<\/td>\n<td>230-240V<\/td>\n<\/tr>\n<tr>\n<td>A\u011f\u0131rl\u0131k<\/td>\n<td>5 kg<\/td>\n<\/tr>\n<\/table>\n","protected":false},"excerpt":{"rendered":"<p>Pala Uzunlu\u011fu 450 mm Frekans 50 Hz H\u0131z 7000 rpm G\u00fc\u00e7 2200W Kablo 25 cm Voltaj 230-240V A\u011f\u0131rl\u0131k 5 kg<\/p>\n","protected":false},"featured_media":0,"comment_status":"open","ping_status":"closed","template":"","meta":{"_acf_changed":false},"product_brand":[1494],"product_cat":[1565],"product_tag":[],"class_list":{"0":"post-25637","1":"product","2":"type-product","3":"status-publish","5":"product_brand-factor","6":"product_cat-yok-yok","8":"first","9":"outofstock","10":"taxable","11":"shipping-taxable","12":"purchasable","13":"product-type-simple","14":"add-to-wishlist-after_add_to_cart"},"acf":[],"_links":{"self":[{"href":"https:\/\/www.makitamarket.com.tr\/site\/wp-json\/wp\/v2\/product\/25637","targetHints":{"allow":["GET"]}}],"collection":[{"href":"https:\/\/www.makitamarket.com.tr\/site\/wp-json\/wp\/v2\/product"}],"about":[{"href":"https:\/\/www.makitamarket.com.tr\/site\/wp-json\/wp\/v2\/types\/product"}],"replies":[{"embeddable":true,"href":"https:\/\/www.makitamarket.com.tr\/site\/wp-json\/wp\/v2\/comments?post=25637"}],"wp:attachment":[{"href":"https:\/\/www.makitamarket.com.tr\/site\/wp-json\/wp\/v2\/media?parent=25637"}],"wp:term":[{"taxonomy":"product_brand","embeddable":true,"href":"https:\/\/www.makitamarket.com.tr\/site\/wp-json\/wp\/v2\/product_brand?post=25637"},{"taxonomy":"product_cat","embeddable":true,"href":"https:\/\/www.makitamarket.com.tr\/site\/wp-json\/wp\/v2\/product_cat?post=25637"},{"taxonomy":"product_tag","embeddable":true,"href":"https:\/\/www.makitamarket.com.tr\/site\/wp-json\/wp\/v2\/product_tag?post=25637"}],"curies":[{"name":"wp","href":"https:\/\/api.w.org\/{rel}","templated":true}]}}