{"id":25667,"date":"2025-12-01T07:15:21","date_gmt":"2025-12-01T04:15:21","guid":{"rendered":"https:\/\/www.makitamarket.com.tr\/site\/urun\/knipex-9781180-knipex-9781180-kablo-yuzuk-pensi\/"},"modified":"2026-04-13T23:53:38","modified_gmt":"2026-04-13T20:53:38","slug":"knipex-9781180-knipex-9781180-kablo-yuzuk-pensi","status":"publish","type":"product","link":"https:\/\/www.makitamarket.com.tr\/site\/urun\/knipex-9781180-knipex-9781180-kablo-yuzuk-pensi\/","title":{"rendered":"Knipex 9781180 KNIPEX 9781180 KABLO YUZUK PENSI"},"content":{"rendered":"<p><strong style=\"background-color: rgb(255, 255, 255); color: rgb(99, 99, 99);\">S\u0131kma Pensesi<\/strong><\/p>\n<ol>\n<li data-list=\"bullet\"><span class=\"ql-ui\" contenteditable=\"false\"><\/span><span style=\"background-color: rgb(255, 255, 255); color: black;\">&nbsp;0,5 &#8211; 6 mm\u00b2 aral\u0131\u011f\u0131nda olan kablo y\u00fcks\u00fcklerin s\u0131k\u0131lmas\u0131 DIN 46228 b\u00f6l\u00fcm 1+4 ba\u011fl\u0131 kal\u0131narak \u00fcretilmi\u015ftir<\/span><\/li>\n<li data-list=\"bullet\"><span class=\"ql-ui\" contenteditable=\"false\"><\/span><span style=\"background-color: rgb(255, 255, 255); color: black;\">&nbsp;\u00d6rne\u011fin dar ve derin kumanda dolaplar\u0131 gibi zor eri\u015filebilir yerlerde \u00e7al\u0131\u015f\u0131rken avantaj sa\u011flar<\/span><\/li>\n<\/ol>\n<p><\/p>\n<table>\n<tr>\n<td>\u00d6l\u00e7\u00fcler<\/td>\n<td>180 x 50 x 13 mm<\/td>\n<\/tr>\n<tr>\n<td>A\u011f\u0131rl\u0131k<\/td>\n<td>209 g<\/td>\n<\/tr>\n<\/table>\n","protected":false},"excerpt":{"rendered":"<p><strong style=\"background-color: rgb(255, 255, 255); color: rgb(99, 99, 99);\">S\u0131kma Pensesi<\/strong><\/p>\n<ol>\n<li data-list=\"bullet\"><span class=\"ql-ui\" contenteditable=\"false\"><\/span><span style=\"background-color: rgb(255, 255, 255); color: black;\">&nbsp;0,5 &#8211; 6 mm\u00b2 aral\u0131\u011f\u0131nda olan kablo y\u00fcks\u00fcklerin s\u0131k\u0131lmas\u0131 DIN 46228 b\u00f6l\u00fcm 1+4 ba\u011fl\u0131 kal\u0131narak \u00fcretilmi\u015ftir<\/span><\/li>\n<li data-list=\"bullet\"><span class=\"ql-ui\" contenteditable=\"false\"><\/span><span style=\"background-color: rgb(255, 255, 255); color: black;\">&nbsp;\u00d6rne\u011fin dar ve derin kumanda dolaplar\u0131 gibi zor eri\u015filebilir yerlerde \u00e7al\u0131\u015f\u0131rken avantaj sa\u011flar<\/span><\/li>\n<\/ol>\n<p><\/p>\n","protected":false},"featured_media":0,"comment_status":"open","ping_status":"closed","template":"","meta":{"_acf_changed":false},"product_brand":[1486],"product_cat":[1565],"product_tag":[],"class_list":{"0":"post-25667","1":"product","2":"type-product","3":"status-publish","5":"product_brand-knipex","6":"product_cat-yok-yok","8":"first","9":"outofstock","10":"taxable","11":"shipping-taxable","12":"purchasable","13":"product-type-simple","14":"add-to-wishlist-after_add_to_cart"},"acf":[],"_links":{"self":[{"href":"https:\/\/www.makitamarket.com.tr\/site\/wp-json\/wp\/v2\/product\/25667","targetHints":{"allow":["GET"]}}],"collection":[{"href":"https:\/\/www.makitamarket.com.tr\/site\/wp-json\/wp\/v2\/product"}],"about":[{"href":"https:\/\/www.makitamarket.com.tr\/site\/wp-json\/wp\/v2\/types\/product"}],"replies":[{"embeddable":true,"href":"https:\/\/www.makitamarket.com.tr\/site\/wp-json\/wp\/v2\/comments?post=25667"}],"wp:attachment":[{"href":"https:\/\/www.makitamarket.com.tr\/site\/wp-json\/wp\/v2\/media?parent=25667"}],"wp:term":[{"taxonomy":"product_brand","embeddable":true,"href":"https:\/\/www.makitamarket.com.tr\/site\/wp-json\/wp\/v2\/product_brand?post=25667"},{"taxonomy":"product_cat","embeddable":true,"href":"https:\/\/www.makitamarket.com.tr\/site\/wp-json\/wp\/v2\/product_cat?post=25667"},{"taxonomy":"product_tag","embeddable":true,"href":"https:\/\/www.makitamarket.com.tr\/site\/wp-json\/wp\/v2\/product_tag?post=25667"}],"curies":[{"name":"wp","href":"https:\/\/api.w.org\/{rel}","templated":true}]}}