{"id":25694,"date":"2025-12-01T07:17:21","date_gmt":"2025-12-01T04:17:21","guid":{"rendered":"https:\/\/www.makitamarket.com.tr\/site\/urun\/knipex-9749711-knipex-mc4-solar-konektor-basligi\/"},"modified":"2026-04-06T18:20:52","modified_gmt":"2026-04-06T15:20:52","slug":"knipex-9749711-knipex-mc4-solar-konektor-basligi","status":"publish","type":"product","link":"https:\/\/www.makitamarket.com.tr\/site\/urun\/knipex-9749711-knipex-mc4-solar-konektor-basligi\/","title":{"rendered":"Knipex 9749711 KNIPEX MC4 SOLAR KONEKT\u00d6R BA\u015eLI\u011eI"},"content":{"rendered":"<p><span style=\"background-color: rgb(255, 255, 255); color: rgb(0, 0, 0);\">KNIPEX s\u0131kma pensesi ve kal\u0131plar\u0131 i\u00e7in yer belirleyici<\/span><\/p>\n<table>\n<tr>\n<td>\u00d6l\u00e7\u00fcler<\/td>\n<td>50 x 10 mm<\/td>\n<\/tr>\n<tr>\n<td>A\u011f\u0131rl\u0131k<\/td>\n<td>42 g<\/td>\n<\/tr>\n<\/table>\n","protected":false},"excerpt":{"rendered":"<p><span style=\"background-color: rgb(255, 255, 255); color: rgb(0, 0, 0);\">KNIPEX s\u0131kma pensesi ve kal\u0131plar\u0131 i\u00e7in yer belirleyici<\/span><\/p>\n","protected":false},"featured_media":0,"comment_status":"open","ping_status":"closed","template":"","meta":{"_acf_changed":false},"product_brand":[1486],"product_cat":[1565],"product_tag":[],"class_list":{"0":"post-25694","1":"product","2":"type-product","3":"status-publish","5":"product_brand-knipex","6":"product_cat-yok-yok","8":"first","9":"instock","10":"taxable","11":"shipping-taxable","12":"purchasable","13":"product-type-simple","14":"add-to-wishlist-after_add_to_cart"},"acf":[],"_links":{"self":[{"href":"https:\/\/www.makitamarket.com.tr\/site\/wp-json\/wp\/v2\/product\/25694","targetHints":{"allow":["GET"]}}],"collection":[{"href":"https:\/\/www.makitamarket.com.tr\/site\/wp-json\/wp\/v2\/product"}],"about":[{"href":"https:\/\/www.makitamarket.com.tr\/site\/wp-json\/wp\/v2\/types\/product"}],"replies":[{"embeddable":true,"href":"https:\/\/www.makitamarket.com.tr\/site\/wp-json\/wp\/v2\/comments?post=25694"}],"wp:attachment":[{"href":"https:\/\/www.makitamarket.com.tr\/site\/wp-json\/wp\/v2\/media?parent=25694"}],"wp:term":[{"taxonomy":"product_brand","embeddable":true,"href":"https:\/\/www.makitamarket.com.tr\/site\/wp-json\/wp\/v2\/product_brand?post=25694"},{"taxonomy":"product_cat","embeddable":true,"href":"https:\/\/www.makitamarket.com.tr\/site\/wp-json\/wp\/v2\/product_cat?post=25694"},{"taxonomy":"product_tag","embeddable":true,"href":"https:\/\/www.makitamarket.com.tr\/site\/wp-json\/wp\/v2\/product_tag?post=25694"}],"curies":[{"name":"wp","href":"https:\/\/api.w.org\/{rel}","templated":true}]}}