{"id":25725,"date":"2025-12-01T07:18:25","date_gmt":"2025-12-01T04:18:25","guid":{"rendered":"https:\/\/www.makitamarket.com.tr\/site\/urun\/makita-vs001gz-akulu-supurme-araci\/"},"modified":"2026-04-06T18:31:00","modified_gmt":"2026-04-06T15:31:00","slug":"makita-vs001gz-akulu-supurme-araci","status":"publish","type":"product","link":"https:\/\/www.makitamarket.com.tr\/site\/urun\/makita-vs001gz-akulu-supurme-araci\/","title":{"rendered":"Makita VS001GZ Ak\u00fcl\u00fc S\u00fcp\u00fcrme Arac\u0131"},"content":{"rendered":"<p><strong class=\"red-title\" style=\"font-size: 16px;\">A\u00e7\u0131klama:<\/strong> <span><\/p>\n<p><strong>Ak\u00fcl\u00fc S\u00fcp\u00fcrme Arac\u0131<\/strong><\/p>\n<p><strong>40Vmax \u2022 24 lt hazne kapasitesi \u2022 480\/650 mm f\u0131r\u00e7a geni\u015fli\u011fi<\/strong><\/p>\n<p><strong>Y\u00fcksek Performansl\u0131 Ak\u00fcl\u00fc S\u00fcp\u00fcrme Arac\u0131<\/strong><\/p>\n<p>\u0130n\u015faat sahalar\u0131, a\u00e7\u0131k alanlar ve ticari tesisler gibi yo\u011fun kirli ortamlarda kullan\u0131m i\u00e7in tasarlanm\u0131\u015f bu model, 40Vmax XGT Li-Ion ak\u00fc sistemiyle kablosuz \u00e7al\u0131\u015fma imk\u00e2n\u0131 sunar. BL Motor teknolojisi ile donat\u0131lan VS001GZ, y\u00fcksek emi\u015f g\u00fcc\u00fc ve g\u00fc\u00e7l\u00fc f\u0131r\u00e7a sistemi sayesinde \u00e7imento tozu, tala\u015f, k\u00e2\u011f\u0131t at\u0131\u011f\u0131, plastik \u015fi\u015fe gibi farkl\u0131 boyutlardaki at\u0131klar\u0131 kolayca temizler.<\/p>\n<p>Ana f\u0131r\u00e7a geni\u015fli\u011fi 480 mm, yan f\u0131r\u00e7a geni\u015fli\u011fi ise 650 mm olup toplamda geni\u015f bir temizlik alan\u0131 sunar. 24 litrelik hazne kapasitesi ve 15.6 litrelik toz toplama hacmi ile uzun s\u00fcreli kesintisiz temizlik sa\u011flar.<\/p>\n<p><\/span><strong class=\"red-title\" style=\"font-size: 16px;\">Kullan\u0131m Amac\u0131:<\/strong> <span><\/p>\n<p>Bu cihaz kuru d\u00f6k\u00fcnt\u00fcleri toplamak amac\u0131yla kullan\u0131l\u0131r. Cihaz;oteller,okullar, hastaneler,fabrikalar,d\u00fckkanlar, ofisler ve kiralama hizmetleri gibi ticari kullan\u0131mlar i\u00e7in uygundur.<\/p>\n<p><\/span><strong class=\"red-title\" style=\"font-size: 16px;\">\u00d6zellikler:<\/strong> <span><\/p>\n<p>Ak\u00fcl\u00fc yap\u0131s\u0131 kullan\u0131c\u0131ya kablosuz kullan\u0131m imkan\u0131 sunar ve bu sayede kullan\u0131c\u0131lar geni\u015f alanlarda kablo s\u0131n\u0131rlamalar\u0131 olmadan rahat\u00e7a \u00e7al\u0131\u015fabilirler.<\/p>\n<p>XGT(Next Generation Technology Extreme Power); yenilik\u00e7i tasar\u0131m ve 40 volt ak\u00fclerle zorlu taleplerin kar\u015f\u0131land\u0131\u011f\u0131 in\u015faat,end\u00fcstri,bah\u00e7ecilik ve bir\u00e7ok alanda kullan\u0131labilen \u00fcr\u00fcnlerin kar\u0131\u015f\u0131m\u0131d\u0131r.XGT ak\u00fcleri son derece dayan\u0131kl\u0131 olacak \u015fekilde tasarlanm\u0131\u015f olup ak\u00fcleri su ge\u00e7irmez \u00fc\u00e7 katmanl\u0131 bir yap\u0131ya ve darbelere kar\u015f\u0131 korunakl\u0131 olacak \u015fekilde tasarlanm\u0131\u015ft\u0131r.<\/p>\n<p>BL Motor\/K\u00f6m\u00fcrs\u00fcz Motor mevcuttur. K\u00f6m\u00fcrs\u00fcz motor sayesinde \u00e7al\u0131\u015fma esnas\u0131nda olu\u015fan \u0131s\u0131 enerjisi kaybolmaz ve makinenin g\u00fcc\u00fcne iletilir.<\/p>\n<p>HEPA filtre uyumlu yap\u0131 mevcuttur<\/p>\n<p>XPT(Ekstra Koruma Teknolojisi) sayesinde nemli ve ya\u011fmurlu ortamlarda kullan\u0131labilir. D\u00fc\u015fmeye kar\u015f\u0131 ekstra dayan\u0131kl\u0131d\u0131r.<\/p>\n<ol>\n<li data-list=\"bullet\" class=\"ql-indent-1\"><span class=\"ql-ui\" contenteditable=\"false\"><\/span>Otomatik 2 h\u0131z mevcuttur.<\/li>\n<li data-list=\"bullet\" class=\"ql-indent-1\"><span class=\"ql-ui\" contenteditable=\"false\"><\/span>D\u00f6ner Hortum vard\u0131r.<\/li>\n<li data-list=\"bullet\" class=\"ql-indent-1\"><span class=\"ql-ui\" contenteditable=\"false\"><\/span>Statik Serbest Hortum mevcuttur.<\/li>\n<li data-list=\"bullet\" class=\"ql-indent-1\"><span class=\"ql-ui\" contenteditable=\"false\"><\/span><span style=\"color: black;\">Led \u0131\u015f\u0131\u011f\u0131 vard\u0131r.<\/span><\/li>\n<\/ol>\n<p><\/span><strong class=\"red-title\" style=\"font-size: 16px;\">Paket \u0130\u00e7eri\u011fi:<\/strong> <span><\/p>\n<p><strong style=\"color: rgb(238, 0, 0);\">Ak\u00fc ve \u015farj cihaz\u0131 dahil de\u011fildir.<\/strong><\/p>\n<p><span style=\"color: rgb(238, 0, 0);\"> <\/span><strong style=\"color: rgb(238, 0, 0);\">Kontroll\u00fc \u00e7al\u0131\u015fma sistemi.<\/strong><\/p>\n<p><\/p>\n<\/p>\n<p><\/span><\/p>\n<div class=\"product-logos\">\n<div class=\"product-logos-item\">\n<div class=\"product-logos-item-image\">\n<p>            <a href=\"https:\/\/www.makita.com.tr\/makita\/teknolojileri\/xgt\" target=\"_blank\"><br \/>\n                <img decoding=\"async\" src=\"https:\/\/fi.makitamedia.com\/images\/3_Makita\/305_logos\/3052_jpg\/XGT.jpg\" alt=\"XGT\" style=\"width: 80px; height: 50px; margin-right: 25px;\"><br \/>\n            <\/a><\/p>\n<p>            <a href=\"https:\/\/www.makita.com.tr\/makita\/teknolojileri\/bl\" target=\"_blank\"><br \/>\n                <img decoding=\"async\" src=\"https:\/\/fi.makitamedia.com\/images\/3_Makita\/305_logos\/3052_jpg\/Brushless%20Motor.jpg\" alt=\"Brushless Motor Technology\" style=\"width: 80px; height: 50px; margin-right: 25px;\"><br \/>\n            <\/a><\/p><\/div><\/div><\/div>\n<table>\n<tr>\n<td>Kapasite<\/td>\n<td>Toz Haznesi Kapasitesi: 24 L<\/td>\n<\/tr>\n<tr>\n<td>Hacim<\/td>\n<td>Toz Toplama Hacmi: 15.6 L<\/td>\n<\/tr>\n<tr>\n<td>Geni\u015flik<\/td>\n<td>Temizleme Geni\u015fli\u011fi: Ana F\u0131r\u00e7a: 480 mm Yan F\u0131r\u00e7a: 650 mm<\/td>\n<\/tr>\n<tr>\n<td>Net A\u011f\u0131rl\u0131k<\/td>\n<td>29.9 kg<\/td>\n<\/tr>\n<tr>\n<td>S\u00fcrekli Kullan\u0131m<\/td>\n<td>Sessiz: 290,480 dk Standart: 120,200 dk<\/td>\n<\/tr>\n<\/table>\n","protected":false},"excerpt":{"rendered":"<p><strong class=\"red-title\" style=\"font-size: 16px;\">A\u00e7\u0131klama:<\/strong> <span><\/p>\n<p><strong>Ak\u00fcl\u00fc S\u00fcp\u00fcrme Arac\u0131<\/strong><\/p>\n<p><strong>40Vmax \u2022 24 lt hazne kapasitesi \u2022 480\/650 mm f\u0131r\u00e7a geni\u015fli\u011fi<\/strong><\/p>\n<p><strong>Y\u00fcksek Performansl\u0131 Ak\u00fcl\u00fc S\u00fcp\u00fcrme Arac\u0131<\/strong><\/p>\n<p>\u0130n\u015faat sahalar\u0131, a\u00e7\u0131k alanlar ve ticari tesisler gibi yo\u011fun kirli ortamlarda kullan\u0131m i\u00e7in tasarlanm\u0131\u015f bu model, 40Vmax XGT Li-Ion ak\u00fc sistemiyle kablosuz \u00e7al\u0131\u015fma imk\u00e2n\u0131 sunar. BL Motor teknolojisi ile donat\u0131lan VS001GZ, y\u00fcksek emi\u015f g\u00fcc\u00fc ve g\u00fc\u00e7l\u00fc f\u0131r\u00e7a sistemi sayesinde \u00e7imento tozu, tala\u015f, k\u00e2\u011f\u0131t at\u0131\u011f\u0131, plastik \u015fi\u015fe gibi farkl\u0131 boyutlardaki at\u0131klar\u0131 kolayca temizler.<\/p>\n<p>Ana f\u0131r\u00e7a geni\u015fli\u011fi 480 mm, yan f\u0131r\u00e7a geni\u015fli\u011fi ise 650 mm olup toplamda geni\u015f bir temizlik alan\u0131 sunar. 24 litrelik hazne kapasitesi ve 15.6 litrelik toz toplama hacmi ile uzun s\u00fcreli kesintisiz temizlik sa\u011flar.<\/p>\n<p><\/span><strong class=\"red-title\" style=\"font-size: 16px;\">Kullan\u0131m Amac\u0131:<\/strong> <span><\/p>\n<p>Bu cihaz kuru d\u00f6k\u00fcnt\u00fcleri toplamak amac\u0131yla kullan\u0131l\u0131r. Cihaz;oteller,okullar, hastaneler,fabrikalar,d\u00fckkanlar, ofisler ve kiralama hizmetleri gibi ticari kullan\u0131mlar i\u00e7in uygundur.<\/p>\n<p><\/span><strong class=\"red-title\" style=\"font-size: 16px;\">\u00d6zellikler:<\/strong> <span><\/p>\n<p>Ak\u00fcl\u00fc yap\u0131s\u0131 kullan\u0131c\u0131ya kablosuz kullan\u0131m imkan\u0131 sunar ve bu sayede kullan\u0131c\u0131lar geni\u015f alanlarda kablo s\u0131n\u0131rlamalar\u0131 olmadan rahat\u00e7a \u00e7al\u0131\u015fabilirler.<\/p>\n<p>XGT(Next Generation Technology Extreme Power); yenilik\u00e7i tasar\u0131m ve 40 volt ak\u00fclerle zorlu taleplerin kar\u015f\u0131land\u0131\u011f\u0131 in\u015faat,end\u00fcstri,bah\u00e7ecilik ve bir\u00e7ok alanda kullan\u0131labilen \u00fcr\u00fcnlerin kar\u0131\u015f\u0131m\u0131d\u0131r.XGT ak\u00fcleri son derece dayan\u0131kl\u0131 olacak \u015fekilde tasarlanm\u0131\u015f olup ak\u00fcleri su ge\u00e7irmez \u00fc\u00e7 katmanl\u0131 bir yap\u0131ya ve darbelere kar\u015f\u0131 korunakl\u0131 olacak \u015fekilde tasarlanm\u0131\u015ft\u0131r.<\/p>\n<p>BL Motor\/K\u00f6m\u00fcrs\u00fcz Motor mevcuttur. K\u00f6m\u00fcrs\u00fcz motor sayesinde \u00e7al\u0131\u015fma esnas\u0131nda olu\u015fan \u0131s\u0131 enerjisi kaybolmaz ve makinenin g\u00fcc\u00fcne iletilir.<\/p>\n<p>HEPA filtre uyumlu yap\u0131 mevcuttur<\/p>\n<p>XPT(Ekstra Koruma Teknolojisi) sayesinde nemli ve ya\u011fmurlu ortamlarda kullan\u0131labilir. D\u00fc\u015fmeye kar\u015f\u0131 ekstra dayan\u0131kl\u0131d\u0131r.<\/p>\n<ol>\n<li data-list=\"bullet\" class=\"ql-indent-1\"><span class=\"ql-ui\" contenteditable=\"false\"><\/span>Otomatik 2 h\u0131z mevcuttur.<\/li>\n<li data-list=\"bullet\" class=\"ql-indent-1\"><span class=\"ql-ui\" contenteditable=\"false\"><\/span>D\u00f6ner Hortum vard\u0131r.<\/li>\n<li data-list=\"bullet\" class=\"ql-indent-1\"><span class=\"ql-ui\" contenteditable=\"false\"><\/span>Statik Serbest Hortum mevcuttur.<\/li>\n<li data-list=\"bullet\" class=\"ql-indent-1\"><span class=\"ql-ui\" contenteditable=\"false\"><\/span><span style=\"color: black;\">Led \u0131\u015f\u0131\u011f\u0131 vard\u0131r.<\/span><\/li>\n<\/ol>\n<p><\/span><strong class=\"red-title\" style=\"font-size: 16px;\">Paket \u0130\u00e7eri\u011fi:<\/strong> <span><\/p>\n<p><strong style=\"color: rgb(238, 0, 0);\">Ak\u00fc ve \u015farj cihaz\u0131 dahil de\u011fildir.<\/strong><\/p>\n<p><span style=\"color: rgb(238, 0, 0);\"> <\/span><strong style=\"color: rgb(238, 0, 0);\">Kontroll\u00fc \u00e7al\u0131\u015fma sistemi.<\/strong><\/p>\n<p><\/p>\n<\/p>\n<p><\/span><\/p>\n<div class=\"product-logos\">\n<div class=\"product-logos-item\">\n<div class=\"product-logos-item-image\">\n<p>            <a href=\"https:\/\/www.makita.com.tr\/makita\/teknolojileri\/xgt\" target=\"_blank\"><br \/>\n                <img decoding=\"async\" src=\"https:\/\/fi.makitamedia.com\/images\/3_Makita\/305_logos\/3052_jpg\/XGT.jpg\" alt=\"XGT\" style=\"width: 80px; height: 50px; margin-right: 25px;\"><br \/>\n            <\/a><\/p>\n<p>            <a href=\"https:\/\/www.makita.com.tr\/makita\/teknolojileri\/bl\" target=\"_blank\"><br \/>\n                <img decoding=\"async\" src=\"https:\/\/fi.makitamedia.com\/images\/3_Makita\/305_logos\/3052_jpg\/Brushless%20Motor.jpg\" alt=\"Brushless Motor Technology\" style=\"width: 80px; height: 50px; margin-right: 25px;\"><br \/>\n            <\/a><\/p><\/div>\n<\/p><\/div>\n<\/p><\/div>\n","protected":false},"featured_media":0,"comment_status":"open","ping_status":"closed","template":"","meta":{"_acf_changed":false},"product_brand":[1485],"product_cat":[1565],"product_tag":[],"class_list":{"0":"post-25725","1":"product","2":"type-product","3":"status-publish","5":"product_brand-makita","6":"product_cat-yok-yok","8":"first","9":"instock","10":"taxable","11":"shipping-taxable","12":"purchasable","13":"product-type-simple","14":"add-to-wishlist-after_add_to_cart"},"acf":[],"_links":{"self":[{"href":"https:\/\/www.makitamarket.com.tr\/site\/wp-json\/wp\/v2\/product\/25725","targetHints":{"allow":["GET"]}}],"collection":[{"href":"https:\/\/www.makitamarket.com.tr\/site\/wp-json\/wp\/v2\/product"}],"about":[{"href":"https:\/\/www.makitamarket.com.tr\/site\/wp-json\/wp\/v2\/types\/product"}],"replies":[{"embeddable":true,"href":"https:\/\/www.makitamarket.com.tr\/site\/wp-json\/wp\/v2\/comments?post=25725"}],"wp:attachment":[{"href":"https:\/\/www.makitamarket.com.tr\/site\/wp-json\/wp\/v2\/media?parent=25725"}],"wp:term":[{"taxonomy":"product_brand","embeddable":true,"href":"https:\/\/www.makitamarket.com.tr\/site\/wp-json\/wp\/v2\/product_brand?post=25725"},{"taxonomy":"product_cat","embeddable":true,"href":"https:\/\/www.makitamarket.com.tr\/site\/wp-json\/wp\/v2\/product_cat?post=25725"},{"taxonomy":"product_tag","embeddable":true,"href":"https:\/\/www.makitamarket.com.tr\/site\/wp-json\/wp\/v2\/product_tag?post=25725"}],"curies":[{"name":"wp","href":"https:\/\/api.w.org\/{rel}","templated":true}]}}