{"id":25743,"date":"2025-12-01T07:20:26","date_gmt":"2025-12-01T04:20:26","guid":{"rendered":"https:\/\/www.makitamarket.com.tr\/site\/urun\/makita-dtm50z-cok-amacli-alet-18v\/"},"modified":"2026-04-13T23:57:51","modified_gmt":"2026-04-13T20:57:51","slug":"makita-dtm50z-cok-amacli-alet-18v","status":"publish","type":"product","link":"https:\/\/www.makitamarket.com.tr\/site\/urun\/makita-dtm50z-cok-amacli-alet-18v\/","title":{"rendered":"Makita DTM50Z \u00c7OK AMA\u00c7LI ALET 18V"},"content":{"rendered":"<p><strong class=\"red-title\" style=\"font-size: 16px;\">A\u00e7\u0131klama:<\/strong> <span><\/p>\n<p>Model DTM50Z<\/p>\n<p>\u00c7ok Ama\u00e7l\u0131 Alet<\/p>\n<p><span style=\"color: rgb(0, 112, 192);\">Kesme, parlatma, har\u00e7 \u00e7\u0131karma ve di\u011fer uygulamalar i\u00e7in \u00e7ok ama\u00e7l\u0131 alet<\/span><\/p>\n<p>\u0130n\u015faat ve yenileme projelerinde \u00e7e\u015fitli kesme ve cilalama uygulamalar\u0131 i\u00e7in kullan\u0131\u015fl\u0131 bir 18V LXT\u00ae \u00e7ok i\u015flevli alet. Sal\u0131n\u0131m h\u0131z\u0131 6.000 ile 20.000 dak-1 aras\u0131nda ayarlanabilir.<\/p>\n<p><span style=\"color: red;\">Kullan\u0131m amac\u0131: <\/span>Bu alet tahta, plastik, al\u00e7\u0131, i\u00e7inde demir olmayan metaller ve ba\u011flant\u0131 elemanlar\u0131n\u0131 (\u00f6rn. Sertle\u015ftirilmemi\u015f \u00e7ivi ve z\u0131mbalar) testerelemek ve kesmek i\u00e7in tasarlanm\u0131\u015ft\u0131r. Ayr\u0131ca yumu\u015fak duvar seramikleri ile \u00e7al\u0131\u015fmak ve k\u00fc\u00e7\u00fck y\u00fczeylerin kuru z\u0131mparalanmas\u0131 ve raspalanmas\u0131 i\u015flerinde kullan\u0131lmak i\u00e7in de kullan\u0131l\u0131r. \u00d6zellikle kenarlara yak\u0131n \u00e7al\u0131\u015f\u0131rken ve flush-kesimler i\u00e7in uygundur.<\/p>\n<p><u>\u00d6zellikleri:<\/u><\/p>\n<p>18V<\/p>\n<p>Ak\u00fcl\u00fc yap\u0131s\u0131 kullan\u0131c\u0131ya kablosuz kullan\u0131m imkan\u0131 sunar ve bu sayede kullan\u0131c\u0131lar geni\u015f alanlarda kablo s\u0131n\u0131rlamalar\u0131 olmadan rahat\u00e7a \u00e7al\u0131\u015fabilirler.<\/p>\n<ol>\n<li data-list=\"ordered\"><span class=\"ql-ui\" contenteditable=\"false\"><\/span>De\u011fi\u015fken h\u0131z \u00f6zelli\u011fi vard\u0131r.<\/li>\n<li data-list=\"ordered\"><span class=\"ql-ui\" contenteditable=\"false\"><\/span>Yumu\u015fak ba\u015flama \u00f6zelli\u011fi mevcuttur<\/li>\n<li data-list=\"ordered\"><span class=\"ql-ui\" contenteditable=\"false\"><\/span>Toz emme \u00fcnitesi mevcuttur.<\/li>\n<li data-list=\"ordered\"><span class=\"ql-ui\" contenteditable=\"false\"><\/span><span style=\"color: rgb(33, 37, 41);\">Led \u0131\u015f\u0131\u011f\u0131 vard\u0131r.<\/span><\/li>\n<\/ol>\n<p>Dakikada sal\u0131n\u0131m:6000-20000<\/p>\n<p>Net a\u011f\u0131rl\u0131k:1.8kg<\/p>\n<p>G\u00fc\u00e7 kapasite:18V\/Li-ion<\/p>\n<p>Koli i\u00e7i adedi:1<\/p>\n<p><span style=\"color: red;\">Ambalaj i\u00e7eri\u011finde ak\u00fc ve ak\u00fc \u015farj cihaz\u0131 bulunmamaktad\u0131r.<\/span><\/p>\n<p><\/span><strong class=\"red-title\" style=\"font-size: 16px;\">Kullan\u0131m Amac\u0131:<\/strong> <span><\/p>\n<p><\/p>\n<p><\/span><strong class=\"red-title\" style=\"font-size: 16px;\">\u00d6zellikler:<\/strong> <span><\/p>\n<p><\/p>\n<p><\/span><strong class=\"red-title\" style=\"font-size: 16px;\">Paket \u0130\u00e7eri\u011fi:<\/strong> <span><\/p>\n<p><\/p>\n<p><\/span><\/p>\n<table>\n<tr>\n<td>Dakikada Sal\u0131n\u0131m<\/td>\n<td>6000-20000<\/td>\n<\/tr>\n<tr>\n<td>Net A\u011f\u0131rl\u0131k (kg)<\/td>\n<td>1.8<\/td>\n<\/tr>\n<tr>\n<td>G\u00fc\u00e7-Kapasite<\/td>\n<td>18V\/Li-ion<\/td>\n<\/tr>\n<tr>\n<td>Koli \u0130\u00e7i Adedi<\/td>\n<td>1<\/td>\n<\/tr>\n<\/table>\n","protected":false},"excerpt":{"rendered":"<p><strong class=\"red-title\" style=\"font-size: 16px;\">A\u00e7\u0131klama:<\/strong> <span><\/p>\n<p>Model DTM50Z<\/p>\n<p>\u00c7ok Ama\u00e7l\u0131 Alet<\/p>\n<p><span style=\"color: rgb(0, 112, 192);\">Kesme, parlatma, har\u00e7 \u00e7\u0131karma ve di\u011fer uygulamalar i\u00e7in \u00e7ok ama\u00e7l\u0131 alet<\/span><\/p>\n<p>\u0130n\u015faat ve yenileme projelerinde \u00e7e\u015fitli kesme ve cilalama uygulamalar\u0131 i\u00e7in kullan\u0131\u015fl\u0131 bir 18V LXT\u00ae \u00e7ok i\u015flevli alet. Sal\u0131n\u0131m h\u0131z\u0131 6.000 ile 20.000 dak-1 aras\u0131nda ayarlanabilir.<\/p>\n<p><span style=\"color: red;\">Kullan\u0131m amac\u0131: <\/span>Bu alet tahta, plastik, al\u00e7\u0131, i\u00e7inde demir olmayan metaller ve ba\u011flant\u0131 elemanlar\u0131n\u0131 (\u00f6rn. Sertle\u015ftirilmemi\u015f \u00e7ivi ve z\u0131mbalar) testerelemek ve kesmek i\u00e7in tasarlanm\u0131\u015ft\u0131r. Ayr\u0131ca yumu\u015fak duvar seramikleri ile \u00e7al\u0131\u015fmak ve k\u00fc\u00e7\u00fck y\u00fczeylerin kuru z\u0131mparalanmas\u0131 ve raspalanmas\u0131 i\u015flerinde kullan\u0131lmak i\u00e7in de kullan\u0131l\u0131r. \u00d6zellikle kenarlara yak\u0131n \u00e7al\u0131\u015f\u0131rken ve flush-kesimler i\u00e7in uygundur.<\/p>\n<p><u>\u00d6zellikleri:<\/u><\/p>\n<p>18V<\/p>\n<p>Ak\u00fcl\u00fc yap\u0131s\u0131 kullan\u0131c\u0131ya kablosuz kullan\u0131m imkan\u0131 sunar ve bu sayede kullan\u0131c\u0131lar geni\u015f alanlarda kablo s\u0131n\u0131rlamalar\u0131 olmadan rahat\u00e7a \u00e7al\u0131\u015fabilirler.<\/p>\n<ol>\n<li data-list=\"ordered\"><span class=\"ql-ui\" contenteditable=\"false\"><\/span>De\u011fi\u015fken h\u0131z \u00f6zelli\u011fi vard\u0131r.<\/li>\n<li data-list=\"ordered\"><span class=\"ql-ui\" contenteditable=\"false\"><\/span>Yumu\u015fak ba\u015flama \u00f6zelli\u011fi mevcuttur<\/li>\n<li data-list=\"ordered\"><span class=\"ql-ui\" contenteditable=\"false\"><\/span>Toz emme \u00fcnitesi mevcuttur.<\/li>\n<li data-list=\"ordered\"><span class=\"ql-ui\" contenteditable=\"false\"><\/span><span style=\"color: rgb(33, 37, 41);\">Led \u0131\u015f\u0131\u011f\u0131 vard\u0131r.<\/span><\/li>\n<\/ol>\n<p>Dakikada sal\u0131n\u0131m:6000-20000<\/p>\n<p>Net a\u011f\u0131rl\u0131k:1.8kg<\/p>\n<p>G\u00fc\u00e7 kapasite:18V\/Li-ion<\/p>\n<p>Koli i\u00e7i adedi:1<\/p>\n<p><span style=\"color: red;\">Ambalaj i\u00e7eri\u011finde ak\u00fc ve ak\u00fc \u015farj cihaz\u0131 bulunmamaktad\u0131r.<\/span><\/p>\n<p><\/span><strong class=\"red-title\" style=\"font-size: 16px;\">Kullan\u0131m Amac\u0131:<\/strong> <span><\/p>\n<p><\/p>\n<p><\/span><strong class=\"red-title\" style=\"font-size: 16px;\">\u00d6zellikler:<\/strong> <span><\/p>\n<p><\/p>\n<p><\/span><strong class=\"red-title\" style=\"font-size: 16px;\">Paket \u0130\u00e7eri\u011fi:<\/strong> <span><\/p>\n<p><\/p>\n<p><\/span><\/p>\n","protected":false},"featured_media":0,"comment_status":"open","ping_status":"closed","template":"","meta":{"_acf_changed":false},"product_brand":[1485],"product_cat":[1565],"product_tag":[],"class_list":{"0":"post-25743","1":"product","2":"type-product","3":"status-publish","5":"product_brand-makita","6":"product_cat-yok-yok","8":"first","9":"outofstock","10":"taxable","11":"shipping-taxable","12":"purchasable","13":"product-type-simple","14":"add-to-wishlist-after_add_to_cart"},"acf":[],"_links":{"self":[{"href":"https:\/\/www.makitamarket.com.tr\/site\/wp-json\/wp\/v2\/product\/25743","targetHints":{"allow":["GET"]}}],"collection":[{"href":"https:\/\/www.makitamarket.com.tr\/site\/wp-json\/wp\/v2\/product"}],"about":[{"href":"https:\/\/www.makitamarket.com.tr\/site\/wp-json\/wp\/v2\/types\/product"}],"replies":[{"embeddable":true,"href":"https:\/\/www.makitamarket.com.tr\/site\/wp-json\/wp\/v2\/comments?post=25743"}],"wp:attachment":[{"href":"https:\/\/www.makitamarket.com.tr\/site\/wp-json\/wp\/v2\/media?parent=25743"}],"wp:term":[{"taxonomy":"product_brand","embeddable":true,"href":"https:\/\/www.makitamarket.com.tr\/site\/wp-json\/wp\/v2\/product_brand?post=25743"},{"taxonomy":"product_cat","embeddable":true,"href":"https:\/\/www.makitamarket.com.tr\/site\/wp-json\/wp\/v2\/product_cat?post=25743"},{"taxonomy":"product_tag","embeddable":true,"href":"https:\/\/www.makitamarket.com.tr\/site\/wp-json\/wp\/v2\/product_tag?post=25743"}],"curies":[{"name":"wp","href":"https:\/\/api.w.org\/{rel}","templated":true}]}}