{"id":25752,"date":"2025-12-01T07:21:23","date_gmt":"2025-12-01T04:21:23","guid":{"rendered":"https:\/\/www.makitamarket.com.tr\/site\/urun\/ozco-ts275d-ts275d-yari-otomatik-serit-testere-acili-kesim\/"},"modified":"2026-04-14T00:00:40","modified_gmt":"2026-04-13T21:00:40","slug":"ozco-ts275d-ts275d-yari-otomatik-serit-testere-acili-kesim","status":"publish","type":"product","link":"https:\/\/www.makitamarket.com.tr\/site\/urun\/ozco-ts275d-ts275d-yari-otomatik-serit-testere-acili-kesim\/","title":{"rendered":"Ozco TS275D TS275D Yar\u0131 Otomatik \u015eerit Testere (A\u00e7\u0131l\u0131 Kesim)"},"content":{"rendered":"<p>\u2022 \u0130nvert\u00f6rl\u00fc h\u0131z ayar\u0131\/Vario sistemi ile 20-80 m\/dak aral\u0131\u011f\u0131nda s\u0131n\u0131rs\u0131z kademe<\/p>\n<p>\u2022 Dijital h\u0131z g\u00f6stergesi<\/p>\n<p>\u2022 Mengenede tek kesim \u00e7izgisi<\/p>\n<p>\u2022 Kesme alan\u0131n\u0131 ayd\u0131nlatan LED-I\u015f\u0131k<\/p>\n<p>\u2022 Hidro-mekanik \u015ferit germe ve testere bas\u0131n\u00e7 g\u00f6stergesi<\/p>\n<p>\u2022 Kullan\u0131m kolayl\u0131\u011f\u0131 sa\u011flayan ergonomik kontrol paneli<\/p>\n<p>\u2022 \u00d6zel tasar\u0131m d\u00f6k\u00fcm kasnaklar<\/p>\n<p>\u2022 Besleme h\u0131z\u0131n\u0131 ayarlayan y\u00fcksek kalite hidrolik sistemi<\/p>\n<p>\u2022 Yerli ana motor, g\u00fc\u00e7l\u00fc red\u00fckt\u00f6r<\/p>\n<p>\u2022 Y\u00fcksek kalite so\u011futma pompas\u0131<\/p>\n<p>\u2022 Y\u00fcksek kalite elektrik sistemi<\/p>\n<p>\u2022 Tala\u015f f\u0131r\u00e7as\u0131<\/p>\n<p>\u2022 CE Normlar\u0131na Uygun<\/p>\n<p>\u2022 Made in T\u00fcrkiye<\/p>\n<table>\n<tr>\n<td>Motor G\u00fcc\u00fc<\/td>\n<td>1,5 kW, 380 V<\/td>\n<\/tr>\n<tr>\n<td>Kesim A\u00e7\u0131s\u0131<\/td>\n<td>-45\u00b0 \/ +60\u00b0<\/td>\n<\/tr>\n<tr>\n<td>Kesim A\u00e7\u0131 Ayar\u0131<\/td>\n<td>G\u00f6bekten<\/td>\n<\/tr>\n<tr>\n<td>Kafa \u0130ni\u015f H\u0131z Ayar\u0131\/Besleme<\/td>\n<td>Hidrolik<\/td>\n<\/tr>\n<tr>\n<td>Testere B\u0131\u00e7a\u011f\u0131 \u00d6l\u00e7\u00fcleri<\/td>\n<td>27&#215;0,9&#215;3160 mm<\/td>\n<\/tr>\n<tr>\n<td>Kesme Kapasitesi 0\u00b0<\/td>\n<td>Round: 275mm; Square: 275mm; Rectangle: 350x150mm<\/td>\n<\/tr>\n<tr>\n<td>Kesme Kapasitesi 60\u00b0<\/td>\n<td>Round: 120mm; Square: 120mm; Rectangle:120x140mm<\/td>\n<\/tr>\n<tr>\n<td>H\u0131z<\/td>\n<td>28-100<\/td>\n<\/tr>\n<tr>\n<td>Kademe<\/td>\n<td>\u0130nvert\u00f6rl\u00fc \/ S\u0131n\u0131rs\u0131z<\/td>\n<\/tr>\n<tr>\n<td>Malzeme Besleme Y\u00fcksekli\u011fi<\/td>\n<td>960<\/td>\n<\/tr>\n<tr>\n<td>Mengene A\u00e7\u0131lma Aral\u0131\u011f\u0131<\/td>\n<td>350<\/td>\n<\/tr>\n<tr>\n<td>Mengene Y\u00fcksekli\u011fi<\/td>\n<td>145<\/td>\n<\/tr>\n<tr>\n<td>Hidrolik Motor G\u00fcc\u00fc<\/td>\n<td>0,18<\/td>\n<\/tr>\n<tr>\n<td>Makine \u00d6l\u00e7\u00fcleri<\/td>\n<td>1530x1405x1585 mm<\/td>\n<\/tr>\n<tr>\n<td>A\u011f\u0131rl\u0131k<\/td>\n<td>550<\/td>\n<\/tr>\n<tr>\n<td>So\u011futma Motor G\u00fcc\u00fc<\/td>\n<td>0,12 kW<\/td>\n<\/tr>\n<\/table>\n","protected":false},"excerpt":{"rendered":"<p>\u2022 \u0130nvert\u00f6rl\u00fc h\u0131z ayar\u0131\/Vario sistemi ile 20-80 m\/dak aral\u0131\u011f\u0131nda s\u0131n\u0131rs\u0131z kademe<\/p>\n<p>\u2022 Dijital h\u0131z g\u00f6stergesi<\/p>\n<p>\u2022 Mengenede tek kesim \u00e7izgisi<\/p>\n<p>\u2022 Kesme alan\u0131n\u0131 ayd\u0131nlatan LED-I\u015f\u0131k<\/p>\n<p>\u2022 Hidro-mekanik \u015ferit germe ve testere bas\u0131n\u00e7 g\u00f6stergesi<\/p>\n<p>\u2022 Kullan\u0131m kolayl\u0131\u011f\u0131 sa\u011flayan ergonomik kontrol paneli<\/p>\n<p>\u2022 \u00d6zel tasar\u0131m d\u00f6k\u00fcm kasnaklar<\/p>\n<p>\u2022 Besleme h\u0131z\u0131n\u0131 ayarlayan y\u00fcksek kalite hidrolik sistemi<\/p>\n<p>\u2022 Yerli ana motor, g\u00fc\u00e7l\u00fc red\u00fckt\u00f6r<\/p>\n<p>\u2022 Y\u00fcksek kalite so\u011futma pompas\u0131<\/p>\n<p>\u2022 Y\u00fcksek kalite elektrik sistemi<\/p>\n<p>\u2022 Tala\u015f f\u0131r\u00e7as\u0131<\/p>\n<p>\u2022 CE Normlar\u0131na Uygun<\/p>\n<p>\u2022 Made in T\u00fcrkiye<\/p>\n","protected":false},"featured_media":0,"comment_status":"open","ping_status":"closed","template":"","meta":{"_acf_changed":false},"product_brand":[1532],"product_cat":[1565],"product_tag":[],"class_list":{"0":"post-25752","1":"product","2":"type-product","3":"status-publish","5":"product_brand-ozco","6":"product_cat-yok-yok","8":"first","9":"instock","10":"taxable","11":"shipping-taxable","12":"purchasable","13":"product-type-simple","14":"add-to-wishlist-after_add_to_cart"},"acf":[],"_links":{"self":[{"href":"https:\/\/www.makitamarket.com.tr\/site\/wp-json\/wp\/v2\/product\/25752","targetHints":{"allow":["GET"]}}],"collection":[{"href":"https:\/\/www.makitamarket.com.tr\/site\/wp-json\/wp\/v2\/product"}],"about":[{"href":"https:\/\/www.makitamarket.com.tr\/site\/wp-json\/wp\/v2\/types\/product"}],"replies":[{"embeddable":true,"href":"https:\/\/www.makitamarket.com.tr\/site\/wp-json\/wp\/v2\/comments?post=25752"}],"wp:attachment":[{"href":"https:\/\/www.makitamarket.com.tr\/site\/wp-json\/wp\/v2\/media?parent=25752"}],"wp:term":[{"taxonomy":"product_brand","embeddable":true,"href":"https:\/\/www.makitamarket.com.tr\/site\/wp-json\/wp\/v2\/product_brand?post=25752"},{"taxonomy":"product_cat","embeddable":true,"href":"https:\/\/www.makitamarket.com.tr\/site\/wp-json\/wp\/v2\/product_cat?post=25752"},{"taxonomy":"product_tag","embeddable":true,"href":"https:\/\/www.makitamarket.com.tr\/site\/wp-json\/wp\/v2\/product_tag?post=25752"}],"curies":[{"name":"wp","href":"https:\/\/api.w.org\/{rel}","templated":true}]}}