{"id":25802,"date":"2025-12-24T23:54:27","date_gmt":"2025-12-24T20:54:27","guid":{"rendered":"https:\/\/www.makitamarket.com.tr\/site\/urun\/knipex-162016sb-knipex-162016sb-kablo-dis-kilifi-soyma\/"},"modified":"2026-04-06T18:02:44","modified_gmt":"2026-04-06T15:02:44","slug":"knipex-162016sb-knipex-162016sb-kablo-dis-kilifi-soyma","status":"publish","type":"product","link":"https:\/\/www.makitamarket.com.tr\/site\/urun\/knipex-162016sb-knipex-162016sb-kablo-dis-kilifi-soyma\/","title":{"rendered":"Knipex 162016SB KNIPEX 162016SB KABLO DIS KILIFI SOYMA"},"content":{"rendered":"<p><strong>16 20 16 SB Kablo D\u0131\u015f K\u0131l\u0131f\u0131 Soyma Aletleri<\/strong><\/p>\n<p>Piyasada kullan\u0131lan t\u00fcm yuvarlak kablolar\u0131n d\u0131\u015f k\u0131l\u0131f\u0131n\u0131 soymak i\u00e7in. Kendinden germeli tutma mandal\u0131. Ayarlama vidas\u0131 ile kesim derinli\u011finin ayarlanmas\u0131. \u00c7evresel ve uzunlamas\u0131na kesim i\u00e7in kendili\u011finden d\u00f6nen b\u0131\u00e7ak. Alet g\u00f6vdesi i\u00e7inde yedek b\u0131\u00e7ak. Sapta ve tutma mandal\u0131nda kaymay\u0131 \u00f6nleyici olarak yerle\u015ftirilmi\u015f yumu\u015fak komponentli malzeme sayesinde g\u00fcvenlik. <\/p>\n<p><strong>Kablo s\u0131y\u0131rma de\u011ferleri (\u00e7ap): <\/strong>\u00d8 4,0 \u2014 16,0 mm<\/p>\n<table><\/table>\n","protected":false},"excerpt":{"rendered":"<p><strong>16 20 16 SB Kablo D\u0131\u015f K\u0131l\u0131f\u0131 Soyma Aletleri<\/strong><\/p>\n<p>Piyasada kullan\u0131lan t\u00fcm yuvarlak kablolar\u0131n d\u0131\u015f k\u0131l\u0131f\u0131n\u0131 soymak i\u00e7in. Kendinden germeli tutma mandal\u0131. Ayarlama vidas\u0131 ile kesim derinli\u011finin ayarlanmas\u0131. \u00c7evresel ve uzunlamas\u0131na kesim i\u00e7in kendili\u011finden d\u00f6nen b\u0131\u00e7ak. Alet g\u00f6vdesi i\u00e7inde yedek b\u0131\u00e7ak. Sapta ve tutma mandal\u0131nda kaymay\u0131 \u00f6nleyici olarak yerle\u015ftirilmi\u015f yumu\u015fak komponentli malzeme sayesinde g\u00fcvenlik. <\/p>\n<p><strong>Kablo s\u0131y\u0131rma de\u011ferleri (\u00e7ap): <\/strong>\u00d8 4,0 \u2014 16,0 mm<\/p>\n","protected":false},"featured_media":0,"comment_status":"open","ping_status":"closed","template":"","meta":{"_acf_changed":false},"product_brand":[1486],"product_cat":[1565],"product_tag":[],"class_list":{"0":"post-25802","1":"product","2":"type-product","3":"status-publish","5":"product_brand-knipex","6":"product_cat-yok-yok","8":"first","9":"instock","10":"taxable","11":"shipping-taxable","12":"purchasable","13":"product-type-simple","14":"add-to-wishlist-after_add_to_cart"},"acf":[],"_links":{"self":[{"href":"https:\/\/www.makitamarket.com.tr\/site\/wp-json\/wp\/v2\/product\/25802","targetHints":{"allow":["GET"]}}],"collection":[{"href":"https:\/\/www.makitamarket.com.tr\/site\/wp-json\/wp\/v2\/product"}],"about":[{"href":"https:\/\/www.makitamarket.com.tr\/site\/wp-json\/wp\/v2\/types\/product"}],"replies":[{"embeddable":true,"href":"https:\/\/www.makitamarket.com.tr\/site\/wp-json\/wp\/v2\/comments?post=25802"}],"wp:attachment":[{"href":"https:\/\/www.makitamarket.com.tr\/site\/wp-json\/wp\/v2\/media?parent=25802"}],"wp:term":[{"taxonomy":"product_brand","embeddable":true,"href":"https:\/\/www.makitamarket.com.tr\/site\/wp-json\/wp\/v2\/product_brand?post=25802"},{"taxonomy":"product_cat","embeddable":true,"href":"https:\/\/www.makitamarket.com.tr\/site\/wp-json\/wp\/v2\/product_cat?post=25802"},{"taxonomy":"product_tag","embeddable":true,"href":"https:\/\/www.makitamarket.com.tr\/site\/wp-json\/wp\/v2\/product_tag?post=25802"}],"curies":[{"name":"wp","href":"https:\/\/api.w.org\/{rel}","templated":true}]}}