{"id":25865,"date":"2025-12-25T00:05:50","date_gmt":"2025-12-24T21:05:50","guid":{"rendered":"https:\/\/www.makitamarket.com.tr\/site\/urun\/factor-fackdk10000ce3-9-4-kva-dizel-jenerator-trifaze\/"},"modified":"2026-04-13T23:40:34","modified_gmt":"2026-04-13T20:40:34","slug":"factor-fackdk10000ce3-9-4-kva-dizel-jenerator-trifaze","status":"publish","type":"product","link":"https:\/\/www.makitamarket.com.tr\/site\/urun\/factor-fackdk10000ce3-9-4-kva-dizel-jenerator-trifaze\/","title":{"rendered":"Factor FACKDK10000CE3 9.4 KVA D\u0130ZEL JENERAT\u00d6R TR\u0130FAZE"},"content":{"rendered":"<p>9.4 KVA D\u0130ZEL JENERAT\u00d6R TR\u0130FAZE<\/p>\n<table><\/table>\n","protected":false},"excerpt":{"rendered":"<p>9.4 KVA D\u0130ZEL JENERAT\u00d6R TR\u0130FAZE<\/p>\n","protected":false},"featured_media":0,"comment_status":"open","ping_status":"closed","template":"","meta":{"_acf_changed":false},"product_brand":[1494],"product_cat":[1565],"product_tag":[],"class_list":{"0":"post-25865","1":"product","2":"type-product","3":"status-publish","5":"product_brand-factor","6":"product_cat-yok-yok","8":"first","9":"outofstock","10":"taxable","11":"shipping-taxable","12":"purchasable","13":"product-type-simple","14":"add-to-wishlist-after_add_to_cart"},"acf":[],"_links":{"self":[{"href":"https:\/\/www.makitamarket.com.tr\/site\/wp-json\/wp\/v2\/product\/25865","targetHints":{"allow":["GET"]}}],"collection":[{"href":"https:\/\/www.makitamarket.com.tr\/site\/wp-json\/wp\/v2\/product"}],"about":[{"href":"https:\/\/www.makitamarket.com.tr\/site\/wp-json\/wp\/v2\/types\/product"}],"replies":[{"embeddable":true,"href":"https:\/\/www.makitamarket.com.tr\/site\/wp-json\/wp\/v2\/comments?post=25865"}],"wp:attachment":[{"href":"https:\/\/www.makitamarket.com.tr\/site\/wp-json\/wp\/v2\/media?parent=25865"}],"wp:term":[{"taxonomy":"product_brand","embeddable":true,"href":"https:\/\/www.makitamarket.com.tr\/site\/wp-json\/wp\/v2\/product_brand?post=25865"},{"taxonomy":"product_cat","embeddable":true,"href":"https:\/\/www.makitamarket.com.tr\/site\/wp-json\/wp\/v2\/product_cat?post=25865"},{"taxonomy":"product_tag","embeddable":true,"href":"https:\/\/www.makitamarket.com.tr\/site\/wp-json\/wp\/v2\/product_tag?post=25865"}],"curies":[{"name":"wp","href":"https:\/\/api.w.org\/{rel}","templated":true}]}}