{"id":25959,"date":"2026-01-15T20:25:25","date_gmt":"2026-01-15T17:25:25","guid":{"rendered":"https:\/\/www.makitamarket.com.tr\/site\/urun\/ozco-dw315p-dw315p-daire-testere\/"},"modified":"2026-03-30T11:44:40","modified_gmt":"2026-03-30T08:44:40","slug":"ozco-dw315p-dw315p-daire-testere","status":"publish","type":"product","link":"https:\/\/www.makitamarket.com.tr\/site\/urun\/ozco-dw315p-dw315p-daire-testere\/","title":{"rendered":"Ozco DW315P DW315P Daire Testere"},"content":{"rendered":"<p>\u2022 Kesim sonras\u0131 testereyi durduran sivi\u00e7 sistemi<\/p>\n<p>\u2022 45\u00b0 a\u00e7\u0131 ayar\u0131<\/p>\n<p>\u2022 Ozco \u00f6zel tasar\u0131m\u0131 g\u00fc\u00e7l\u00fc red\u00fckt\u00f6r sistemi<\/p>\n<p>\u2022 Y\u00fcksek de\u011ferde \u00fcretilmi\u015f \u00f6zel sar\u0131 di\u015fli<\/p>\n<p>\u2022 So\u011futma sistemi<\/p>\n<p>\u2022 Hidrolik besleme sistemi<\/p>\n<p>\u2022 Hareket kolu \u00fczerinde yer alan<\/p>\n<p>ergonomik star\/stop teti\u011fi \u00e7al\u0131\u015ft\u0131rma imk\u00e2n\u0131<\/p>\n<p>\u2022 CE normlar\u0131na uygun<\/p>\n<table>\n<tr>\n<td>Mengene Y\u00fckleme Y\u00fcksekli\u011fi<\/td>\n<td>900 mm<\/td>\n<\/tr>\n<tr>\n<td>H\u0131z<\/td>\n<td>48-97 <\/td>\n<\/tr>\n<tr>\n<td>Motor G\u00fcc\u00fc<\/td>\n<td>1,3-1,8 kW, 380 V<\/td>\n<\/tr>\n<tr>\n<td>Kesim A\u00e7\u0131 Ayar\u0131<\/td>\n<td>G\u00f6bekten<\/td>\n<\/tr>\n<tr>\n<td>Net A\u011f\u0131rl\u0131k<\/td>\n<td>250 <\/td>\n<\/tr>\n<tr>\n<td>Mengene A\u00e7\u0131lma Aral\u0131\u011f\u0131<\/td>\n<td>0-120 mm<\/td>\n<\/tr>\n<tr>\n<td>Kesme Kapasitesi 45\u00b0<\/td>\n<td>Yuvarlak: 90mm; Kare:90mm; Dikd\u00f6rtgen: 90x60mm<\/td>\n<\/tr>\n<tr>\n<td>Makina \u00d6l\u00e7\u00fcleri<\/td>\n<td>975x1110x1660 mm<\/td>\n<\/tr>\n<tr>\n<td>Mengene Y\u00fcksekli\u011fi<\/td>\n<td>62 mm<\/td>\n<\/tr>\n<tr>\n<td>Kesme Kapasitesi 0\u00b0<\/td>\n<td>Yuvarlak: 105mm; Kare:85mm; Dikd\u00f6rtgen: 120x60mm<\/td>\n<\/tr>\n<tr>\n<td>H\u0131z Ayar\u0131\/Besleme<\/td>\n<td>Manuel<\/td>\n<\/tr>\n<tr>\n<td>Kesim A\u00e7\u0131s\u0131<\/td>\n<td>0\u00b0-45\u00b0<\/td>\n<\/tr>\n<tr>\n<td>Testere B\u0131\u00e7a\u011f\u0131 \u00d6l\u00e7\u00fcleri<\/td>\n<td>315&#215;32<\/td>\n<\/tr>\n<tr>\n<td>Mengene S\u0131kma<\/td>\n<td>Pn\u00f6matik<\/td>\n<\/tr>\n<\/table>\n","protected":false},"excerpt":{"rendered":"<p>\u2022 Kesim sonras\u0131 testereyi durduran sivi\u00e7 sistemi<\/p>\n<p>\u2022 45\u00b0 a\u00e7\u0131 ayar\u0131<\/p>\n<p>\u2022 Ozco \u00f6zel tasar\u0131m\u0131 g\u00fc\u00e7l\u00fc red\u00fckt\u00f6r sistemi<\/p>\n<p>\u2022 Y\u00fcksek de\u011ferde \u00fcretilmi\u015f \u00f6zel sar\u0131 di\u015fli<\/p>\n<p>\u2022 So\u011futma sistemi<\/p>\n<p>\u2022 Hidrolik besleme sistemi<\/p>\n<p>\u2022 Hareket kolu \u00fczerinde yer alan<\/p>\n<p>ergonomik star\/stop teti\u011fi \u00e7al\u0131\u015ft\u0131rma imk\u00e2n\u0131<\/p>\n<p>\u2022 CE normlar\u0131na uygun<\/p>\n","protected":false},"featured_media":0,"comment_status":"open","ping_status":"closed","template":"","meta":{"_acf_changed":false},"product_brand":[1532],"product_cat":[1565],"product_tag":[],"class_list":{"0":"post-25959","1":"product","2":"type-product","3":"status-publish","5":"product_brand-ozco","6":"product_cat-yok-yok","8":"first","9":"outofstock","10":"taxable","11":"shipping-taxable","12":"purchasable","13":"product-type-simple","14":"add-to-wishlist-after_add_to_cart"},"acf":[],"_links":{"self":[{"href":"https:\/\/www.makitamarket.com.tr\/site\/wp-json\/wp\/v2\/product\/25959","targetHints":{"allow":["GET"]}}],"collection":[{"href":"https:\/\/www.makitamarket.com.tr\/site\/wp-json\/wp\/v2\/product"}],"about":[{"href":"https:\/\/www.makitamarket.com.tr\/site\/wp-json\/wp\/v2\/types\/product"}],"replies":[{"embeddable":true,"href":"https:\/\/www.makitamarket.com.tr\/site\/wp-json\/wp\/v2\/comments?post=25959"}],"wp:attachment":[{"href":"https:\/\/www.makitamarket.com.tr\/site\/wp-json\/wp\/v2\/media?parent=25959"}],"wp:term":[{"taxonomy":"product_brand","embeddable":true,"href":"https:\/\/www.makitamarket.com.tr\/site\/wp-json\/wp\/v2\/product_brand?post=25959"},{"taxonomy":"product_cat","embeddable":true,"href":"https:\/\/www.makitamarket.com.tr\/site\/wp-json\/wp\/v2\/product_cat?post=25959"},{"taxonomy":"product_tag","embeddable":true,"href":"https:\/\/www.makitamarket.com.tr\/site\/wp-json\/wp\/v2\/product_tag?post=25959"}],"curies":[{"name":"wp","href":"https:\/\/api.w.org\/{rel}","templated":true}]}}