{"id":25995,"date":"2026-01-31T01:31:11","date_gmt":"2026-01-30T22:31:11","guid":{"rendered":"https:\/\/www.makitamarket.com.tr\/site\/urun\/factor-fccg650-fccg650-2-zamnali-yan-tirpan\/"},"modified":"2026-04-13T23:47:36","modified_gmt":"2026-04-13T20:47:36","slug":"factor-fccg650-fccg650-2-zamnali-yan-tirpan","status":"publish","type":"product","link":"https:\/\/www.makitamarket.com.tr\/site\/urun\/factor-fccg650-fccg650-2-zamnali-yan-tirpan\/","title":{"rendered":"Factor FCCG650 FCCG650 2 ZAMNALI YAN TIRPAN"},"content":{"rendered":"<table>\n<tr>\n<td>A\u011f\u0131rl\u0131k<\/td>\n<td>6.5 kg<\/td>\n<\/tr>\n<tr>\n<td>Silindir Hacmi<\/td>\n<td>65cc<\/td>\n<\/tr>\n<tr>\n<td>G\u00fc\u00e7<\/td>\n<td> 2.3kW  3Hp<\/td>\n<\/tr>\n<tr>\n<td>Motor<\/td>\n<td>1E48F<\/td>\n<\/tr>\n<\/table>\n","protected":false},"excerpt":{"rendered":"<p>A\u011f\u0131rl\u0131k 6.5 kg Silindir Hacmi 65cc G\u00fc\u00e7 2.3kW 3Hp Motor 1E48F<\/p>\n","protected":false},"featured_media":0,"comment_status":"open","ping_status":"closed","template":"","meta":{"_acf_changed":false},"product_brand":[1494],"product_cat":[1565],"product_tag":[],"class_list":{"0":"post-25995","1":"product","2":"type-product","3":"status-publish","5":"product_brand-factor","6":"product_cat-yok-yok","8":"first","9":"outofstock","10":"taxable","11":"shipping-taxable","12":"purchasable","13":"product-type-simple","14":"add-to-wishlist-after_add_to_cart"},"acf":[],"_links":{"self":[{"href":"https:\/\/www.makitamarket.com.tr\/site\/wp-json\/wp\/v2\/product\/25995","targetHints":{"allow":["GET"]}}],"collection":[{"href":"https:\/\/www.makitamarket.com.tr\/site\/wp-json\/wp\/v2\/product"}],"about":[{"href":"https:\/\/www.makitamarket.com.tr\/site\/wp-json\/wp\/v2\/types\/product"}],"replies":[{"embeddable":true,"href":"https:\/\/www.makitamarket.com.tr\/site\/wp-json\/wp\/v2\/comments?post=25995"}],"wp:attachment":[{"href":"https:\/\/www.makitamarket.com.tr\/site\/wp-json\/wp\/v2\/media?parent=25995"}],"wp:term":[{"taxonomy":"product_brand","embeddable":true,"href":"https:\/\/www.makitamarket.com.tr\/site\/wp-json\/wp\/v2\/product_brand?post=25995"},{"taxonomy":"product_cat","embeddable":true,"href":"https:\/\/www.makitamarket.com.tr\/site\/wp-json\/wp\/v2\/product_cat?post=25995"},{"taxonomy":"product_tag","embeddable":true,"href":"https:\/\/www.makitamarket.com.tr\/site\/wp-json\/wp\/v2\/product_tag?post=25995"}],"curies":[{"name":"wp","href":"https:\/\/api.w.org\/{rel}","templated":true}]}}