{"id":26061,"date":"2026-02-14T14:14:38","date_gmt":"2026-02-14T11:14:38","guid":{"rendered":"https:\/\/www.makitamarket.com.tr\/site\/urun\/factor-fccs750bl-duvar-zimparalama-makinasi-ledli-750w\/"},"modified":"2026-04-13T23:41:35","modified_gmt":"2026-04-13T20:41:35","slug":"factor-fccs750bl-duvar-zimparalama-makinasi-ledli-750w","status":"publish","type":"product","link":"https:\/\/www.makitamarket.com.tr\/site\/urun\/factor-fccs750bl-duvar-zimparalama-makinasi-ledli-750w\/","title":{"rendered":"Factor FCCS750BL DUVAR ZIMPARALAMA\u00a0 MAK\u0130NASI LEDL\u0130 750W"},"content":{"rendered":"<p>Ped \u00c7ap\u0131 : 210mm<\/p>\n<p>Z\u0131mpara Ka\u011f\u0131d\u0131 \u00c7ap\u0131 : 225mm<\/p>\n<p>Elektrikli s\u00fcp\u00fcrgeye ihtiya\u00e7 duymadan tozu emen Otomatik Vakum Sistemi<\/p>\n<p>0-120 derece ayarlanabilir Esnek Z\u0131mpara Ba\u015fl\u0131\u011f\u0131<\/p>\n<p>Dayan\u0131kl\u0131 Yap\u0131 ve Ergonomik Tasar\u0131m<\/p>\n<p>Katlanabilir; Ta\u015f\u0131mas\u0131 kolay<\/p>\n<p>Uzatma \u00c7ubu\u011fu ile ayarlanabilir (110-180 cm aras\u0131 uzunluk)<\/p>\n<p>De\u011fi\u015fken H\u0131z Kontrol\u00fc<\/p>\n<p>LED I\u015f\u0131k<\/p>\n<p>Ta\u015f\u0131ma \u00c7antas\u0131<\/p>\n<p><\/p>\n<table>\n<tr>\n<td>Br\u00fct A\u011f\u0131rl\u0131k (Kg)<\/td>\n<td>6.9Kg.<\/td>\n<\/tr>\n<tr>\n<td>Ped \u00c7ap\u0131<\/td>\n<td>210mm<\/td>\n<\/tr>\n<tr>\n<td>Bo\u015ftaki Devir H\u0131z\u0131<\/td>\n<td>1000-1850RPM<\/td>\n<\/tr>\n<tr>\n<td>Z\u0131mpara Ka\u011f\u0131d\u0131 Kum No<\/td>\n<td>80\/100\/120\/150\/180\/240 Kum<\/td>\n<\/tr>\n<tr>\n<td>Z\u0131mpara Ka\u011f\u0131d\u0131 \u00c7ap\u0131<\/td>\n<td>225mm<\/td>\n<\/tr>\n<tr>\n<td>Voltaj<\/td>\n<td>230V~50Hz<\/td>\n<\/tr>\n<tr>\n<td>G\u00fc\u00e7<\/td>\n<td>750W<\/td>\n<\/tr>\n<tr>\n<td>Net A\u011f\u0131rl\u0131k   (Kg)<\/td>\n<td>4.5Kg.<\/td>\n<\/tr>\n<tr>\n<td>Uzunluk<\/td>\n<td>110-180cm<\/td>\n<\/tr>\n<\/table>\n","protected":false},"excerpt":{"rendered":"<p>Ped \u00c7ap\u0131 : 210mm<\/p>\n<p>Z\u0131mpara Ka\u011f\u0131d\u0131 \u00c7ap\u0131 : 225mm<\/p>\n<p>Elektrikli s\u00fcp\u00fcrgeye ihtiya\u00e7 duymadan tozu emen Otomatik Vakum Sistemi<\/p>\n<p>0-120 derece ayarlanabilir Esnek Z\u0131mpara Ba\u015fl\u0131\u011f\u0131<\/p>\n<p>Dayan\u0131kl\u0131 Yap\u0131 ve Ergonomik Tasar\u0131m<\/p>\n<p>Katlanabilir; Ta\u015f\u0131mas\u0131 kolay<\/p>\n<p>Uzatma \u00c7ubu\u011fu ile ayarlanabilir (110-180 cm aras\u0131 uzunluk)<\/p>\n<p>De\u011fi\u015fken H\u0131z Kontrol\u00fc<\/p>\n<p>LED I\u015f\u0131k<\/p>\n<p>Ta\u015f\u0131ma \u00c7antas\u0131<\/p>\n<p><\/p>\n","protected":false},"featured_media":0,"comment_status":"open","ping_status":"closed","template":"","meta":{"_acf_changed":false},"product_brand":[1494],"product_cat":[1565],"product_tag":[],"class_list":{"0":"post-26061","1":"product","2":"type-product","3":"status-publish","5":"product_brand-factor","6":"product_cat-yok-yok","8":"first","9":"instock","10":"taxable","11":"shipping-taxable","12":"purchasable","13":"product-type-simple","14":"add-to-wishlist-after_add_to_cart"},"acf":[],"_links":{"self":[{"href":"https:\/\/www.makitamarket.com.tr\/site\/wp-json\/wp\/v2\/product\/26061","targetHints":{"allow":["GET"]}}],"collection":[{"href":"https:\/\/www.makitamarket.com.tr\/site\/wp-json\/wp\/v2\/product"}],"about":[{"href":"https:\/\/www.makitamarket.com.tr\/site\/wp-json\/wp\/v2\/types\/product"}],"replies":[{"embeddable":true,"href":"https:\/\/www.makitamarket.com.tr\/site\/wp-json\/wp\/v2\/comments?post=26061"}],"wp:attachment":[{"href":"https:\/\/www.makitamarket.com.tr\/site\/wp-json\/wp\/v2\/media?parent=26061"}],"wp:term":[{"taxonomy":"product_brand","embeddable":true,"href":"https:\/\/www.makitamarket.com.tr\/site\/wp-json\/wp\/v2\/product_brand?post=26061"},{"taxonomy":"product_cat","embeddable":true,"href":"https:\/\/www.makitamarket.com.tr\/site\/wp-json\/wp\/v2\/product_cat?post=26061"},{"taxonomy":"product_tag","embeddable":true,"href":"https:\/\/www.makitamarket.com.tr\/site\/wp-json\/wp\/v2\/product_tag?post=26061"}],"curies":[{"name":"wp","href":"https:\/\/api.w.org\/{rel}","templated":true}]}}