{"id":26088,"date":"2026-02-14T14:16:09","date_gmt":"2026-02-14T11:16:09","guid":{"rendered":"https:\/\/www.makitamarket.com.tr\/site\/urun\/factor-fcgy35b-filiz-alma-makinasi-akulu\/"},"modified":"2026-04-13T23:42:39","modified_gmt":"2026-04-13T20:42:39","slug":"factor-fcgy35b-filiz-alma-makinasi-akulu","status":"publish","type":"product","link":"https:\/\/www.makitamarket.com.tr\/site\/urun\/factor-fcgy35b-filiz-alma-makinasi-akulu\/","title":{"rendered":"Factor FCGY35B F\u0130L\u0130Z ALMA MAK\u0130NASI AK\u00dcL\u00dc"},"content":{"rendered":"<p>F\u0130L\u0130Z ALMA MAK\u0130NASI AK\u00dcL\u00dc<\/p>\n<table>\n<tr>\n<td>Ak\u00fc<\/td>\n<td>36 V \/ 10 &#8211; 12 Ah<\/td>\n<\/tr>\n<tr>\n<td>Batarya \u015earj Aleti<\/td>\n<td>S\u0131rt Tipi<\/td>\n<\/tr>\n<tr>\n<td>\u00c7al\u0131\u015fma Voltaj\u0131<\/td>\n<td>750 W<\/td>\n<\/tr>\n<tr>\n<td>Sens\u00f6r<\/td>\n<td>El Tutma Tipi<\/td>\n<\/tr>\n<tr>\n<td>Depo Kapasitesi<\/td>\n<td>Toplama Haznesi 1.2 \/ 1.4 kg<\/td>\n<\/tr>\n<tr>\n<td>Maksimum Devir<\/td>\n<td>5000 \/ 6000 rpm<\/td>\n<\/tr>\n<tr>\n<td>\u015earj s\u00fcresi<\/td>\n<td>120 \/ 160 DK<\/td>\n<\/tr>\n<\/table>\n","protected":false},"excerpt":{"rendered":"<p>F\u0130L\u0130Z ALMA MAK\u0130NASI AK\u00dcL\u00dc<\/p>\n","protected":false},"featured_media":0,"comment_status":"open","ping_status":"closed","template":"","meta":{"_acf_changed":false},"product_brand":[1494],"product_cat":[1565],"product_tag":[],"class_list":{"0":"post-26088","1":"product","2":"type-product","3":"status-publish","5":"product_brand-factor","6":"product_cat-yok-yok","8":"first","9":"outofstock","10":"taxable","11":"shipping-taxable","12":"purchasable","13":"product-type-simple","14":"add-to-wishlist-after_add_to_cart"},"acf":[],"_links":{"self":[{"href":"https:\/\/www.makitamarket.com.tr\/site\/wp-json\/wp\/v2\/product\/26088","targetHints":{"allow":["GET"]}}],"collection":[{"href":"https:\/\/www.makitamarket.com.tr\/site\/wp-json\/wp\/v2\/product"}],"about":[{"href":"https:\/\/www.makitamarket.com.tr\/site\/wp-json\/wp\/v2\/types\/product"}],"replies":[{"embeddable":true,"href":"https:\/\/www.makitamarket.com.tr\/site\/wp-json\/wp\/v2\/comments?post=26088"}],"wp:attachment":[{"href":"https:\/\/www.makitamarket.com.tr\/site\/wp-json\/wp\/v2\/media?parent=26088"}],"wp:term":[{"taxonomy":"product_brand","embeddable":true,"href":"https:\/\/www.makitamarket.com.tr\/site\/wp-json\/wp\/v2\/product_brand?post=26088"},{"taxonomy":"product_cat","embeddable":true,"href":"https:\/\/www.makitamarket.com.tr\/site\/wp-json\/wp\/v2\/product_cat?post=26088"},{"taxonomy":"product_tag","embeddable":true,"href":"https:\/\/www.makitamarket.com.tr\/site\/wp-json\/wp\/v2\/product_tag?post=26088"}],"curies":[{"name":"wp","href":"https:\/\/api.w.org\/{rel}","templated":true}]}}